{"id":49827,"date":"2014-08-07T09:30:47","date_gmt":"2014-08-07T13:30:47","guid":{"rendered":"http:\/\/www.eltrabajo.cl\/portal\/wp-content\/uploads\/2014\/08\/Fuego21.jpg"},"modified":"2014-08-07T09:30:47","modified_gmt":"2014-08-07T13:30:47","slug":"fuego2-12","status":"inherit","type":"attachment","link":"https:\/\/eltrabajo.cl\/portal\/bomberos-aun-lucha-contra-gigantesco-incendio-en-exportadora-baika\/fuego2-12\/","title":{"rendered":"Fuego2"},"author":482,"featured_media":0,"comment_status":"open","ping_status":"closed","template":"","meta":{"advanced_seo_description":"","jetpack_seo_html_title":"","jetpack_seo_noindex":false},"class_list":["post-49827","attachment","type-attachment","status-inherit","hentry"],"jetpack_sharing_enabled":true,"jetpack_likes_enabled":true,"description":{"rendered":"<p class=\"attachment\"><a href=\"https:\/\/i0.wp.com\/eltrabajo.cl\/portal\/wp-content\/uploads\/2014\/08\/Fuego21.jpg?ssl=1\"><img loading=\"lazy\" decoding=\"async\" width=\"300\" height=\"227\" src=\"https:\/\/i0.wp.com\/eltrabajo.cl\/portal\/wp-content\/uploads\/2014\/08\/Fuego21.jpg?fit=300%2C227&amp;ssl=1\" class=\"attachment-medium size-medium\" alt=\"MUCHO TRABAJO.- El siniestro alarm\u00f3 a los vecinos de las poblaciones aleda\u00f1as como La Nacional y Juli\u00e1n Gumi\u00e9l; las \u00faltimas, colindantes directos con las bodegas incendiadas.\" srcset=\"https:\/\/i0.wp.com\/eltrabajo.cl\/portal\/wp-content\/uploads\/2014\/08\/Fuego21.jpg?w=529&amp;ssl=1 529w, https:\/\/i0.wp.com\/eltrabajo.cl\/portal\/wp-content\/uploads\/2014\/08\/Fuego21.jpg?resize=197%2C150&amp;ssl=1 197w, https:\/\/i0.wp.com\/eltrabajo.cl\/portal\/wp-content\/uploads\/2014\/08\/Fuego21.jpg?resize=300%2C227&amp;ssl=1 300w, https:\/\/i0.wp.com\/eltrabajo.cl\/portal\/wp-content\/uploads\/2014\/08\/Fuego21.jpg?resize=150%2C113&amp;ssl=1 150w, https:\/\/i0.wp.com\/eltrabajo.cl\/portal\/wp-content\/uploads\/2014\/08\/Fuego21.jpg?resize=400%2C303&amp;ssl=1 400w\" sizes=\"auto, (max-width: 300px) 100vw, 300px\" \/><\/a><\/p>\n<p>MUCHO TRABAJO.- El siniestro alarm\u00f3 a los vecinos de las poblaciones aleda\u00f1as como La Nacional y Juli\u00e1n Gumi\u00e9l; las \u00faltimas, colindantes directos con las bodegas incendiadas.<\/p>\n"},"caption":{"rendered":"<p>MUCHO TRABAJO.- El siniestro alarm\u00f3 a los vecinos de las poblaciones aleda\u00f1as como La Nacional y Juli\u00e1n Gumi\u00e9l; las \u00faltimas, colindantes directos con las bodegas incendiadas.<\/p>\n"},"alt_text":"MUCHO TRABAJO.- El siniestro alarm\u00f3 a los vecinos de las poblaciones aleda\u00f1as como La Nacional y Juli\u00e1n Gumi\u00e9l; las \u00faltimas, colindantes directos con las bodegas incendiadas.","media_type":"image","mime_type":"image\/jpeg","media_details":{"width":529,"height":401,"file":"2014\/08\/Fuego21.jpg","sizes":{"thumbnail":{"file":"Fuego21-197x150.jpg","width":197,"height":150,"mime_type":"image\/jpeg","source_url":"https:\/\/i0.wp.com\/eltrabajo.cl\/portal\/wp-content\/uploads\/2014\/08\/Fuego21.jpg?fit=197%2C150&ssl=1"},"medium":{"file":"Fuego21-300x227.jpg","width":300,"height":227,"mime_type":"image\/jpeg","source_url":"https:\/\/i0.wp.com\/eltrabajo.cl\/portal\/wp-content\/uploads\/2014\/08\/Fuego21.jpg?fit=300%2C227&ssl=1"},"post-thumbnail":{"file":"Fuego21-150x113.jpg","width":150,"height":113,"mime_type":"image\/jpeg","source_url":"https:\/\/i0.wp.com\/eltrabajo.cl\/portal\/wp-content\/uploads\/2014\/08\/Fuego21.jpg?fit=150%2C113&ssl=1"},"single-post-thumbnail":{"file":"Fuego21-400x303.jpg","width":400,"height":303,"mime_type":"image\/jpeg","source_url":"https:\/\/eltrabajo.cl\/portal\/wp-content\/uploads\/2014\/08\/Fuego21-400x303.jpg"},"full":{"file":"Fuego21.jpg?fit=529%2C401&ssl=1","width":529,"height":401,"mime_type":"image\/jpeg","source_url":"https:\/\/i0.wp.com\/eltrabajo.cl\/portal\/wp-content\/uploads\/2014\/08\/Fuego21.jpg?fit=529%2C401&ssl=1"}},"image_meta":{"aperture":3.20000000000000017763568394002504646778106689453125,"credit":"","camera":"DSC-H200","caption":"","created_timestamp":1407282880,"copyright":"Copyright 2009","focal_length":"4.8","iso":"250","shutter_speed":"0.033333333333333","title":""}},"post":49825,"source_url":"https:\/\/eltrabajo.cl\/portal\/wp-content\/uploads\/2014\/08\/Fuego21.jpg","_links":{"self":[{"href":"https:\/\/eltrabajo.cl\/portal\/wp-json\/wp\/v2\/media\/49827","targetHints":{"allow":["GET"]}}],"collection":[{"href":"https:\/\/eltrabajo.cl\/portal\/wp-json\/wp\/v2\/media"}],"about":[{"href":"https:\/\/eltrabajo.cl\/portal\/wp-json\/wp\/v2\/types\/attachment"}],"author":[{"embeddable":true,"href":"https:\/\/eltrabajo.cl\/portal\/wp-json\/wp\/v2\/users\/482"}],"replies":[{"embeddable":true,"href":"https:\/\/eltrabajo.cl\/portal\/wp-json\/wp\/v2\/comments?post=49827"}],"wp:attached-to":[{"embeddable":true,"post_type":"post","id":49825,"href":"https:\/\/eltrabajo.cl\/portal\/wp-json\/wp\/v2\/posts\/49825"}],"curies":[{"name":"wp","href":"https:\/\/api.w.org\/{rel}","templated":true}]}}

<p class="attachment"><a href="https://i0.wp.com/eltrabajo.cl/portal/wp-content/uploads/2014/08/Fuego21.jpg?ssl=1"><img loading="lazy" decoding="async" width="300" height="227" src="https://i0.wp.com/eltrabajo.cl/portal/wp-content/uploads/2014/08/Fuego21.jpg?fit=300%2C227&amp;ssl=1" class="attachment-medium size-medium" alt="MUCHO TRABAJO.- El siniestro alarmó a los vecinos de las poblaciones aledañas como La Nacional y Julián Gumiél; las últimas, colindantes directos con las bodegas incendiadas." srcset="https://i0.wp.com/eltrabajo.cl/portal/wp-content/uploads/2014/08/Fuego21.jpg?w=529&amp;ssl=1 529w, https://i0.wp.com/eltrabajo.cl/portal/wp-content/uploads/2014/08/Fuego21.jpg?resize=197%2C150&amp;ssl=1 197w, https://i0.wp.com/eltrabajo.cl/portal/wp-content/uploads/2014/08/Fuego21.jpg?resize=300%2C227&amp;ssl=1 300w, https://i0.wp.com/eltrabajo.cl/portal/wp-content/uploads/2014/08/Fuego21.jpg?resize=150%2C113&amp;ssl=1 150w, https://i0.wp.com/eltrabajo.cl/portal/wp-content/uploads/2014/08/Fuego21.jpg?resize=400%2C303&amp;ssl=1 400w" sizes="auto, (max-width: 300px) 100vw, 300px" /></a></p>
<p>MUCHO TRABAJO.- El siniestro alarmó a los vecinos de las poblaciones aledañas como La Nacional y Julián Gumiél; las últimas, colindantes directos con las bodegas incendiadas.</p>

<p>MUCHO TRABAJO.- El siniestro alarmó a los vecinos de las poblaciones aledañas como La Nacional y Julián Gumiél; las últimas, colindantes directos con las bodegas incendiadas.</p>

MUCHO TRABAJO.- El siniestro alarmó a los vecinos de las poblaciones aledañas como La Nacional y Julián Gumiél; las últimas, colindantes directos con las bodegas incendiadas.
