{"id":49830,"date":"2014-08-07T09:30:53","date_gmt":"2014-08-07T13:30:53","guid":{"rendered":"http:\/\/www.eltrabajo.cl\/portal\/wp-content\/uploads\/2014\/08\/Fuego5.jpg"},"modified":"2014-08-07T09:30:53","modified_gmt":"2014-08-07T13:30:53","slug":"fuego5","status":"inherit","type":"attachment","link":"https:\/\/eltrabajo.cl\/portal\/bomberos-aun-lucha-contra-gigantesco-incendio-en-exportadora-baika\/fuego5\/","title":{"rendered":"Fuego5"},"author":482,"featured_media":0,"comment_status":"open","ping_status":"closed","template":"","meta":{"advanced_seo_description":"","jetpack_seo_html_title":"","jetpack_seo_noindex":false},"class_list":["post-49830","attachment","type-attachment","status-inherit","hentry"],"jetpack_sharing_enabled":true,"jetpack_likes_enabled":true,"description":{"rendered":"<p class=\"attachment\"><a href=\"https:\/\/i0.wp.com\/eltrabajo.cl\/portal\/wp-content\/uploads\/2014\/08\/Fuego5.jpg?ssl=1\"><img loading=\"lazy\" decoding=\"async\" width=\"300\" height=\"199\" src=\"https:\/\/i0.wp.com\/eltrabajo.cl\/portal\/wp-content\/uploads\/2014\/08\/Fuego5.jpg?fit=300%2C199&amp;ssl=1\" class=\"attachment-medium size-medium\" alt=\"VECINOS ASUSTADOS.- El fuego, seg\u00fan testigos, se habr\u00eda iniciado en la parte posterior de la bodega de la empresa, la cual colinda con la l\u00ednea f\u00e9rrea.\" srcset=\"https:\/\/i0.wp.com\/eltrabajo.cl\/portal\/wp-content\/uploads\/2014\/08\/Fuego5.jpg?w=529&amp;ssl=1 529w, https:\/\/i0.wp.com\/eltrabajo.cl\/portal\/wp-content\/uploads\/2014\/08\/Fuego5.jpg?resize=200%2C132&amp;ssl=1 200w, https:\/\/i0.wp.com\/eltrabajo.cl\/portal\/wp-content\/uploads\/2014\/08\/Fuego5.jpg?resize=300%2C199&amp;ssl=1 300w, https:\/\/i0.wp.com\/eltrabajo.cl\/portal\/wp-content\/uploads\/2014\/08\/Fuego5.jpg?resize=150%2C99&amp;ssl=1 150w, https:\/\/i0.wp.com\/eltrabajo.cl\/portal\/wp-content\/uploads\/2014\/08\/Fuego5.jpg?resize=400%2C265&amp;ssl=1 400w\" sizes=\"auto, (max-width: 300px) 100vw, 300px\" \/><\/a><\/p>\n<p>VECINOS ASUSTADOS.- El fuego, seg\u00fan testigos, se habr\u00eda iniciado en la parte posterior de la bodega de la empresa, la cual colinda con la l\u00ednea f\u00e9rrea.<\/p>\n"},"caption":{"rendered":"<p>VECINOS ASUSTADOS.- El fuego, seg\u00fan testigos, se habr\u00eda iniciado en la parte posterior de la bodega de la empresa, la cual colinda con la l\u00ednea f\u00e9rrea.<\/p>\n"},"alt_text":"VECINOS ASUSTADOS.- El fuego, seg\u00fan testigos, se habr\u00eda iniciado en la parte posterior de la bodega de la empresa, la cual colinda con la l\u00ednea f\u00e9rrea.","media_type":"image","mime_type":"image\/jpeg","media_details":{"width":529,"height":351,"file":"2014\/08\/Fuego5.jpg","sizes":{"thumbnail":{"file":"Fuego5-200x132.jpg","width":200,"height":132,"mime_type":"image\/jpeg","source_url":"https:\/\/i0.wp.com\/eltrabajo.cl\/portal\/wp-content\/uploads\/2014\/08\/Fuego5.jpg?fit=200%2C132&ssl=1"},"medium":{"file":"Fuego5-300x199.jpg","width":300,"height":199,"mime_type":"image\/jpeg","source_url":"https:\/\/i0.wp.com\/eltrabajo.cl\/portal\/wp-content\/uploads\/2014\/08\/Fuego5.jpg?fit=300%2C199&ssl=1"},"post-thumbnail":{"file":"Fuego5-150x99.jpg","width":150,"height":99,"mime_type":"image\/jpeg","source_url":"https:\/\/i0.wp.com\/eltrabajo.cl\/portal\/wp-content\/uploads\/2014\/08\/Fuego5.jpg?fit=150%2C99&ssl=1"},"single-post-thumbnail":{"file":"Fuego5-400x265.jpg","width":400,"height":265,"mime_type":"image\/jpeg","source_url":"https:\/\/eltrabajo.cl\/portal\/wp-content\/uploads\/2014\/08\/Fuego5-400x265.jpg"},"full":{"file":"Fuego5.jpg?fit=529%2C351&ssl=1","width":529,"height":351,"mime_type":"image\/jpeg","source_url":"https:\/\/i0.wp.com\/eltrabajo.cl\/portal\/wp-content\/uploads\/2014\/08\/Fuego5.jpg?fit=529%2C351&ssl=1"}},"image_meta":{"aperture":3.100000000000000088817841970012523233890533447265625,"credit":"","camera":"DSC-H200","caption":"","created_timestamp":1407284042,"copyright":"Copyright 2009","focal_length":"4","iso":"400","shutter_speed":"0.125","title":""}},"post":49825,"source_url":"https:\/\/eltrabajo.cl\/portal\/wp-content\/uploads\/2014\/08\/Fuego5.jpg","_links":{"self":[{"href":"https:\/\/eltrabajo.cl\/portal\/wp-json\/wp\/v2\/media\/49830","targetHints":{"allow":["GET"]}}],"collection":[{"href":"https:\/\/eltrabajo.cl\/portal\/wp-json\/wp\/v2\/media"}],"about":[{"href":"https:\/\/eltrabajo.cl\/portal\/wp-json\/wp\/v2\/types\/attachment"}],"author":[{"embeddable":true,"href":"https:\/\/eltrabajo.cl\/portal\/wp-json\/wp\/v2\/users\/482"}],"replies":[{"embeddable":true,"href":"https:\/\/eltrabajo.cl\/portal\/wp-json\/wp\/v2\/comments?post=49830"}],"wp:attached-to":[{"embeddable":true,"post_type":"post","id":49825,"href":"https:\/\/eltrabajo.cl\/portal\/wp-json\/wp\/v2\/posts\/49825"}],"curies":[{"name":"wp","href":"https:\/\/api.w.org\/{rel}","templated":true}]}}

<p class="attachment"><a href="https://i0.wp.com/eltrabajo.cl/portal/wp-content/uploads/2014/08/Fuego5.jpg?ssl=1"><img loading="lazy" decoding="async" width="300" height="199" src="https://i0.wp.com/eltrabajo.cl/portal/wp-content/uploads/2014/08/Fuego5.jpg?fit=300%2C199&amp;ssl=1" class="attachment-medium size-medium" alt="VECINOS ASUSTADOS.- El fuego, según testigos, se habría iniciado en la parte posterior de la bodega de la empresa, la cual colinda con la línea férrea." srcset="https://i0.wp.com/eltrabajo.cl/portal/wp-content/uploads/2014/08/Fuego5.jpg?w=529&amp;ssl=1 529w, https://i0.wp.com/eltrabajo.cl/portal/wp-content/uploads/2014/08/Fuego5.jpg?resize=200%2C132&amp;ssl=1 200w, https://i0.wp.com/eltrabajo.cl/portal/wp-content/uploads/2014/08/Fuego5.jpg?resize=300%2C199&amp;ssl=1 300w, https://i0.wp.com/eltrabajo.cl/portal/wp-content/uploads/2014/08/Fuego5.jpg?resize=150%2C99&amp;ssl=1 150w, https://i0.wp.com/eltrabajo.cl/portal/wp-content/uploads/2014/08/Fuego5.jpg?resize=400%2C265&amp;ssl=1 400w" sizes="auto, (max-width: 300px) 100vw, 300px" /></a></p>
<p>VECINOS ASUSTADOS.- El fuego, según testigos, se habría iniciado en la parte posterior de la bodega de la empresa, la cual colinda con la línea férrea.</p>

<p>VECINOS ASUSTADOS.- El fuego, según testigos, se habría iniciado en la parte posterior de la bodega de la empresa, la cual colinda con la línea férrea.</p>

VECINOS ASUSTADOS.- El fuego, según testigos, se habría iniciado en la parte posterior de la bodega de la empresa, la cual colinda con la línea férrea.
