{"id":49926,"date":"2014-08-11T09:29:18","date_gmt":"2014-08-11T13:29:18","guid":{"rendered":"http:\/\/www.eltrabajo.cl\/portal\/wp-content\/uploads\/2014\/08\/Regalos2.jpg"},"modified":"2014-08-11T09:29:18","modified_gmt":"2014-08-11T13:29:18","slug":"regalos2","status":"inherit","type":"attachment","link":"https:\/\/eltrabajo.cl\/portal\/trabajadores-de-pixels-celebraron-su-dia-a-ninos-putaendinos\/regalos2\/","title":{"rendered":"Regalos2"},"author":482,"featured_media":0,"comment_status":"open","ping_status":"closed","template":"","meta":{"advanced_seo_description":"","jetpack_seo_html_title":"","jetpack_seo_noindex":false},"class_list":["post-49926","attachment","type-attachment","status-inherit","hentry"],"jetpack_sharing_enabled":true,"jetpack_likes_enabled":true,"description":{"rendered":"<p class=\"attachment\"><a href=\"https:\/\/i0.wp.com\/eltrabajo.cl\/portal\/wp-content\/uploads\/2014\/08\/Regalos2.jpg?ssl=1\"><img loading=\"lazy\" decoding=\"async\" width=\"300\" height=\"203\" src=\"https:\/\/i0.wp.com\/eltrabajo.cl\/portal\/wp-content\/uploads\/2014\/08\/Regalos2.jpg?fit=300%2C203&amp;ssl=1\" class=\"attachment-medium size-medium\" alt=\"Los peque\u00f1os tambi\u00e9n recibieron dulces, golosinas, bebidas y adem\u00e1s a cada uno de ellos se les hizo entrega de un regalo.\" srcset=\"https:\/\/i0.wp.com\/eltrabajo.cl\/portal\/wp-content\/uploads\/2014\/08\/Regalos2.jpg?w=529&amp;ssl=1 529w, https:\/\/i0.wp.com\/eltrabajo.cl\/portal\/wp-content\/uploads\/2014\/08\/Regalos2.jpg?resize=200%2C135&amp;ssl=1 200w, https:\/\/i0.wp.com\/eltrabajo.cl\/portal\/wp-content\/uploads\/2014\/08\/Regalos2.jpg?resize=300%2C203&amp;ssl=1 300w, https:\/\/i0.wp.com\/eltrabajo.cl\/portal\/wp-content\/uploads\/2014\/08\/Regalos2.jpg?resize=150%2C101&amp;ssl=1 150w, https:\/\/i0.wp.com\/eltrabajo.cl\/portal\/wp-content\/uploads\/2014\/08\/Regalos2.jpg?resize=400%2C270&amp;ssl=1 400w\" sizes=\"auto, (max-width: 300px) 100vw, 300px\" \/><\/a><\/p>\n<p>Los peque\u00f1os tambi\u00e9n recibieron dulces, golosinas, bebidas y adem\u00e1s a cada uno de ellos se les hizo entrega de un regalo.<\/p>\n"},"caption":{"rendered":"<p>Los peque\u00f1os tambi\u00e9n recibieron dulces, golosinas, bebidas y adem\u00e1s a cada uno de ellos se les hizo entrega de un regalo.<\/p>\n"},"alt_text":"Los peque\u00f1os tambi\u00e9n recibieron dulces, golosinas, bebidas y adem\u00e1s a cada uno de ellos se les hizo entrega de un regalo.","media_type":"image","mime_type":"image\/jpeg","media_details":{"width":529,"height":358,"file":"2014\/08\/Regalos2.jpg","sizes":{"thumbnail":{"file":"Regalos2-200x135.jpg","width":200,"height":135,"mime_type":"image\/jpeg","source_url":"https:\/\/i0.wp.com\/eltrabajo.cl\/portal\/wp-content\/uploads\/2014\/08\/Regalos2.jpg?fit=200%2C135&ssl=1"},"medium":{"file":"Regalos2-300x203.jpg","width":300,"height":203,"mime_type":"image\/jpeg","source_url":"https:\/\/i0.wp.com\/eltrabajo.cl\/portal\/wp-content\/uploads\/2014\/08\/Regalos2.jpg?fit=300%2C203&ssl=1"},"post-thumbnail":{"file":"Regalos2-150x101.jpg","width":150,"height":101,"mime_type":"image\/jpeg","source_url":"https:\/\/i0.wp.com\/eltrabajo.cl\/portal\/wp-content\/uploads\/2014\/08\/Regalos2.jpg?fit=150%2C101&ssl=1"},"single-post-thumbnail":{"file":"Regalos2-400x270.jpg","width":400,"height":270,"mime_type":"image\/jpeg","source_url":"https:\/\/eltrabajo.cl\/portal\/wp-content\/uploads\/2014\/08\/Regalos2-400x270.jpg"},"full":{"file":"Regalos2.jpg?fit=529%2C358&ssl=1","width":529,"height":358,"mime_type":"image\/jpeg","source_url":"https:\/\/i0.wp.com\/eltrabajo.cl\/portal\/wp-content\/uploads\/2014\/08\/Regalos2.jpg?fit=529%2C358&ssl=1"}},"image_meta":{"aperture":5.5999999999999996447286321199499070644378662109375,"credit":"","camera":"Canon EOS REBEL T3i","caption":"","created_timestamp":1407606841,"copyright":"[wopmind]","focal_length":"18","iso":"6400","shutter_speed":"0.00625","title":""}},"post":49924,"source_url":"https:\/\/eltrabajo.cl\/portal\/wp-content\/uploads\/2014\/08\/Regalos2.jpg","_links":{"self":[{"href":"https:\/\/eltrabajo.cl\/portal\/wp-json\/wp\/v2\/media\/49926","targetHints":{"allow":["GET"]}}],"collection":[{"href":"https:\/\/eltrabajo.cl\/portal\/wp-json\/wp\/v2\/media"}],"about":[{"href":"https:\/\/eltrabajo.cl\/portal\/wp-json\/wp\/v2\/types\/attachment"}],"author":[{"embeddable":true,"href":"https:\/\/eltrabajo.cl\/portal\/wp-json\/wp\/v2\/users\/482"}],"replies":[{"embeddable":true,"href":"https:\/\/eltrabajo.cl\/portal\/wp-json\/wp\/v2\/comments?post=49926"}],"wp:attached-to":[{"embeddable":true,"post_type":"post","id":49924,"href":"https:\/\/eltrabajo.cl\/portal\/wp-json\/wp\/v2\/posts\/49924"}],"curies":[{"name":"wp","href":"https:\/\/api.w.org\/{rel}","templated":true}]}}

<p class="attachment"><a href="https://i0.wp.com/eltrabajo.cl/portal/wp-content/uploads/2014/08/Regalos2.jpg?ssl=1"><img loading="lazy" decoding="async" width="300" height="203" src="https://i0.wp.com/eltrabajo.cl/portal/wp-content/uploads/2014/08/Regalos2.jpg?fit=300%2C203&amp;ssl=1" class="attachment-medium size-medium" alt="Los pequeños también recibieron dulces, golosinas, bebidas y además a cada uno de ellos se les hizo entrega de un regalo." srcset="https://i0.wp.com/eltrabajo.cl/portal/wp-content/uploads/2014/08/Regalos2.jpg?w=529&amp;ssl=1 529w, https://i0.wp.com/eltrabajo.cl/portal/wp-content/uploads/2014/08/Regalos2.jpg?resize=200%2C135&amp;ssl=1 200w, https://i0.wp.com/eltrabajo.cl/portal/wp-content/uploads/2014/08/Regalos2.jpg?resize=300%2C203&amp;ssl=1 300w, https://i0.wp.com/eltrabajo.cl/portal/wp-content/uploads/2014/08/Regalos2.jpg?resize=150%2C101&amp;ssl=1 150w, https://i0.wp.com/eltrabajo.cl/portal/wp-content/uploads/2014/08/Regalos2.jpg?resize=400%2C270&amp;ssl=1 400w" sizes="auto, (max-width: 300px) 100vw, 300px" /></a></p>
<p>Los pequeños también recibieron dulces, golosinas, bebidas y además a cada uno de ellos se les hizo entrega de un regalo.</p>

<p>Los pequeños también recibieron dulces, golosinas, bebidas y además a cada uno de ellos se les hizo entrega de un regalo.</p>

Los pequeños también recibieron dulces, golosinas, bebidas y además a cada uno de ellos se les hizo entrega de un regalo.
