{"id":50008,"date":"2014-08-18T13:49:14","date_gmt":"2014-08-18T17:49:14","guid":{"rendered":"http:\/\/www.eltrabajo.cl\/portal\/wp-content\/uploads\/2014\/08\/FOTO-4-publico-asistente.jpg"},"modified":"2014-08-18T13:49:14","modified_gmt":"2014-08-18T17:49:14","slug":"foto-4-publico-asistente","status":"inherit","type":"attachment","link":"https:\/\/eltrabajo.cl\/portal\/san-felipe-ya-tiene-representantes-para-regional-cueca-adulto-mayor\/foto-4-publico-asistente\/","title":{"rendered":"FOTO 4 &#8211; publico asistente"},"author":482,"featured_media":0,"comment_status":"open","ping_status":"closed","template":"","meta":{"advanced_seo_description":"","jetpack_seo_html_title":"","jetpack_seo_noindex":false},"class_list":["post-50008","attachment","type-attachment","status-inherit","hentry"],"jetpack_sharing_enabled":true,"jetpack_likes_enabled":true,"description":{"rendered":"<p class=\"attachment\"><a href=\"https:\/\/i0.wp.com\/eltrabajo.cl\/portal\/wp-content\/uploads\/2014\/08\/FOTO-4-publico-asistente.jpg?ssl=1\"><img loading=\"lazy\" decoding=\"async\" width=\"300\" height=\"171\" src=\"https:\/\/i0.wp.com\/eltrabajo.cl\/portal\/wp-content\/uploads\/2014\/08\/FOTO-4-publico-asistente.jpg?fit=300%2C171&amp;ssl=1\" class=\"attachment-medium size-medium\" alt=\"Un gran marco de p\u00fablico disfrut\u00f3 de esta tarde cargada de folclor, donde se defini\u00f3 a la pareja que representar\u00e1 a San Felipe en la etapa regional.\" srcset=\"https:\/\/i0.wp.com\/eltrabajo.cl\/portal\/wp-content\/uploads\/2014\/08\/FOTO-4-publico-asistente.jpg?w=528&amp;ssl=1 528w, https:\/\/i0.wp.com\/eltrabajo.cl\/portal\/wp-content\/uploads\/2014\/08\/FOTO-4-publico-asistente.jpg?resize=200%2C114&amp;ssl=1 200w, https:\/\/i0.wp.com\/eltrabajo.cl\/portal\/wp-content\/uploads\/2014\/08\/FOTO-4-publico-asistente.jpg?resize=300%2C171&amp;ssl=1 300w, https:\/\/i0.wp.com\/eltrabajo.cl\/portal\/wp-content\/uploads\/2014\/08\/FOTO-4-publico-asistente.jpg?resize=150%2C85&amp;ssl=1 150w, https:\/\/i0.wp.com\/eltrabajo.cl\/portal\/wp-content\/uploads\/2014\/08\/FOTO-4-publico-asistente.jpg?resize=400%2C228&amp;ssl=1 400w\" sizes=\"auto, (max-width: 300px) 100vw, 300px\" \/><\/a><\/p>\n<p>Un gran marco de p\u00fablico disfrut\u00f3 de esta tarde cargada de folclor, donde se defini\u00f3 a la pareja que representar\u00e1 a San Felipe en la etapa regional.<\/p>\n"},"caption":{"rendered":"<p>Un gran marco de p\u00fablico disfrut\u00f3 de esta tarde cargada de folclor, donde se defini\u00f3 a la pareja que representar\u00e1 a San Felipe en la etapa regional.<\/p>\n"},"alt_text":"Un gran marco de p\u00fablico disfrut\u00f3 de esta tarde cargada de folclor, donde se defini\u00f3 a la pareja que representar\u00e1 a San Felipe en la etapa regional.","media_type":"image","mime_type":"image\/jpeg","media_details":{"width":528,"height":301,"file":"2014\/08\/FOTO-4-publico-asistente.jpg","sizes":{"thumbnail":{"file":"FOTO-4-publico-asistente-200x114.jpg","width":200,"height":114,"mime_type":"image\/jpeg","source_url":"https:\/\/i0.wp.com\/eltrabajo.cl\/portal\/wp-content\/uploads\/2014\/08\/FOTO-4-publico-asistente.jpg?fit=200%2C114&ssl=1"},"medium":{"file":"FOTO-4-publico-asistente-300x171.jpg","width":300,"height":171,"mime_type":"image\/jpeg","source_url":"https:\/\/i0.wp.com\/eltrabajo.cl\/portal\/wp-content\/uploads\/2014\/08\/FOTO-4-publico-asistente.jpg?fit=300%2C171&ssl=1"},"post-thumbnail":{"file":"FOTO-4-publico-asistente-150x85.jpg","width":150,"height":85,"mime_type":"image\/jpeg","source_url":"https:\/\/i0.wp.com\/eltrabajo.cl\/portal\/wp-content\/uploads\/2014\/08\/FOTO-4-publico-asistente.jpg?fit=150%2C85&ssl=1"},"single-post-thumbnail":{"file":"FOTO-4-publico-asistente-400x228.jpg","width":400,"height":228,"mime_type":"image\/jpeg","source_url":"https:\/\/eltrabajo.cl\/portal\/wp-content\/uploads\/2014\/08\/FOTO-4-publico-asistente-400x228.jpg"},"full":{"file":"FOTO-4-publico-asistente.jpg?fit=528%2C301&ssl=1","width":528,"height":301,"mime_type":"image\/jpeg","source_url":"https:\/\/i0.wp.com\/eltrabajo.cl\/portal\/wp-content\/uploads\/2014\/08\/FOTO-4-publico-asistente.jpg?fit=528%2C301&ssl=1"}},"image_meta":{"aperture":0,"credit":"","camera":"","caption":"","created_timestamp":0,"copyright":"","focal_length":0,"iso":0,"shutter_speed":0,"title":""}},"post":50004,"source_url":"https:\/\/eltrabajo.cl\/portal\/wp-content\/uploads\/2014\/08\/FOTO-4-publico-asistente.jpg","_links":{"self":[{"href":"https:\/\/eltrabajo.cl\/portal\/wp-json\/wp\/v2\/media\/50008","targetHints":{"allow":["GET"]}}],"collection":[{"href":"https:\/\/eltrabajo.cl\/portal\/wp-json\/wp\/v2\/media"}],"about":[{"href":"https:\/\/eltrabajo.cl\/portal\/wp-json\/wp\/v2\/types\/attachment"}],"author":[{"embeddable":true,"href":"https:\/\/eltrabajo.cl\/portal\/wp-json\/wp\/v2\/users\/482"}],"replies":[{"embeddable":true,"href":"https:\/\/eltrabajo.cl\/portal\/wp-json\/wp\/v2\/comments?post=50008"}],"wp:attached-to":[{"embeddable":true,"post_type":"post","id":50004,"href":"https:\/\/eltrabajo.cl\/portal\/wp-json\/wp\/v2\/posts\/50004"}],"curies":[{"name":"wp","href":"https:\/\/api.w.org\/{rel}","templated":true}]}}

<p class="attachment"><a href="https://i0.wp.com/eltrabajo.cl/portal/wp-content/uploads/2014/08/FOTO-4-publico-asistente.jpg?ssl=1"><img loading="lazy" decoding="async" width="300" height="171" src="https://i0.wp.com/eltrabajo.cl/portal/wp-content/uploads/2014/08/FOTO-4-publico-asistente.jpg?fit=300%2C171&amp;ssl=1" class="attachment-medium size-medium" alt="Un gran marco de público disfrutó de esta tarde cargada de folclor, donde se definió a la pareja que representará a San Felipe en la etapa regional." srcset="https://i0.wp.com/eltrabajo.cl/portal/wp-content/uploads/2014/08/FOTO-4-publico-asistente.jpg?w=528&amp;ssl=1 528w, https://i0.wp.com/eltrabajo.cl/portal/wp-content/uploads/2014/08/FOTO-4-publico-asistente.jpg?resize=200%2C114&amp;ssl=1 200w, https://i0.wp.com/eltrabajo.cl/portal/wp-content/uploads/2014/08/FOTO-4-publico-asistente.jpg?resize=300%2C171&amp;ssl=1 300w, https://i0.wp.com/eltrabajo.cl/portal/wp-content/uploads/2014/08/FOTO-4-publico-asistente.jpg?resize=150%2C85&amp;ssl=1 150w, https://i0.wp.com/eltrabajo.cl/portal/wp-content/uploads/2014/08/FOTO-4-publico-asistente.jpg?resize=400%2C228&amp;ssl=1 400w" sizes="auto, (max-width: 300px) 100vw, 300px" /></a></p>
<p>Un gran marco de público disfrutó de esta tarde cargada de folclor, donde se definió a la pareja que representará a San Felipe en la etapa regional.</p>

<p>Un gran marco de público disfrutó de esta tarde cargada de folclor, donde se definió a la pareja que representará a San Felipe en la etapa regional.</p>

Un gran marco de público disfrutó de esta tarde cargada de folclor, donde se definió a la pareja que representará a San Felipe en la etapa regional.
