{"id":50480,"date":"2014-08-28T09:36:15","date_gmt":"2014-08-28T13:36:15","guid":{"rendered":"http:\/\/www.eltrabajo.cl\/portal\/wp-content\/uploads\/2014\/08\/Policias1.jpg"},"modified":"2014-08-28T09:36:15","modified_gmt":"2014-08-28T13:36:15","slug":"policias1","status":"inherit","type":"attachment","link":"https:\/\/eltrabajo.cl\/portal\/sangre-golpes-y-piedras-tras-violento-incidente-en-las-coimas\/policias1\/","title":{"rendered":"Policias1"},"author":482,"featured_media":0,"comment_status":"open","ping_status":"closed","template":"","meta":{"advanced_seo_description":"","jetpack_seo_html_title":"","jetpack_seo_noindex":false},"class_list":["post-50480","attachment","type-attachment","status-inherit","hentry"],"jetpack_sharing_enabled":true,"jetpack_likes_enabled":true,"description":{"rendered":"<p class=\"attachment\"><a href=\"https:\/\/i0.wp.com\/eltrabajo.cl\/portal\/wp-content\/uploads\/2014\/08\/Policias1.jpg?ssl=1\"><img loading=\"lazy\" decoding=\"async\" width=\"300\" height=\"166\" src=\"https:\/\/i0.wp.com\/eltrabajo.cl\/portal\/wp-content\/uploads\/2014\/08\/Policias1.jpg?fit=300%2C166&amp;ssl=1\" class=\"attachment-medium size-medium\" alt=\"Un confuso incidente registrado en el sector alto de Las Coimas, dej\u00f3 como saldo tres mujeres embarazadas con lesiones; Carabineros tambi\u00e9n lesionados; veh\u00edculos policiales con da\u00f1os y dos detenidos.\" srcset=\"https:\/\/i0.wp.com\/eltrabajo.cl\/portal\/wp-content\/uploads\/2014\/08\/Policias1.jpg?w=528&amp;ssl=1 528w, https:\/\/i0.wp.com\/eltrabajo.cl\/portal\/wp-content\/uploads\/2014\/08\/Policias1.jpg?resize=200%2C110&amp;ssl=1 200w, https:\/\/i0.wp.com\/eltrabajo.cl\/portal\/wp-content\/uploads\/2014\/08\/Policias1.jpg?resize=300%2C166&amp;ssl=1 300w, https:\/\/i0.wp.com\/eltrabajo.cl\/portal\/wp-content\/uploads\/2014\/08\/Policias1.jpg?resize=150%2C83&amp;ssl=1 150w, https:\/\/i0.wp.com\/eltrabajo.cl\/portal\/wp-content\/uploads\/2014\/08\/Policias1.jpg?resize=400%2C221&amp;ssl=1 400w\" sizes=\"auto, (max-width: 300px) 100vw, 300px\" \/><\/a><\/p>\n<p>Un confuso incidente registrado en el sector alto de Las Coimas, dej\u00f3 como saldo tres mujeres embarazadas con lesiones; Carabineros tambi\u00e9n lesionados; veh\u00edculos policiales con da\u00f1os y dos detenidos.<\/p>\n"},"caption":{"rendered":"<p>Un confuso incidente registrado en el sector alto de Las Coimas, dej\u00f3 como saldo tres mujeres embarazadas con lesiones; Carabineros tambi\u00e9n lesionados; veh\u00edculos policiales con da\u00f1os y dos detenidos.<\/p>\n"},"alt_text":"Un confuso incidente registrado en el sector alto de Las Coimas, dej\u00f3 como saldo tres mujeres embarazadas con lesiones; Carabineros tambi\u00e9n lesionados; veh\u00edculos policiales con da\u00f1os y dos detenidos.","media_type":"image","mime_type":"image\/jpeg","media_details":{"width":528,"height":293,"file":"2014\/08\/Policias1.jpg","sizes":{"thumbnail":{"file":"Policias1-200x110.jpg","width":200,"height":110,"mime_type":"image\/jpeg","source_url":"https:\/\/i0.wp.com\/eltrabajo.cl\/portal\/wp-content\/uploads\/2014\/08\/Policias1.jpg?fit=200%2C110&ssl=1"},"medium":{"file":"Policias1-300x166.jpg","width":300,"height":166,"mime_type":"image\/jpeg","source_url":"https:\/\/i0.wp.com\/eltrabajo.cl\/portal\/wp-content\/uploads\/2014\/08\/Policias1.jpg?fit=300%2C166&ssl=1"},"post-thumbnail":{"file":"Policias1-150x83.jpg","width":150,"height":83,"mime_type":"image\/jpeg","source_url":"https:\/\/i0.wp.com\/eltrabajo.cl\/portal\/wp-content\/uploads\/2014\/08\/Policias1.jpg?fit=150%2C83&ssl=1"},"single-post-thumbnail":{"file":"Policias1-400x221.jpg","width":400,"height":221,"mime_type":"image\/jpeg","source_url":"https:\/\/eltrabajo.cl\/portal\/wp-content\/uploads\/2014\/08\/Policias1-400x221.jpg"},"full":{"file":"Policias1.jpg?fit=528%2C293&ssl=1","width":528,"height":293,"mime_type":"image\/jpeg","source_url":"https:\/\/i0.wp.com\/eltrabajo.cl\/portal\/wp-content\/uploads\/2014\/08\/Policias1.jpg?fit=528%2C293&ssl=1"}},"image_meta":{"aperture":0,"credit":"","camera":"","caption":"","created_timestamp":0,"copyright":"[wopmind]","focal_length":0,"iso":0,"shutter_speed":0,"title":""}},"post":50473,"source_url":"https:\/\/eltrabajo.cl\/portal\/wp-content\/uploads\/2014\/08\/Policias1.jpg","_links":{"self":[{"href":"https:\/\/eltrabajo.cl\/portal\/wp-json\/wp\/v2\/media\/50480","targetHints":{"allow":["GET"]}}],"collection":[{"href":"https:\/\/eltrabajo.cl\/portal\/wp-json\/wp\/v2\/media"}],"about":[{"href":"https:\/\/eltrabajo.cl\/portal\/wp-json\/wp\/v2\/types\/attachment"}],"author":[{"embeddable":true,"href":"https:\/\/eltrabajo.cl\/portal\/wp-json\/wp\/v2\/users\/482"}],"replies":[{"embeddable":true,"href":"https:\/\/eltrabajo.cl\/portal\/wp-json\/wp\/v2\/comments?post=50480"}],"wp:attached-to":[{"embeddable":true,"post_type":"post","id":50473,"href":"https:\/\/eltrabajo.cl\/portal\/wp-json\/wp\/v2\/posts\/50473"}],"curies":[{"name":"wp","href":"https:\/\/api.w.org\/{rel}","templated":true}]}}

<p class="attachment"><a href="https://i0.wp.com/eltrabajo.cl/portal/wp-content/uploads/2014/08/Policias1.jpg?ssl=1"><img loading="lazy" decoding="async" width="300" height="166" src="https://i0.wp.com/eltrabajo.cl/portal/wp-content/uploads/2014/08/Policias1.jpg?fit=300%2C166&amp;ssl=1" class="attachment-medium size-medium" alt="Un confuso incidente registrado en el sector alto de Las Coimas, dejó como saldo tres mujeres embarazadas con lesiones; Carabineros también lesionados; vehículos policiales con daños y dos detenidos." srcset="https://i0.wp.com/eltrabajo.cl/portal/wp-content/uploads/2014/08/Policias1.jpg?w=528&amp;ssl=1 528w, https://i0.wp.com/eltrabajo.cl/portal/wp-content/uploads/2014/08/Policias1.jpg?resize=200%2C110&amp;ssl=1 200w, https://i0.wp.com/eltrabajo.cl/portal/wp-content/uploads/2014/08/Policias1.jpg?resize=300%2C166&amp;ssl=1 300w, https://i0.wp.com/eltrabajo.cl/portal/wp-content/uploads/2014/08/Policias1.jpg?resize=150%2C83&amp;ssl=1 150w, https://i0.wp.com/eltrabajo.cl/portal/wp-content/uploads/2014/08/Policias1.jpg?resize=400%2C221&amp;ssl=1 400w" sizes="auto, (max-width: 300px) 100vw, 300px" /></a></p>
<p>Un confuso incidente registrado en el sector alto de Las Coimas, dejó como saldo tres mujeres embarazadas con lesiones; Carabineros también lesionados; vehículos policiales con daños y dos detenidos.</p>

<p>Un confuso incidente registrado en el sector alto de Las Coimas, dejó como saldo tres mujeres embarazadas con lesiones; Carabineros también lesionados; vehículos policiales con daños y dos detenidos.</p>

Un confuso incidente registrado en el sector alto de Las Coimas, dejó como saldo tres mujeres embarazadas con lesiones; Carabineros también lesionados; vehículos policiales con daños y dos detenidos.
