{"id":50551,"date":"2014-09-01T09:34:12","date_gmt":"2014-09-01T13:34:12","guid":{"rendered":"http:\/\/www.eltrabajo.cl\/portal\/wp-content\/uploads\/2014\/09\/Equipo2.jpg"},"modified":"2014-09-01T09:34:12","modified_gmt":"2014-09-01T13:34:12","slug":"equipo2-2","status":"inherit","type":"attachment","link":"https:\/\/eltrabajo.cl\/portal\/equipo-del-liceo-cordillera-demostro-que-sabe-mas-de-san-felipe\/equipo2-2\/","title":{"rendered":"Equipo2"},"author":482,"featured_media":0,"comment_status":"open","ping_status":"closed","template":"","meta":{"advanced_seo_description":"","jetpack_seo_html_title":"","jetpack_seo_noindex":false},"class_list":["post-50551","attachment","type-attachment","status-inherit","hentry"],"jetpack_sharing_enabled":true,"jetpack_likes_enabled":true,"description":{"rendered":"<p class=\"attachment\"><a href=\"https:\/\/i0.wp.com\/eltrabajo.cl\/portal\/wp-content\/uploads\/2014\/09\/Equipo2.jpg?ssl=1\"><img loading=\"lazy\" decoding=\"async\" width=\"300\" height=\"151\" src=\"https:\/\/i0.wp.com\/eltrabajo.cl\/portal\/wp-content\/uploads\/2014\/09\/Equipo2.jpg?fit=300%2C151&amp;ssl=1\" class=\"attachment-medium size-medium\" alt=\"El equipo de la Escuela Jos\u00e9 de San Mart\u00edn, fue una amenaza constante para los ganadores, qued\u00e1ndose finalmente con el segundo puesto.\" srcset=\"https:\/\/i0.wp.com\/eltrabajo.cl\/portal\/wp-content\/uploads\/2014\/09\/Equipo2.jpg?w=529&amp;ssl=1 529w, https:\/\/i0.wp.com\/eltrabajo.cl\/portal\/wp-content\/uploads\/2014\/09\/Equipo2.jpg?resize=200%2C101&amp;ssl=1 200w, https:\/\/i0.wp.com\/eltrabajo.cl\/portal\/wp-content\/uploads\/2014\/09\/Equipo2.jpg?resize=300%2C151&amp;ssl=1 300w, https:\/\/i0.wp.com\/eltrabajo.cl\/portal\/wp-content\/uploads\/2014\/09\/Equipo2.jpg?resize=150%2C75&amp;ssl=1 150w, https:\/\/i0.wp.com\/eltrabajo.cl\/portal\/wp-content\/uploads\/2014\/09\/Equipo2.jpg?resize=400%2C202&amp;ssl=1 400w\" sizes=\"auto, (max-width: 300px) 100vw, 300px\" \/><\/a><\/p>\n<p>El equipo de la Escuela Jos\u00e9 de San Mart\u00edn, fue una amenaza constante para los ganadores, qued\u00e1ndose finalmente con el segundo puesto.<\/p>\n"},"caption":{"rendered":"<p>El equipo de la Escuela Jos\u00e9 de San Mart\u00edn, fue una amenaza constante para los ganadores, qued\u00e1ndose finalmente con el segundo puesto.<\/p>\n"},"alt_text":"El equipo de la Escuela Jos\u00e9 de San Mart\u00edn, fue una amenaza constante para los ganadores, qued\u00e1ndose finalmente con el segundo puesto.","media_type":"image","mime_type":"image\/jpeg","media_details":{"width":529,"height":268,"file":"2014\/09\/Equipo2.jpg","sizes":{"thumbnail":{"file":"Equipo2-200x101.jpg","width":200,"height":101,"mime_type":"image\/jpeg","source_url":"https:\/\/i0.wp.com\/eltrabajo.cl\/portal\/wp-content\/uploads\/2014\/09\/Equipo2.jpg?fit=200%2C101&ssl=1"},"medium":{"file":"Equipo2-300x151.jpg","width":300,"height":151,"mime_type":"image\/jpeg","source_url":"https:\/\/i0.wp.com\/eltrabajo.cl\/portal\/wp-content\/uploads\/2014\/09\/Equipo2.jpg?fit=300%2C151&ssl=1"},"post-thumbnail":{"file":"Equipo2-150x75.jpg","width":150,"height":75,"mime_type":"image\/jpeg","source_url":"https:\/\/i0.wp.com\/eltrabajo.cl\/portal\/wp-content\/uploads\/2014\/09\/Equipo2.jpg?fit=150%2C75&ssl=1"},"single-post-thumbnail":{"file":"Equipo2-400x202.jpg","width":400,"height":202,"mime_type":"image\/jpeg","source_url":"https:\/\/eltrabajo.cl\/portal\/wp-content\/uploads\/2014\/09\/Equipo2-400x202.jpg"},"full":{"file":"Equipo2.jpg?fit=529%2C268&ssl=1","width":529,"height":268,"mime_type":"image\/jpeg","source_url":"https:\/\/i0.wp.com\/eltrabajo.cl\/portal\/wp-content\/uploads\/2014\/09\/Equipo2.jpg?fit=529%2C268&ssl=1"}},"image_meta":{"aperture":0,"credit":"","camera":"","caption":"","created_timestamp":0,"copyright":"","focal_length":0,"iso":0,"shutter_speed":0,"title":""}},"post":50549,"source_url":"https:\/\/eltrabajo.cl\/portal\/wp-content\/uploads\/2014\/09\/Equipo2.jpg","_links":{"self":[{"href":"https:\/\/eltrabajo.cl\/portal\/wp-json\/wp\/v2\/media\/50551","targetHints":{"allow":["GET"]}}],"collection":[{"href":"https:\/\/eltrabajo.cl\/portal\/wp-json\/wp\/v2\/media"}],"about":[{"href":"https:\/\/eltrabajo.cl\/portal\/wp-json\/wp\/v2\/types\/attachment"}],"author":[{"embeddable":true,"href":"https:\/\/eltrabajo.cl\/portal\/wp-json\/wp\/v2\/users\/482"}],"replies":[{"embeddable":true,"href":"https:\/\/eltrabajo.cl\/portal\/wp-json\/wp\/v2\/comments?post=50551"}],"wp:attached-to":[{"embeddable":true,"post_type":"post","id":50549,"href":"https:\/\/eltrabajo.cl\/portal\/wp-json\/wp\/v2\/posts\/50549"}],"curies":[{"name":"wp","href":"https:\/\/api.w.org\/{rel}","templated":true}]}}

<p class="attachment"><a href="https://i0.wp.com/eltrabajo.cl/portal/wp-content/uploads/2014/09/Equipo2.jpg?ssl=1"><img loading="lazy" decoding="async" width="300" height="151" src="https://i0.wp.com/eltrabajo.cl/portal/wp-content/uploads/2014/09/Equipo2.jpg?fit=300%2C151&amp;ssl=1" class="attachment-medium size-medium" alt="El equipo de la Escuela José de San Martín, fue una amenaza constante para los ganadores, quedándose finalmente con el segundo puesto." srcset="https://i0.wp.com/eltrabajo.cl/portal/wp-content/uploads/2014/09/Equipo2.jpg?w=529&amp;ssl=1 529w, https://i0.wp.com/eltrabajo.cl/portal/wp-content/uploads/2014/09/Equipo2.jpg?resize=200%2C101&amp;ssl=1 200w, https://i0.wp.com/eltrabajo.cl/portal/wp-content/uploads/2014/09/Equipo2.jpg?resize=300%2C151&amp;ssl=1 300w, https://i0.wp.com/eltrabajo.cl/portal/wp-content/uploads/2014/09/Equipo2.jpg?resize=150%2C75&amp;ssl=1 150w, https://i0.wp.com/eltrabajo.cl/portal/wp-content/uploads/2014/09/Equipo2.jpg?resize=400%2C202&amp;ssl=1 400w" sizes="auto, (max-width: 300px) 100vw, 300px" /></a></p>
<p>El equipo de la Escuela José de San Martín, fue una amenaza constante para los ganadores, quedándose finalmente con el segundo puesto.</p>

<p>El equipo de la Escuela José de San Martín, fue una amenaza constante para los ganadores, quedándose finalmente con el segundo puesto.</p>

El equipo de la Escuela José de San Martín, fue una amenaza constante para los ganadores, quedándose finalmente con el segundo puesto.
