{"id":50689,"date":"2014-09-03T09:31:19","date_gmt":"2014-09-03T13:31:19","guid":{"rendered":"http:\/\/www.eltrabajo.cl\/portal\/wp-content\/uploads\/2014\/09\/Cinta2.jpg"},"modified":"2014-09-03T09:31:19","modified_gmt":"2014-09-03T13:31:19","slug":"cinta2","status":"inherit","type":"attachment","link":"https:\/\/eltrabajo.cl\/portal\/inauguran-remodelada-plaza-de-armas-para-los-santamarianos\/cinta2\/","title":{"rendered":"Cinta2"},"author":482,"featured_media":0,"comment_status":"open","ping_status":"closed","template":"","meta":{"advanced_seo_description":"","jetpack_seo_html_title":"","jetpack_seo_noindex":false},"class_list":["post-50689","attachment","type-attachment","status-inherit","hentry"],"jetpack_sharing_enabled":true,"jetpack_likes_enabled":true,"description":{"rendered":"<p class=\"attachment\"><a href=\"https:\/\/i0.wp.com\/eltrabajo.cl\/portal\/wp-content\/uploads\/2014\/09\/Cinta2.jpg?ssl=1\"><img loading=\"lazy\" decoding=\"async\" width=\"300\" height=\"203\" src=\"https:\/\/i0.wp.com\/eltrabajo.cl\/portal\/wp-content\/uploads\/2014\/09\/Cinta2.jpg?fit=300%2C203&amp;ssl=1\" class=\"attachment-medium size-medium\" alt=\"Una gran cantidad de p\u00fablico pudo disfrutar de una impecable ceremonia que incluy\u00f3, la presentaci\u00f3n de la Orquesta Juvenil e Infantil de Santa Mar\u00eda; del Grupo Ensamble Latinoamericano y de los cuatro grupos folcl\u00f3ricos activos en la comuna.\" srcset=\"https:\/\/i0.wp.com\/eltrabajo.cl\/portal\/wp-content\/uploads\/2014\/09\/Cinta2.jpg?w=528&amp;ssl=1 528w, https:\/\/i0.wp.com\/eltrabajo.cl\/portal\/wp-content\/uploads\/2014\/09\/Cinta2.jpg?resize=200%2C135&amp;ssl=1 200w, https:\/\/i0.wp.com\/eltrabajo.cl\/portal\/wp-content\/uploads\/2014\/09\/Cinta2.jpg?resize=300%2C203&amp;ssl=1 300w, https:\/\/i0.wp.com\/eltrabajo.cl\/portal\/wp-content\/uploads\/2014\/09\/Cinta2.jpg?resize=150%2C101&amp;ssl=1 150w, https:\/\/i0.wp.com\/eltrabajo.cl\/portal\/wp-content\/uploads\/2014\/09\/Cinta2.jpg?resize=400%2C271&amp;ssl=1 400w\" sizes=\"auto, (max-width: 300px) 100vw, 300px\" \/><\/a><\/p>\n<p>Una gran cantidad de p\u00fablico pudo disfrutar de una impecable ceremonia que incluy\u00f3, la presentaci\u00f3n de la Orquesta Juvenil e Infantil de Santa Mar\u00eda; del Grupo Ensamble Latinoamericano y de los cuatro grupos folcl\u00f3ricos activos en la comuna.<\/p>\n"},"caption":{"rendered":"<p>Una gran cantidad de p\u00fablico pudo disfrutar de una impecable ceremonia que incluy\u00f3, la presentaci\u00f3n de la Orquesta Juvenil e Infantil de Santa Mar\u00eda; del Grupo Ensamble Latinoamericano y de los cuatro grupos folcl\u00f3ricos activos en la comuna.<\/p>\n"},"alt_text":"Una gran cantidad de p\u00fablico pudo disfrutar de una impecable ceremonia que incluy\u00f3, la presentaci\u00f3n de la Orquesta Juvenil e Infantil de Santa Mar\u00eda; del Grupo Ensamble Latinoamericano y de los cuatro grupos folcl\u00f3ricos activos en la comuna.","media_type":"image","mime_type":"image\/jpeg","media_details":{"width":528,"height":358,"file":"2014\/09\/Cinta2.jpg","sizes":{"thumbnail":{"file":"Cinta2-200x135.jpg","width":200,"height":135,"mime_type":"image\/jpeg","source_url":"https:\/\/i0.wp.com\/eltrabajo.cl\/portal\/wp-content\/uploads\/2014\/09\/Cinta2.jpg?fit=200%2C135&ssl=1"},"medium":{"file":"Cinta2-300x203.jpg","width":300,"height":203,"mime_type":"image\/jpeg","source_url":"https:\/\/i0.wp.com\/eltrabajo.cl\/portal\/wp-content\/uploads\/2014\/09\/Cinta2.jpg?fit=300%2C203&ssl=1"},"post-thumbnail":{"file":"Cinta2-150x101.jpg","width":150,"height":101,"mime_type":"image\/jpeg","source_url":"https:\/\/i0.wp.com\/eltrabajo.cl\/portal\/wp-content\/uploads\/2014\/09\/Cinta2.jpg?fit=150%2C101&ssl=1"},"single-post-thumbnail":{"file":"Cinta2-400x271.jpg","width":400,"height":271,"mime_type":"image\/jpeg","source_url":"https:\/\/eltrabajo.cl\/portal\/wp-content\/uploads\/2014\/09\/Cinta2-400x271.jpg"},"full":{"file":"Cinta2.jpg?fit=528%2C358&ssl=1","width":528,"height":358,"mime_type":"image\/jpeg","source_url":"https:\/\/i0.wp.com\/eltrabajo.cl\/portal\/wp-content\/uploads\/2014\/09\/Cinta2.jpg?fit=528%2C358&ssl=1"}},"image_meta":{"aperture":0,"credit":"","camera":"","caption":"","created_timestamp":0,"copyright":"","focal_length":0,"iso":0,"shutter_speed":0,"title":""}},"post":50687,"source_url":"https:\/\/eltrabajo.cl\/portal\/wp-content\/uploads\/2014\/09\/Cinta2.jpg","_links":{"self":[{"href":"https:\/\/eltrabajo.cl\/portal\/wp-json\/wp\/v2\/media\/50689","targetHints":{"allow":["GET"]}}],"collection":[{"href":"https:\/\/eltrabajo.cl\/portal\/wp-json\/wp\/v2\/media"}],"about":[{"href":"https:\/\/eltrabajo.cl\/portal\/wp-json\/wp\/v2\/types\/attachment"}],"author":[{"embeddable":true,"href":"https:\/\/eltrabajo.cl\/portal\/wp-json\/wp\/v2\/users\/482"}],"replies":[{"embeddable":true,"href":"https:\/\/eltrabajo.cl\/portal\/wp-json\/wp\/v2\/comments?post=50689"}],"wp:attached-to":[{"embeddable":true,"post_type":"post","id":50687,"href":"https:\/\/eltrabajo.cl\/portal\/wp-json\/wp\/v2\/posts\/50687"}],"curies":[{"name":"wp","href":"https:\/\/api.w.org\/{rel}","templated":true}]}}

<p class="attachment"><a href="https://i0.wp.com/eltrabajo.cl/portal/wp-content/uploads/2014/09/Cinta2.jpg?ssl=1"><img loading="lazy" decoding="async" width="300" height="203" src="https://i0.wp.com/eltrabajo.cl/portal/wp-content/uploads/2014/09/Cinta2.jpg?fit=300%2C203&amp;ssl=1" class="attachment-medium size-medium" alt="Una gran cantidad de público pudo disfrutar de una impecable ceremonia que incluyó, la presentación de la Orquesta Juvenil e Infantil de Santa María; del Grupo Ensamble Latinoamericano y de los cuatro grupos folclóricos activos en la comuna." srcset="https://i0.wp.com/eltrabajo.cl/portal/wp-content/uploads/2014/09/Cinta2.jpg?w=528&amp;ssl=1 528w, https://i0.wp.com/eltrabajo.cl/portal/wp-content/uploads/2014/09/Cinta2.jpg?resize=200%2C135&amp;ssl=1 200w, https://i0.wp.com/eltrabajo.cl/portal/wp-content/uploads/2014/09/Cinta2.jpg?resize=300%2C203&amp;ssl=1 300w, https://i0.wp.com/eltrabajo.cl/portal/wp-content/uploads/2014/09/Cinta2.jpg?resize=150%2C101&amp;ssl=1 150w, https://i0.wp.com/eltrabajo.cl/portal/wp-content/uploads/2014/09/Cinta2.jpg?resize=400%2C271&amp;ssl=1 400w" sizes="auto, (max-width: 300px) 100vw, 300px" /></a></p>
<p>Una gran cantidad de público pudo disfrutar de una impecable ceremonia que incluyó, la presentación de la Orquesta Juvenil e Infantil de Santa María; del Grupo Ensamble Latinoamericano y de los cuatro grupos folclóricos activos en la comuna.</p>

<p>Una gran cantidad de público pudo disfrutar de una impecable ceremonia que incluyó, la presentación de la Orquesta Juvenil e Infantil de Santa María; del Grupo Ensamble Latinoamericano y de los cuatro grupos folclóricos activos en la comuna.</p>

Una gran cantidad de público pudo disfrutar de una impecable ceremonia que incluyó, la presentación de la Orquesta Juvenil e Infantil de Santa María; del Grupo Ensamble Latinoamericano y de los cuatro grupos folclóricos activos en la comuna.
