{"id":50806,"date":"2014-09-05T09:14:23","date_gmt":"2014-09-05T13:14:23","guid":{"rendered":"http:\/\/www.eltrabajo.cl\/portal\/wp-content\/uploads\/2014\/09\/Publico-1.jpg"},"modified":"2014-09-05T09:14:23","modified_gmt":"2014-09-05T13:14:23","slug":"publico-1","status":"inherit","type":"attachment","link":"https:\/\/eltrabajo.cl\/portal\/mas-de-1-200-empleos-ofrecio-la-4a-expo-feria-laboral-del-aiep\/publico-1\/","title":{"rendered":"Publico 1"},"author":482,"featured_media":0,"comment_status":"open","ping_status":"closed","template":"","meta":{"advanced_seo_description":"","jetpack_seo_html_title":"","jetpack_seo_noindex":false},"class_list":["post-50806","attachment","type-attachment","status-inherit","hentry"],"jetpack_sharing_enabled":true,"jetpack_likes_enabled":true,"description":{"rendered":"<p class=\"attachment\"><a href=\"https:\/\/i0.wp.com\/eltrabajo.cl\/portal\/wp-content\/uploads\/2014\/09\/Publico-1.jpg?ssl=1\"><img loading=\"lazy\" decoding=\"async\" width=\"300\" height=\"227\" src=\"https:\/\/i0.wp.com\/eltrabajo.cl\/portal\/wp-content\/uploads\/2014\/09\/Publico-1.jpg?fit=300%2C227&amp;ssl=1\" class=\"attachment-medium size-medium\" alt=\"Un gran n\u00famero de estudiantes y profesionales visitaron los stands ubicados en la Plaza C\u00edvica el d\u00eda de ayer jueves desde las 10:00 horas hasta las 17:00 horas, para entregar sus curriculum y postular a una gama de empleos disponibles.\" srcset=\"https:\/\/i0.wp.com\/eltrabajo.cl\/portal\/wp-content\/uploads\/2014\/09\/Publico-1.jpg?w=529&amp;ssl=1 529w, https:\/\/i0.wp.com\/eltrabajo.cl\/portal\/wp-content\/uploads\/2014\/09\/Publico-1.jpg?resize=197%2C150&amp;ssl=1 197w, https:\/\/i0.wp.com\/eltrabajo.cl\/portal\/wp-content\/uploads\/2014\/09\/Publico-1.jpg?resize=300%2C227&amp;ssl=1 300w, https:\/\/i0.wp.com\/eltrabajo.cl\/portal\/wp-content\/uploads\/2014\/09\/Publico-1.jpg?resize=150%2C113&amp;ssl=1 150w, https:\/\/i0.wp.com\/eltrabajo.cl\/portal\/wp-content\/uploads\/2014\/09\/Publico-1.jpg?resize=400%2C303&amp;ssl=1 400w\" sizes=\"auto, (max-width: 300px) 100vw, 300px\" \/><\/a><\/p>\n<p>Un gran n\u00famero de estudiantes y profesionales visitaron los stands ubicados en la Plaza C\u00edvica el d\u00eda de ayer jueves desde las 10:00 horas hasta las 17:00 horas, para entregar sus curriculum y postular a una gama de empleos disponibles.<\/p>\n"},"caption":{"rendered":"<p>Un gran n\u00famero de estudiantes y profesionales visitaron los stands ubicados en la Plaza C\u00edvica el d\u00eda de ayer jueves desde las 10:00 horas hasta las 17:00 horas, para entregar sus curriculum y postular a una gama de empleos disponibles.<\/p>\n"},"alt_text":"Un gran n\u00famero de estudiantes y profesionales visitaron los stands ubicados en la Plaza C\u00edvica el d\u00eda de ayer jueves desde las 10:00 horas hasta las 17:00 horas, para entregar sus curriculum y postular a una gama de empleos disponibles.","media_type":"image","mime_type":"image\/jpeg","media_details":{"width":529,"height":401,"file":"2014\/09\/Publico-1.jpg","sizes":{"thumbnail":{"file":"Publico-1-197x150.jpg","width":197,"height":150,"mime_type":"image\/jpeg","source_url":"https:\/\/i0.wp.com\/eltrabajo.cl\/portal\/wp-content\/uploads\/2014\/09\/Publico-1.jpg?fit=197%2C150&ssl=1"},"medium":{"file":"Publico-1-300x227.jpg","width":300,"height":227,"mime_type":"image\/jpeg","source_url":"https:\/\/i0.wp.com\/eltrabajo.cl\/portal\/wp-content\/uploads\/2014\/09\/Publico-1.jpg?fit=300%2C227&ssl=1"},"post-thumbnail":{"file":"Publico-1-150x113.jpg","width":150,"height":113,"mime_type":"image\/jpeg","source_url":"https:\/\/i0.wp.com\/eltrabajo.cl\/portal\/wp-content\/uploads\/2014\/09\/Publico-1.jpg?fit=150%2C113&ssl=1"},"single-post-thumbnail":{"file":"Publico-1-400x303.jpg","width":400,"height":303,"mime_type":"image\/jpeg","source_url":"https:\/\/eltrabajo.cl\/portal\/wp-content\/uploads\/2014\/09\/Publico-1-400x303.jpg"},"full":{"file":"Publico-1.jpg?fit=529%2C401&ssl=1","width":529,"height":401,"mime_type":"image\/jpeg","source_url":"https:\/\/i0.wp.com\/eltrabajo.cl\/portal\/wp-content\/uploads\/2014\/09\/Publico-1.jpg?fit=529%2C401&ssl=1"}},"image_meta":{"aperture":0,"credit":"","camera":"","caption":"","created_timestamp":0,"copyright":"","focal_length":0,"iso":0,"shutter_speed":0,"title":""}},"post":50804,"source_url":"https:\/\/eltrabajo.cl\/portal\/wp-content\/uploads\/2014\/09\/Publico-1.jpg","_links":{"self":[{"href":"https:\/\/eltrabajo.cl\/portal\/wp-json\/wp\/v2\/media\/50806","targetHints":{"allow":["GET"]}}],"collection":[{"href":"https:\/\/eltrabajo.cl\/portal\/wp-json\/wp\/v2\/media"}],"about":[{"href":"https:\/\/eltrabajo.cl\/portal\/wp-json\/wp\/v2\/types\/attachment"}],"author":[{"embeddable":true,"href":"https:\/\/eltrabajo.cl\/portal\/wp-json\/wp\/v2\/users\/482"}],"replies":[{"embeddable":true,"href":"https:\/\/eltrabajo.cl\/portal\/wp-json\/wp\/v2\/comments?post=50806"}],"wp:attached-to":[{"embeddable":true,"post_type":"post","id":50804,"href":"https:\/\/eltrabajo.cl\/portal\/wp-json\/wp\/v2\/posts\/50804"}],"curies":[{"name":"wp","href":"https:\/\/api.w.org\/{rel}","templated":true}]}}

<p class="attachment"><a href="https://i0.wp.com/eltrabajo.cl/portal/wp-content/uploads/2014/09/Publico-1.jpg?ssl=1"><img loading="lazy" decoding="async" width="300" height="227" src="https://i0.wp.com/eltrabajo.cl/portal/wp-content/uploads/2014/09/Publico-1.jpg?fit=300%2C227&amp;ssl=1" class="attachment-medium size-medium" alt="Un gran número de estudiantes y profesionales visitaron los stands ubicados en la Plaza Cívica el día de ayer jueves desde las 10:00 horas hasta las 17:00 horas, para entregar sus curriculum y postular a una gama de empleos disponibles." srcset="https://i0.wp.com/eltrabajo.cl/portal/wp-content/uploads/2014/09/Publico-1.jpg?w=529&amp;ssl=1 529w, https://i0.wp.com/eltrabajo.cl/portal/wp-content/uploads/2014/09/Publico-1.jpg?resize=197%2C150&amp;ssl=1 197w, https://i0.wp.com/eltrabajo.cl/portal/wp-content/uploads/2014/09/Publico-1.jpg?resize=300%2C227&amp;ssl=1 300w, https://i0.wp.com/eltrabajo.cl/portal/wp-content/uploads/2014/09/Publico-1.jpg?resize=150%2C113&amp;ssl=1 150w, https://i0.wp.com/eltrabajo.cl/portal/wp-content/uploads/2014/09/Publico-1.jpg?resize=400%2C303&amp;ssl=1 400w" sizes="auto, (max-width: 300px) 100vw, 300px" /></a></p>
<p>Un gran número de estudiantes y profesionales visitaron los stands ubicados en la Plaza Cívica el día de ayer jueves desde las 10:00 horas hasta las 17:00 horas, para entregar sus curriculum y postular a una gama de empleos disponibles.</p>

<p>Un gran número de estudiantes y profesionales visitaron los stands ubicados en la Plaza Cívica el día de ayer jueves desde las 10:00 horas hasta las 17:00 horas, para entregar sus curriculum y postular a una gama de empleos disponibles.</p>

Un gran número de estudiantes y profesionales visitaron los stands ubicados en la Plaza Cívica el día de ayer jueves desde las 10:00 horas hasta las 17:00 horas, para entregar sus curriculum y postular a una gama de empleos disponibles.
