{"id":51052,"date":"2014-09-11T09:43:16","date_gmt":"2014-09-11T12:43:16","guid":{"rendered":"http:\/\/www.eltrabajo.cl\/portal\/wp-content\/uploads\/2014\/09\/robo-sanfecoop4.jpg"},"modified":"2014-09-11T09:43:16","modified_gmt":"2014-09-11T12:43:16","slug":"robo-sanfecoop4","status":"inherit","type":"attachment","link":"https:\/\/eltrabajo.cl\/portal\/de-rodillas-suplico-por-su-vida-para-que-asaltante-no-la-matara\/robo-sanfecoop4\/","title":{"rendered":"robo sanfecoop4"},"author":482,"featured_media":0,"comment_status":"open","ping_status":"closed","template":"","meta":{"advanced_seo_description":"","jetpack_seo_html_title":"","jetpack_seo_noindex":false},"class_list":["post-51052","attachment","type-attachment","status-inherit","hentry"],"jetpack_sharing_enabled":true,"jetpack_likes_enabled":true,"description":{"rendered":"<p class=\"attachment\"><a href=\"https:\/\/i0.wp.com\/eltrabajo.cl\/portal\/wp-content\/uploads\/2014\/09\/robo-sanfecoop4.jpg?ssl=1\"><img loading=\"lazy\" decoding=\"async\" width=\"300\" height=\"286\" src=\"https:\/\/i0.wp.com\/eltrabajo.cl\/portal\/wp-content\/uploads\/2014\/09\/robo-sanfecoop4.jpg?fit=300%2C286&amp;ssl=1\" class=\"attachment-medium size-medium\" alt=\"EL COBARDE.- Hasta el momento este ser\u00eda el rostro del sujeto que captur\u00f3 la c\u00e1mara de seguridad de la oficina de la cooperativa, cuyas diligencias se encuentran a cargo de Carabineros.\" srcset=\"https:\/\/i0.wp.com\/eltrabajo.cl\/portal\/wp-content\/uploads\/2014\/09\/robo-sanfecoop4.jpg?w=529&amp;ssl=1 529w, https:\/\/i0.wp.com\/eltrabajo.cl\/portal\/wp-content\/uploads\/2014\/09\/robo-sanfecoop4.jpg?resize=157%2C150&amp;ssl=1 157w, https:\/\/i0.wp.com\/eltrabajo.cl\/portal\/wp-content\/uploads\/2014\/09\/robo-sanfecoop4.jpg?resize=300%2C286&amp;ssl=1 300w, https:\/\/i0.wp.com\/eltrabajo.cl\/portal\/wp-content\/uploads\/2014\/09\/robo-sanfecoop4.jpg?resize=150%2C143&amp;ssl=1 150w, https:\/\/i0.wp.com\/eltrabajo.cl\/portal\/wp-content\/uploads\/2014\/09\/robo-sanfecoop4.jpg?resize=400%2C381&amp;ssl=1 400w\" sizes=\"auto, (max-width: 300px) 100vw, 300px\" \/><\/a><\/p>\n<p>EL COBARDE.- Hasta el momento este ser\u00eda el rostro del sujeto que captur\u00f3 la c\u00e1mara de seguridad de la oficina de la cooperativa, cuyas diligencias se encuentran a cargo de Carabineros.<\/p>\n"},"caption":{"rendered":"<p>EL COBARDE.- Hasta el momento este ser\u00eda el rostro del sujeto que captur\u00f3 la c\u00e1mara de seguridad de la oficina de la cooperativa, cuyas diligencias se encuentran a cargo de Carabineros.<\/p>\n"},"alt_text":"EL COBARDE.- Hasta el momento este ser\u00eda el rostro del sujeto que captur\u00f3 la c\u00e1mara de seguridad de la oficina de la cooperativa, cuyas diligencias se encuentran a cargo de Carabineros.","media_type":"image","mime_type":"image\/jpeg","media_details":{"width":529,"height":505,"file":"2014\/09\/robo-sanfecoop4.jpg","sizes":{"thumbnail":{"file":"robo-sanfecoop4-157x150.jpg","width":157,"height":150,"mime_type":"image\/jpeg","source_url":"https:\/\/i0.wp.com\/eltrabajo.cl\/portal\/wp-content\/uploads\/2014\/09\/robo-sanfecoop4.jpg?fit=157%2C150&ssl=1"},"medium":{"file":"robo-sanfecoop4-300x286.jpg","width":300,"height":286,"mime_type":"image\/jpeg","source_url":"https:\/\/i0.wp.com\/eltrabajo.cl\/portal\/wp-content\/uploads\/2014\/09\/robo-sanfecoop4.jpg?fit=300%2C286&ssl=1"},"post-thumbnail":{"file":"robo-sanfecoop4-150x143.jpg","width":150,"height":143,"mime_type":"image\/jpeg","source_url":"https:\/\/i0.wp.com\/eltrabajo.cl\/portal\/wp-content\/uploads\/2014\/09\/robo-sanfecoop4.jpg?fit=150%2C143&ssl=1"},"single-post-thumbnail":{"file":"robo-sanfecoop4-400x381.jpg","width":400,"height":381,"mime_type":"image\/jpeg","source_url":"https:\/\/eltrabajo.cl\/portal\/wp-content\/uploads\/2014\/09\/robo-sanfecoop4-400x381.jpg"},"full":{"file":"robo-sanfecoop4.jpg?fit=529%2C505&ssl=1","width":529,"height":505,"mime_type":"image\/jpeg","source_url":"https:\/\/i0.wp.com\/eltrabajo.cl\/portal\/wp-content\/uploads\/2014\/09\/robo-sanfecoop4.jpg?fit=529%2C505&ssl=1"}},"image_meta":{"aperture":0,"credit":"","camera":"","caption":"","created_timestamp":0,"copyright":"","focal_length":0,"iso":0,"shutter_speed":0,"title":""}},"post":51048,"source_url":"https:\/\/eltrabajo.cl\/portal\/wp-content\/uploads\/2014\/09\/robo-sanfecoop4.jpg","_links":{"self":[{"href":"https:\/\/eltrabajo.cl\/portal\/wp-json\/wp\/v2\/media\/51052","targetHints":{"allow":["GET"]}}],"collection":[{"href":"https:\/\/eltrabajo.cl\/portal\/wp-json\/wp\/v2\/media"}],"about":[{"href":"https:\/\/eltrabajo.cl\/portal\/wp-json\/wp\/v2\/types\/attachment"}],"author":[{"embeddable":true,"href":"https:\/\/eltrabajo.cl\/portal\/wp-json\/wp\/v2\/users\/482"}],"replies":[{"embeddable":true,"href":"https:\/\/eltrabajo.cl\/portal\/wp-json\/wp\/v2\/comments?post=51052"}],"wp:attached-to":[{"embeddable":true,"post_type":"post","id":51048,"href":"https:\/\/eltrabajo.cl\/portal\/wp-json\/wp\/v2\/posts\/51048"}],"curies":[{"name":"wp","href":"https:\/\/api.w.org\/{rel}","templated":true}]}}

<p class="attachment"><a href="https://i0.wp.com/eltrabajo.cl/portal/wp-content/uploads/2014/09/robo-sanfecoop4.jpg?ssl=1"><img loading="lazy" decoding="async" width="300" height="286" src="https://i0.wp.com/eltrabajo.cl/portal/wp-content/uploads/2014/09/robo-sanfecoop4.jpg?fit=300%2C286&amp;ssl=1" class="attachment-medium size-medium" alt="EL COBARDE.- Hasta el momento este sería el rostro del sujeto que capturó la cámara de seguridad de la oficina de la cooperativa, cuyas diligencias se encuentran a cargo de Carabineros." srcset="https://i0.wp.com/eltrabajo.cl/portal/wp-content/uploads/2014/09/robo-sanfecoop4.jpg?w=529&amp;ssl=1 529w, https://i0.wp.com/eltrabajo.cl/portal/wp-content/uploads/2014/09/robo-sanfecoop4.jpg?resize=157%2C150&amp;ssl=1 157w, https://i0.wp.com/eltrabajo.cl/portal/wp-content/uploads/2014/09/robo-sanfecoop4.jpg?resize=300%2C286&amp;ssl=1 300w, https://i0.wp.com/eltrabajo.cl/portal/wp-content/uploads/2014/09/robo-sanfecoop4.jpg?resize=150%2C143&amp;ssl=1 150w, https://i0.wp.com/eltrabajo.cl/portal/wp-content/uploads/2014/09/robo-sanfecoop4.jpg?resize=400%2C381&amp;ssl=1 400w" sizes="auto, (max-width: 300px) 100vw, 300px" /></a></p>
<p>EL COBARDE.- Hasta el momento este sería el rostro del sujeto que capturó la cámara de seguridad de la oficina de la cooperativa, cuyas diligencias se encuentran a cargo de Carabineros.</p>

<p>EL COBARDE.- Hasta el momento este sería el rostro del sujeto que capturó la cámara de seguridad de la oficina de la cooperativa, cuyas diligencias se encuentran a cargo de Carabineros.</p>

EL COBARDE.- Hasta el momento este sería el rostro del sujeto que capturó la cámara de seguridad de la oficina de la cooperativa, cuyas diligencias se encuentran a cargo de Carabineros.
