{"id":51132,"date":"2014-09-15T09:20:17","date_gmt":"2014-09-15T12:20:17","guid":{"rendered":"http:\/\/www.eltrabajo.cl\/portal\/wp-content\/uploads\/2014\/09\/Misa3.jpg"},"modified":"2014-09-15T09:20:17","modified_gmt":"2014-09-15T12:20:17","slug":"misa3","status":"inherit","type":"attachment","link":"https:\/\/eltrabajo.cl\/portal\/un-exito-fue-primera-fiesta-viva-chile-viva-mi-tierra-san-felipe-2014\/misa3\/","title":{"rendered":"Misa3"},"author":482,"featured_media":0,"comment_status":"open","ping_status":"closed","template":"","meta":{"advanced_seo_description":"","jetpack_seo_html_title":"","jetpack_seo_noindex":false},"class_list":["post-51132","attachment","type-attachment","status-inherit","hentry"],"jetpack_sharing_enabled":true,"jetpack_likes_enabled":true,"description":{"rendered":"<p class=\"attachment\"><a href=\"https:\/\/i0.wp.com\/eltrabajo.cl\/portal\/wp-content\/uploads\/2014\/09\/Misa3.jpg?ssl=1\"><img loading=\"lazy\" decoding=\"async\" width=\"300\" height=\"202\" src=\"https:\/\/i0.wp.com\/eltrabajo.cl\/portal\/wp-content\/uploads\/2014\/09\/Misa3.jpg?fit=300%2C202&amp;ssl=1\" class=\"attachment-medium size-medium\" alt=\"Aunque estaba previsto originalmente que la fiesta fuera el s\u00e1bado y domingo, el sistema frontal que afect\u00f3 a San Felipe oblig\u00f3 a retrasarla un d\u00eda.\" srcset=\"https:\/\/i0.wp.com\/eltrabajo.cl\/portal\/wp-content\/uploads\/2014\/09\/Misa3.jpg?w=529&amp;ssl=1 529w, https:\/\/i0.wp.com\/eltrabajo.cl\/portal\/wp-content\/uploads\/2014\/09\/Misa3.jpg?resize=200%2C134&amp;ssl=1 200w, https:\/\/i0.wp.com\/eltrabajo.cl\/portal\/wp-content\/uploads\/2014\/09\/Misa3.jpg?resize=300%2C202&amp;ssl=1 300w, https:\/\/i0.wp.com\/eltrabajo.cl\/portal\/wp-content\/uploads\/2014\/09\/Misa3.jpg?resize=150%2C101&amp;ssl=1 150w, https:\/\/i0.wp.com\/eltrabajo.cl\/portal\/wp-content\/uploads\/2014\/09\/Misa3.jpg?resize=400%2C269&amp;ssl=1 400w\" sizes=\"auto, (max-width: 300px) 100vw, 300px\" \/><\/a><\/p>\n<p>Aunque estaba previsto originalmente que la fiesta fuera el s\u00e1bado y domingo, el sistema frontal que afect\u00f3 a San Felipe oblig\u00f3 a retrasarla un d\u00eda.<\/p>\n"},"caption":{"rendered":"<p>Aunque estaba previsto originalmente que la fiesta fuera el s\u00e1bado y domingo, el sistema frontal que afect\u00f3 a San Felipe oblig\u00f3 a retrasarla un d\u00eda.<\/p>\n"},"alt_text":"Aunque estaba previsto originalmente que la fiesta fuera el s\u00e1bado y domingo, el sistema frontal que afect\u00f3 a San Felipe oblig\u00f3 a retrasarla un d\u00eda.","media_type":"image","mime_type":"image\/jpeg","media_details":{"width":529,"height":357,"file":"2014\/09\/Misa3.jpg","sizes":{"thumbnail":{"file":"Misa3-200x134.jpg","width":200,"height":134,"mime_type":"image\/jpeg","source_url":"https:\/\/i0.wp.com\/eltrabajo.cl\/portal\/wp-content\/uploads\/2014\/09\/Misa3.jpg?fit=200%2C134&ssl=1"},"medium":{"file":"Misa3-300x202.jpg","width":300,"height":202,"mime_type":"image\/jpeg","source_url":"https:\/\/i0.wp.com\/eltrabajo.cl\/portal\/wp-content\/uploads\/2014\/09\/Misa3.jpg?fit=300%2C202&ssl=1"},"post-thumbnail":{"file":"Misa3-150x101.jpg","width":150,"height":101,"mime_type":"image\/jpeg","source_url":"https:\/\/i0.wp.com\/eltrabajo.cl\/portal\/wp-content\/uploads\/2014\/09\/Misa3.jpg?fit=150%2C101&ssl=1"},"single-post-thumbnail":{"file":"Misa3-400x269.jpg","width":400,"height":269,"mime_type":"image\/jpeg","source_url":"https:\/\/eltrabajo.cl\/portal\/wp-content\/uploads\/2014\/09\/Misa3-400x269.jpg"},"full":{"file":"Misa3.jpg?fit=529%2C357&ssl=1","width":529,"height":357,"mime_type":"image\/jpeg","source_url":"https:\/\/i0.wp.com\/eltrabajo.cl\/portal\/wp-content\/uploads\/2014\/09\/Misa3.jpg?fit=529%2C357&ssl=1"}},"image_meta":{"aperture":0,"credit":"","camera":"","caption":"","created_timestamp":0,"copyright":"","focal_length":0,"iso":0,"shutter_speed":0,"title":""}},"post":51129,"source_url":"https:\/\/eltrabajo.cl\/portal\/wp-content\/uploads\/2014\/09\/Misa3.jpg","_links":{"self":[{"href":"https:\/\/eltrabajo.cl\/portal\/wp-json\/wp\/v2\/media\/51132","targetHints":{"allow":["GET"]}}],"collection":[{"href":"https:\/\/eltrabajo.cl\/portal\/wp-json\/wp\/v2\/media"}],"about":[{"href":"https:\/\/eltrabajo.cl\/portal\/wp-json\/wp\/v2\/types\/attachment"}],"author":[{"embeddable":true,"href":"https:\/\/eltrabajo.cl\/portal\/wp-json\/wp\/v2\/users\/482"}],"replies":[{"embeddable":true,"href":"https:\/\/eltrabajo.cl\/portal\/wp-json\/wp\/v2\/comments?post=51132"}],"wp:attached-to":[{"embeddable":true,"post_type":"post","id":51129,"href":"https:\/\/eltrabajo.cl\/portal\/wp-json\/wp\/v2\/posts\/51129"}],"curies":[{"name":"wp","href":"https:\/\/api.w.org\/{rel}","templated":true}]}}

<p class="attachment"><a href="https://i0.wp.com/eltrabajo.cl/portal/wp-content/uploads/2014/09/Misa3.jpg?ssl=1"><img loading="lazy" decoding="async" width="300" height="202" src="https://i0.wp.com/eltrabajo.cl/portal/wp-content/uploads/2014/09/Misa3.jpg?fit=300%2C202&amp;ssl=1" class="attachment-medium size-medium" alt="Aunque estaba previsto originalmente que la fiesta fuera el sábado y domingo, el sistema frontal que afectó a San Felipe obligó a retrasarla un día." srcset="https://i0.wp.com/eltrabajo.cl/portal/wp-content/uploads/2014/09/Misa3.jpg?w=529&amp;ssl=1 529w, https://i0.wp.com/eltrabajo.cl/portal/wp-content/uploads/2014/09/Misa3.jpg?resize=200%2C134&amp;ssl=1 200w, https://i0.wp.com/eltrabajo.cl/portal/wp-content/uploads/2014/09/Misa3.jpg?resize=300%2C202&amp;ssl=1 300w, https://i0.wp.com/eltrabajo.cl/portal/wp-content/uploads/2014/09/Misa3.jpg?resize=150%2C101&amp;ssl=1 150w, https://i0.wp.com/eltrabajo.cl/portal/wp-content/uploads/2014/09/Misa3.jpg?resize=400%2C269&amp;ssl=1 400w" sizes="auto, (max-width: 300px) 100vw, 300px" /></a></p>
<p>Aunque estaba previsto originalmente que la fiesta fuera el sábado y domingo, el sistema frontal que afectó a San Felipe obligó a retrasarla un día.</p>

<p>Aunque estaba previsto originalmente que la fiesta fuera el sábado y domingo, el sistema frontal que afectó a San Felipe obligó a retrasarla un día.</p>

Aunque estaba previsto originalmente que la fiesta fuera el sábado y domingo, el sistema frontal que afectó a San Felipe obligó a retrasarla un día.
