{"id":51324,"date":"2014-09-22T09:19:57","date_gmt":"2014-09-22T12:19:57","guid":{"rendered":"http:\/\/www.eltrabajo.cl\/portal\/wp-content\/uploads\/2014\/09\/Ramada1.jpg"},"modified":"2014-09-22T09:19:57","modified_gmt":"2014-09-22T12:19:57","slug":"ramada1-2","status":"inherit","type":"attachment","link":"https:\/\/eltrabajo.cl\/portal\/miles-de-personas-visitaron-putaendo-y-las-fiestas-patrias\/ramada1-2\/","title":{"rendered":"Ramada1"},"author":482,"featured_media":0,"comment_status":"open","ping_status":"closed","template":"","meta":{"advanced_seo_description":"","jetpack_seo_html_title":"","jetpack_seo_noindex":false},"class_list":["post-51324","attachment","type-attachment","status-inherit","hentry"],"jetpack_sharing_enabled":true,"jetpack_likes_enabled":true,"description":{"rendered":"<p class=\"attachment\"><a href=\"https:\/\/i0.wp.com\/eltrabajo.cl\/portal\/wp-content\/uploads\/2014\/09\/Ramada1.jpg?ssl=1\"><img loading=\"lazy\" decoding=\"async\" width=\"300\" height=\"203\" src=\"https:\/\/i0.wp.com\/eltrabajo.cl\/portal\/wp-content\/uploads\/2014\/09\/Ramada1.jpg?fit=300%2C203&amp;ssl=1\" class=\"attachment-medium size-medium\" alt=\"En la medialuna de Guzmanes, la fiesta tambi\u00e9n fue en grande y el rodeo laboral no tan s\u00f3lo congreg\u00f3 a los amantes del rodeo, sino a cientos de personas que llegaron hasta ese tranquilo sector.\" srcset=\"https:\/\/i0.wp.com\/eltrabajo.cl\/portal\/wp-content\/uploads\/2014\/09\/Ramada1.jpg?w=529&amp;ssl=1 529w, https:\/\/i0.wp.com\/eltrabajo.cl\/portal\/wp-content\/uploads\/2014\/09\/Ramada1.jpg?resize=200%2C135&amp;ssl=1 200w, https:\/\/i0.wp.com\/eltrabajo.cl\/portal\/wp-content\/uploads\/2014\/09\/Ramada1.jpg?resize=300%2C203&amp;ssl=1 300w, https:\/\/i0.wp.com\/eltrabajo.cl\/portal\/wp-content\/uploads\/2014\/09\/Ramada1.jpg?resize=150%2C101&amp;ssl=1 150w, https:\/\/i0.wp.com\/eltrabajo.cl\/portal\/wp-content\/uploads\/2014\/09\/Ramada1.jpg?resize=400%2C270&amp;ssl=1 400w\" sizes=\"auto, (max-width: 300px) 100vw, 300px\" \/><\/a><\/p>\n<p>En la medialuna de Guzmanes, la fiesta tambi\u00e9n fue en grande y el rodeo laboral no tan s\u00f3lo congreg\u00f3 a los amantes del rodeo, sino a cientos de personas que llegaron hasta ese tranquilo sector.<\/p>\n"},"caption":{"rendered":"<p>En la medialuna de Guzmanes, la fiesta tambi\u00e9n fue en grande y el rodeo laboral no tan s\u00f3lo congreg\u00f3 a los amantes del rodeo, sino a cientos de personas que llegaron hasta ese tranquilo sector.<\/p>\n"},"alt_text":"En la medialuna de Guzmanes, la fiesta tambi\u00e9n fue en grande y el rodeo laboral no tan s\u00f3lo congreg\u00f3 a los amantes del rodeo, sino a cientos de personas que llegaron hasta ese tranquilo sector.","media_type":"image","mime_type":"image\/jpeg","media_details":{"width":529,"height":358,"file":"2014\/09\/Ramada1.jpg","sizes":{"thumbnail":{"file":"Ramada1-200x135.jpg","width":200,"height":135,"mime_type":"image\/jpeg","source_url":"https:\/\/i0.wp.com\/eltrabajo.cl\/portal\/wp-content\/uploads\/2014\/09\/Ramada1.jpg?fit=200%2C135&ssl=1"},"medium":{"file":"Ramada1-300x203.jpg","width":300,"height":203,"mime_type":"image\/jpeg","source_url":"https:\/\/i0.wp.com\/eltrabajo.cl\/portal\/wp-content\/uploads\/2014\/09\/Ramada1.jpg?fit=300%2C203&ssl=1"},"post-thumbnail":{"file":"Ramada1-150x101.jpg","width":150,"height":101,"mime_type":"image\/jpeg","source_url":"https:\/\/i0.wp.com\/eltrabajo.cl\/portal\/wp-content\/uploads\/2014\/09\/Ramada1.jpg?fit=150%2C101&ssl=1"},"single-post-thumbnail":{"file":"Ramada1-400x270.jpg","width":400,"height":270,"mime_type":"image\/jpeg","source_url":"https:\/\/eltrabajo.cl\/portal\/wp-content\/uploads\/2014\/09\/Ramada1-400x270.jpg"},"full":{"file":"Ramada1.jpg?fit=529%2C358&ssl=1","width":529,"height":358,"mime_type":"image\/jpeg","source_url":"https:\/\/i0.wp.com\/eltrabajo.cl\/portal\/wp-content\/uploads\/2014\/09\/Ramada1.jpg?fit=529%2C358&ssl=1"}},"image_meta":{"aperture":0,"credit":"","camera":"","caption":"","created_timestamp":0,"copyright":"[wopmind]","focal_length":0,"iso":0,"shutter_speed":0,"title":""}},"post":51322,"source_url":"https:\/\/eltrabajo.cl\/portal\/wp-content\/uploads\/2014\/09\/Ramada1.jpg","_links":{"self":[{"href":"https:\/\/eltrabajo.cl\/portal\/wp-json\/wp\/v2\/media\/51324","targetHints":{"allow":["GET"]}}],"collection":[{"href":"https:\/\/eltrabajo.cl\/portal\/wp-json\/wp\/v2\/media"}],"about":[{"href":"https:\/\/eltrabajo.cl\/portal\/wp-json\/wp\/v2\/types\/attachment"}],"author":[{"embeddable":true,"href":"https:\/\/eltrabajo.cl\/portal\/wp-json\/wp\/v2\/users\/482"}],"replies":[{"embeddable":true,"href":"https:\/\/eltrabajo.cl\/portal\/wp-json\/wp\/v2\/comments?post=51324"}],"wp:attached-to":[{"embeddable":true,"post_type":"post","id":51322,"href":"https:\/\/eltrabajo.cl\/portal\/wp-json\/wp\/v2\/posts\/51322"}],"curies":[{"name":"wp","href":"https:\/\/api.w.org\/{rel}","templated":true}]}}

<p class="attachment"><a href="https://i0.wp.com/eltrabajo.cl/portal/wp-content/uploads/2014/09/Ramada1.jpg?ssl=1"><img loading="lazy" decoding="async" width="300" height="203" src="https://i0.wp.com/eltrabajo.cl/portal/wp-content/uploads/2014/09/Ramada1.jpg?fit=300%2C203&amp;ssl=1" class="attachment-medium size-medium" alt="En la medialuna de Guzmanes, la fiesta también fue en grande y el rodeo laboral no tan sólo congregó a los amantes del rodeo, sino a cientos de personas que llegaron hasta ese tranquilo sector." srcset="https://i0.wp.com/eltrabajo.cl/portal/wp-content/uploads/2014/09/Ramada1.jpg?w=529&amp;ssl=1 529w, https://i0.wp.com/eltrabajo.cl/portal/wp-content/uploads/2014/09/Ramada1.jpg?resize=200%2C135&amp;ssl=1 200w, https://i0.wp.com/eltrabajo.cl/portal/wp-content/uploads/2014/09/Ramada1.jpg?resize=300%2C203&amp;ssl=1 300w, https://i0.wp.com/eltrabajo.cl/portal/wp-content/uploads/2014/09/Ramada1.jpg?resize=150%2C101&amp;ssl=1 150w, https://i0.wp.com/eltrabajo.cl/portal/wp-content/uploads/2014/09/Ramada1.jpg?resize=400%2C270&amp;ssl=1 400w" sizes="auto, (max-width: 300px) 100vw, 300px" /></a></p>
<p>En la medialuna de Guzmanes, la fiesta también fue en grande y el rodeo laboral no tan sólo congregó a los amantes del rodeo, sino a cientos de personas que llegaron hasta ese tranquilo sector.</p>

<p>En la medialuna de Guzmanes, la fiesta también fue en grande y el rodeo laboral no tan sólo congregó a los amantes del rodeo, sino a cientos de personas que llegaron hasta ese tranquilo sector.</p>

En la medialuna de Guzmanes, la fiesta también fue en grande y el rodeo laboral no tan sólo congregó a los amantes del rodeo, sino a cientos de personas que llegaron hasta ese tranquilo sector.
