{"id":51373,"date":"2014-09-23T08:57:10","date_gmt":"2014-09-23T11:57:10","guid":{"rendered":"http:\/\/www.eltrabajo.cl\/portal\/wp-content\/uploads\/2014\/09\/Ramada3.jpg"},"modified":"2014-09-23T08:57:10","modified_gmt":"2014-09-23T11:57:10","slug":"ramada3","status":"inherit","type":"attachment","link":"https:\/\/eltrabajo.cl\/portal\/la-familia-sanchez-hizo-de-las-suyas-en-estas-fiestas-patrias\/ramada3\/","title":{"rendered":"Ramada3"},"author":482,"featured_media":0,"comment_status":"open","ping_status":"closed","template":"","meta":{"advanced_seo_description":"","jetpack_seo_html_title":"","jetpack_seo_noindex":false},"class_list":["post-51373","attachment","type-attachment","status-inherit","hentry"],"jetpack_sharing_enabled":true,"jetpack_likes_enabled":true,"description":{"rendered":"<p class=\"attachment\"><a href=\"https:\/\/i0.wp.com\/eltrabajo.cl\/portal\/wp-content\/uploads\/2014\/09\/Ramada3.jpg?ssl=1\"><img loading=\"lazy\" decoding=\"async\" width=\"300\" height=\"265\" src=\"https:\/\/i0.wp.com\/eltrabajo.cl\/portal\/wp-content\/uploads\/2014\/09\/Ramada3.jpg?fit=300%2C265&amp;ssl=1\" class=\"attachment-medium size-medium\" alt=\"ELECTRIZANTE.- Volando por los aires, esta jovencita no se limit\u00f3 a estar viendo el show desde la barrera, ella salt\u00f3 a la aventura y lo pas\u00f3 concho en estas Fiestas Patrias.\" srcset=\"https:\/\/i0.wp.com\/eltrabajo.cl\/portal\/wp-content\/uploads\/2014\/09\/Ramada3.jpg?w=529&amp;ssl=1 529w, https:\/\/i0.wp.com\/eltrabajo.cl\/portal\/wp-content\/uploads\/2014\/09\/Ramada3.jpg?resize=169%2C150&amp;ssl=1 169w, https:\/\/i0.wp.com\/eltrabajo.cl\/portal\/wp-content\/uploads\/2014\/09\/Ramada3.jpg?resize=300%2C265&amp;ssl=1 300w, https:\/\/i0.wp.com\/eltrabajo.cl\/portal\/wp-content\/uploads\/2014\/09\/Ramada3.jpg?resize=150%2C132&amp;ssl=1 150w, https:\/\/i0.wp.com\/eltrabajo.cl\/portal\/wp-content\/uploads\/2014\/09\/Ramada3.jpg?resize=400%2C354&amp;ssl=1 400w\" sizes=\"auto, (max-width: 300px) 100vw, 300px\" \/><\/a><\/p>\n<p>ELECTRIZANTE.- Volando por los aires, esta jovencita no se limit\u00f3 a estar viendo el show desde la barrera, ella salt\u00f3 a la aventura y lo pas\u00f3 concho en estas Fiestas Patrias.<\/p>\n"},"caption":{"rendered":"<p>ELECTRIZANTE.- Volando por los aires, esta jovencita no se limit\u00f3 a estar viendo el show desde la barrera, ella salt\u00f3 a la aventura y lo pas\u00f3 concho en estas Fiestas Patrias.<\/p>\n"},"alt_text":"ELECTRIZANTE.- Volando por los aires, esta jovencita no se limit\u00f3 a estar viendo el show desde la barrera, ella salt\u00f3 a la aventura y lo pas\u00f3 concho en estas Fiestas Patrias.","media_type":"image","mime_type":"image\/jpeg","media_details":{"width":529,"height":469,"file":"2014\/09\/Ramada3.jpg","sizes":{"thumbnail":{"file":"Ramada3-169x150.jpg","width":169,"height":150,"mime_type":"image\/jpeg","source_url":"https:\/\/i0.wp.com\/eltrabajo.cl\/portal\/wp-content\/uploads\/2014\/09\/Ramada3.jpg?fit=169%2C150&ssl=1"},"medium":{"file":"Ramada3-300x265.jpg","width":300,"height":265,"mime_type":"image\/jpeg","source_url":"https:\/\/i0.wp.com\/eltrabajo.cl\/portal\/wp-content\/uploads\/2014\/09\/Ramada3.jpg?fit=300%2C265&ssl=1"},"post-thumbnail":{"file":"Ramada3-150x132.jpg","width":150,"height":132,"mime_type":"image\/jpeg","source_url":"https:\/\/i0.wp.com\/eltrabajo.cl\/portal\/wp-content\/uploads\/2014\/09\/Ramada3.jpg?fit=150%2C132&ssl=1"},"single-post-thumbnail":{"file":"Ramada3-400x354.jpg","width":400,"height":354,"mime_type":"image\/jpeg","source_url":"https:\/\/eltrabajo.cl\/portal\/wp-content\/uploads\/2014\/09\/Ramada3-400x354.jpg"},"full":{"file":"Ramada3.jpg?fit=529%2C469&ssl=1","width":529,"height":469,"mime_type":"image\/jpeg","source_url":"https:\/\/i0.wp.com\/eltrabajo.cl\/portal\/wp-content\/uploads\/2014\/09\/Ramada3.jpg?fit=529%2C469&ssl=1"}},"image_meta":{"aperture":0,"credit":"","camera":"","caption":"","created_timestamp":0,"copyright":"","focal_length":0,"iso":0,"shutter_speed":0,"title":""}},"post":51370,"source_url":"https:\/\/eltrabajo.cl\/portal\/wp-content\/uploads\/2014\/09\/Ramada3.jpg","_links":{"self":[{"href":"https:\/\/eltrabajo.cl\/portal\/wp-json\/wp\/v2\/media\/51373","targetHints":{"allow":["GET"]}}],"collection":[{"href":"https:\/\/eltrabajo.cl\/portal\/wp-json\/wp\/v2\/media"}],"about":[{"href":"https:\/\/eltrabajo.cl\/portal\/wp-json\/wp\/v2\/types\/attachment"}],"author":[{"embeddable":true,"href":"https:\/\/eltrabajo.cl\/portal\/wp-json\/wp\/v2\/users\/482"}],"replies":[{"embeddable":true,"href":"https:\/\/eltrabajo.cl\/portal\/wp-json\/wp\/v2\/comments?post=51373"}],"wp:attached-to":[{"embeddable":true,"post_type":"post","id":51370,"href":"https:\/\/eltrabajo.cl\/portal\/wp-json\/wp\/v2\/posts\/51370"}],"curies":[{"name":"wp","href":"https:\/\/api.w.org\/{rel}","templated":true}]}}

<p class="attachment"><a href="https://i0.wp.com/eltrabajo.cl/portal/wp-content/uploads/2014/09/Ramada3.jpg?ssl=1"><img loading="lazy" decoding="async" width="300" height="265" src="https://i0.wp.com/eltrabajo.cl/portal/wp-content/uploads/2014/09/Ramada3.jpg?fit=300%2C265&amp;ssl=1" class="attachment-medium size-medium" alt="ELECTRIZANTE.- Volando por los aires, esta jovencita no se limitó a estar viendo el show desde la barrera, ella saltó a la aventura y lo pasó concho en estas Fiestas Patrias." srcset="https://i0.wp.com/eltrabajo.cl/portal/wp-content/uploads/2014/09/Ramada3.jpg?w=529&amp;ssl=1 529w, https://i0.wp.com/eltrabajo.cl/portal/wp-content/uploads/2014/09/Ramada3.jpg?resize=169%2C150&amp;ssl=1 169w, https://i0.wp.com/eltrabajo.cl/portal/wp-content/uploads/2014/09/Ramada3.jpg?resize=300%2C265&amp;ssl=1 300w, https://i0.wp.com/eltrabajo.cl/portal/wp-content/uploads/2014/09/Ramada3.jpg?resize=150%2C132&amp;ssl=1 150w, https://i0.wp.com/eltrabajo.cl/portal/wp-content/uploads/2014/09/Ramada3.jpg?resize=400%2C354&amp;ssl=1 400w" sizes="auto, (max-width: 300px) 100vw, 300px" /></a></p>
<p>ELECTRIZANTE.- Volando por los aires, esta jovencita no se limitó a estar viendo el show desde la barrera, ella saltó a la aventura y lo pasó concho en estas Fiestas Patrias.</p>

<p>ELECTRIZANTE.- Volando por los aires, esta jovencita no se limitó a estar viendo el show desde la barrera, ella saltó a la aventura y lo pasó concho en estas Fiestas Patrias.</p>

ELECTRIZANTE.- Volando por los aires, esta jovencita no se limitó a estar viendo el show desde la barrera, ella saltó a la aventura y lo pasó concho en estas Fiestas Patrias.
