{"id":51594,"date":"2014-09-29T12:36:13","date_gmt":"2014-09-29T15:36:13","guid":{"rendered":"http:\/\/www.eltrabajo.cl\/portal\/wp-content\/uploads\/2014\/09\/bici-5.jpg"},"modified":"2014-09-29T12:36:13","modified_gmt":"2014-09-29T15:36:13","slug":"bici-5","status":"inherit","type":"attachment","link":"https:\/\/eltrabajo.cl\/portal\/bicitour-recorrio-distintos-sectores-icono-de-la-salud-en-san-felipe\/bici-5\/","title":{"rendered":"bici 5"},"author":482,"featured_media":0,"comment_status":"open","ping_status":"closed","template":"","meta":{"advanced_seo_description":"","jetpack_seo_html_title":"","jetpack_seo_noindex":false},"class_list":["post-51594","attachment","type-attachment","status-inherit","hentry"],"jetpack_sharing_enabled":true,"jetpack_likes_enabled":true,"description":{"rendered":"<p class=\"attachment\"><a href=\"https:\/\/i0.wp.com\/eltrabajo.cl\/portal\/wp-content\/uploads\/2014\/09\/bici-5.jpg?ssl=1\"><img loading=\"lazy\" decoding=\"async\" width=\"300\" height=\"172\" src=\"https:\/\/i0.wp.com\/eltrabajo.cl\/portal\/wp-content\/uploads\/2014\/09\/bici-5.jpg?fit=300%2C172&amp;ssl=1\" class=\"attachment-medium size-medium\" alt=\"Para el pr\u00f3ximo 18 de octubre, est\u00e1 contemplado un nuevo bicitour, donde se considera visitar la Escuela Agr\u00edcola de San Felipe.\" srcset=\"https:\/\/i0.wp.com\/eltrabajo.cl\/portal\/wp-content\/uploads\/2014\/09\/bici-5.jpg?w=529&amp;ssl=1 529w, https:\/\/i0.wp.com\/eltrabajo.cl\/portal\/wp-content\/uploads\/2014\/09\/bici-5.jpg?resize=200%2C115&amp;ssl=1 200w, https:\/\/i0.wp.com\/eltrabajo.cl\/portal\/wp-content\/uploads\/2014\/09\/bici-5.jpg?resize=300%2C172&amp;ssl=1 300w, https:\/\/i0.wp.com\/eltrabajo.cl\/portal\/wp-content\/uploads\/2014\/09\/bici-5.jpg?resize=150%2C86&amp;ssl=1 150w, https:\/\/i0.wp.com\/eltrabajo.cl\/portal\/wp-content\/uploads\/2014\/09\/bici-5.jpg?resize=400%2C230&amp;ssl=1 400w\" sizes=\"auto, (max-width: 300px) 100vw, 300px\" \/><\/a><\/p>\n<p>Para el pr\u00f3ximo 18 de octubre, est\u00e1 contemplado un nuevo bicitour, donde se considera visitar la Escuela Agr\u00edcola de San Felipe.<\/p>\n"},"caption":{"rendered":"<p>Para el pr\u00f3ximo 18 de octubre, est\u00e1 contemplado un nuevo bicitour, donde se considera visitar la Escuela Agr\u00edcola de San Felipe.<\/p>\n"},"alt_text":"Para el pr\u00f3ximo 18 de octubre, est\u00e1 contemplado un nuevo bicitour, donde se considera visitar la Escuela Agr\u00edcola de San Felipe.","media_type":"image","mime_type":"image\/jpeg","media_details":{"width":529,"height":305,"file":"2014\/09\/bici-5.jpg","sizes":{"thumbnail":{"file":"bici-5-200x115.jpg","width":200,"height":115,"mime_type":"image\/jpeg","source_url":"https:\/\/i0.wp.com\/eltrabajo.cl\/portal\/wp-content\/uploads\/2014\/09\/bici-5.jpg?fit=200%2C115&ssl=1"},"medium":{"file":"bici-5-300x172.jpg","width":300,"height":172,"mime_type":"image\/jpeg","source_url":"https:\/\/i0.wp.com\/eltrabajo.cl\/portal\/wp-content\/uploads\/2014\/09\/bici-5.jpg?fit=300%2C172&ssl=1"},"post-thumbnail":{"file":"bici-5-150x86.jpg","width":150,"height":86,"mime_type":"image\/jpeg","source_url":"https:\/\/i0.wp.com\/eltrabajo.cl\/portal\/wp-content\/uploads\/2014\/09\/bici-5.jpg?fit=150%2C86&ssl=1"},"single-post-thumbnail":{"file":"bici-5-400x230.jpg","width":400,"height":230,"mime_type":"image\/jpeg","source_url":"https:\/\/eltrabajo.cl\/portal\/wp-content\/uploads\/2014\/09\/bici-5-400x230.jpg"},"full":{"file":"bici-5.jpg?fit=529%2C305&ssl=1","width":529,"height":305,"mime_type":"image\/jpeg","source_url":"https:\/\/i0.wp.com\/eltrabajo.cl\/portal\/wp-content\/uploads\/2014\/09\/bici-5.jpg?fit=529%2C305&ssl=1"}},"image_meta":{"aperture":0,"credit":"","camera":"","caption":"","created_timestamp":0,"copyright":"","focal_length":0,"iso":0,"shutter_speed":0,"title":""}},"post":51592,"source_url":"https:\/\/eltrabajo.cl\/portal\/wp-content\/uploads\/2014\/09\/bici-5.jpg","_links":{"self":[{"href":"https:\/\/eltrabajo.cl\/portal\/wp-json\/wp\/v2\/media\/51594","targetHints":{"allow":["GET"]}}],"collection":[{"href":"https:\/\/eltrabajo.cl\/portal\/wp-json\/wp\/v2\/media"}],"about":[{"href":"https:\/\/eltrabajo.cl\/portal\/wp-json\/wp\/v2\/types\/attachment"}],"author":[{"embeddable":true,"href":"https:\/\/eltrabajo.cl\/portal\/wp-json\/wp\/v2\/users\/482"}],"replies":[{"embeddable":true,"href":"https:\/\/eltrabajo.cl\/portal\/wp-json\/wp\/v2\/comments?post=51594"}],"wp:attached-to":[{"embeddable":true,"post_type":"post","id":51592,"href":"https:\/\/eltrabajo.cl\/portal\/wp-json\/wp\/v2\/posts\/51592"}],"curies":[{"name":"wp","href":"https:\/\/api.w.org\/{rel}","templated":true}]}}

<p class="attachment"><a href="https://i0.wp.com/eltrabajo.cl/portal/wp-content/uploads/2014/09/bici-5.jpg?ssl=1"><img loading="lazy" decoding="async" width="300" height="172" src="https://i0.wp.com/eltrabajo.cl/portal/wp-content/uploads/2014/09/bici-5.jpg?fit=300%2C172&amp;ssl=1" class="attachment-medium size-medium" alt="Para el próximo 18 de octubre, está contemplado un nuevo bicitour, donde se considera visitar la Escuela Agrícola de San Felipe." srcset="https://i0.wp.com/eltrabajo.cl/portal/wp-content/uploads/2014/09/bici-5.jpg?w=529&amp;ssl=1 529w, https://i0.wp.com/eltrabajo.cl/portal/wp-content/uploads/2014/09/bici-5.jpg?resize=200%2C115&amp;ssl=1 200w, https://i0.wp.com/eltrabajo.cl/portal/wp-content/uploads/2014/09/bici-5.jpg?resize=300%2C172&amp;ssl=1 300w, https://i0.wp.com/eltrabajo.cl/portal/wp-content/uploads/2014/09/bici-5.jpg?resize=150%2C86&amp;ssl=1 150w, https://i0.wp.com/eltrabajo.cl/portal/wp-content/uploads/2014/09/bici-5.jpg?resize=400%2C230&amp;ssl=1 400w" sizes="auto, (max-width: 300px) 100vw, 300px" /></a></p>
<p>Para el próximo 18 de octubre, está contemplado un nuevo bicitour, donde se considera visitar la Escuela Agrícola de San Felipe.</p>

<p>Para el próximo 18 de octubre, está contemplado un nuevo bicitour, donde se considera visitar la Escuela Agrícola de San Felipe.</p>

Para el próximo 18 de octubre, está contemplado un nuevo bicitour, donde se considera visitar la Escuela Agrícola de San Felipe.
