{"id":51601,"date":"2014-09-29T12:39:42","date_gmt":"2014-09-29T15:39:42","guid":{"rendered":"http:\/\/www.eltrabajo.cl\/portal\/wp-content\/uploads\/2014\/09\/Funerales1.jpg"},"modified":"2014-09-29T12:39:42","modified_gmt":"2014-09-29T15:39:42","slug":"funerales1-4","status":"inherit","type":"attachment","link":"https:\/\/eltrabajo.cl\/portal\/cientos-de-putaendinos-despidieron-a-miguel-pollito-urzua\/funerales1-4\/","title":{"rendered":"Funerales1"},"author":482,"featured_media":0,"comment_status":"open","ping_status":"closed","template":"","meta":{"advanced_seo_description":"","jetpack_seo_html_title":"","jetpack_seo_noindex":false},"class_list":["post-51601","attachment","type-attachment","status-inherit","hentry"],"jetpack_sharing_enabled":true,"jetpack_likes_enabled":true,"description":{"rendered":"<p class=\"attachment\"><a href=\"https:\/\/i0.wp.com\/eltrabajo.cl\/portal\/wp-content\/uploads\/2014\/09\/Funerales1.jpg?ssl=1\"><img loading=\"lazy\" decoding=\"async\" width=\"300\" height=\"203\" src=\"https:\/\/i0.wp.com\/eltrabajo.cl\/portal\/wp-content\/uploads\/2014\/09\/Funerales1.jpg?fit=300%2C203&amp;ssl=1\" class=\"attachment-medium size-medium\" alt=\"En horas de la madrugada de este s\u00e1bado en la Unidad de Medicina del Hospital San Camilo y producto de su grave estado de salud, falleci\u00f3 Miguel Urz\u00faa Urz\u00faa, quien fue ampliamente fue conocido y querido en Putaendo como \u2018Pollito\u2019.\" srcset=\"https:\/\/i0.wp.com\/eltrabajo.cl\/portal\/wp-content\/uploads\/2014\/09\/Funerales1.jpg?w=529&amp;ssl=1 529w, https:\/\/i0.wp.com\/eltrabajo.cl\/portal\/wp-content\/uploads\/2014\/09\/Funerales1.jpg?resize=200%2C135&amp;ssl=1 200w, https:\/\/i0.wp.com\/eltrabajo.cl\/portal\/wp-content\/uploads\/2014\/09\/Funerales1.jpg?resize=300%2C203&amp;ssl=1 300w, https:\/\/i0.wp.com\/eltrabajo.cl\/portal\/wp-content\/uploads\/2014\/09\/Funerales1.jpg?resize=150%2C101&amp;ssl=1 150w, https:\/\/i0.wp.com\/eltrabajo.cl\/portal\/wp-content\/uploads\/2014\/09\/Funerales1.jpg?resize=400%2C270&amp;ssl=1 400w\" sizes=\"auto, (max-width: 300px) 100vw, 300px\" \/><\/a><\/p>\n<p>En horas de la madrugada de este s\u00e1bado en la Unidad de Medicina del Hospital San Camilo y producto de su grave estado de salud, falleci\u00f3 Miguel Urz\u00faa Urz\u00faa, quien fue ampliamente fue conocido y querido en Putaendo como \u2018Pollito\u2019.<\/p>\n"},"caption":{"rendered":"<p>En horas de la madrugada de este s\u00e1bado en la Unidad de Medicina del Hospital San Camilo y producto de su grave estado de salud, falleci\u00f3 Miguel Urz\u00faa Urz\u00faa, quien fue ampliamente fue conocido y querido en Putaendo como \u2018Pollito\u2019.<\/p>\n"},"alt_text":"En horas de la madrugada de este s\u00e1bado en la Unidad de Medicina del Hospital San Camilo y producto de su grave estado de salud, falleci\u00f3 Miguel Urz\u00faa Urz\u00faa, quien fue ampliamente fue conocido y querido en Putaendo como \u2018Pollito\u2019.","media_type":"image","mime_type":"image\/jpeg","media_details":{"width":529,"height":358,"file":"2014\/09\/Funerales1.jpg","sizes":{"thumbnail":{"file":"Funerales1-200x135.jpg","width":200,"height":135,"mime_type":"image\/jpeg","source_url":"https:\/\/i0.wp.com\/eltrabajo.cl\/portal\/wp-content\/uploads\/2014\/09\/Funerales1.jpg?fit=200%2C135&ssl=1"},"medium":{"file":"Funerales1-300x203.jpg","width":300,"height":203,"mime_type":"image\/jpeg","source_url":"https:\/\/i0.wp.com\/eltrabajo.cl\/portal\/wp-content\/uploads\/2014\/09\/Funerales1.jpg?fit=300%2C203&ssl=1"},"post-thumbnail":{"file":"Funerales1-150x101.jpg","width":150,"height":101,"mime_type":"image\/jpeg","source_url":"https:\/\/i0.wp.com\/eltrabajo.cl\/portal\/wp-content\/uploads\/2014\/09\/Funerales1.jpg?fit=150%2C101&ssl=1"},"single-post-thumbnail":{"file":"Funerales1-400x270.jpg","width":400,"height":270,"mime_type":"image\/jpeg","source_url":"https:\/\/eltrabajo.cl\/portal\/wp-content\/uploads\/2014\/09\/Funerales1-400x270.jpg"},"full":{"file":"Funerales1.jpg?fit=529%2C358&ssl=1","width":529,"height":358,"mime_type":"image\/jpeg","source_url":"https:\/\/i0.wp.com\/eltrabajo.cl\/portal\/wp-content\/uploads\/2014\/09\/Funerales1.jpg?fit=529%2C358&ssl=1"}},"image_meta":{"aperture":0,"credit":"","camera":"","caption":"","created_timestamp":0,"copyright":"[wopmind]","focal_length":0,"iso":0,"shutter_speed":0,"title":""}},"post":51599,"source_url":"https:\/\/eltrabajo.cl\/portal\/wp-content\/uploads\/2014\/09\/Funerales1.jpg","_links":{"self":[{"href":"https:\/\/eltrabajo.cl\/portal\/wp-json\/wp\/v2\/media\/51601","targetHints":{"allow":["GET"]}}],"collection":[{"href":"https:\/\/eltrabajo.cl\/portal\/wp-json\/wp\/v2\/media"}],"about":[{"href":"https:\/\/eltrabajo.cl\/portal\/wp-json\/wp\/v2\/types\/attachment"}],"author":[{"embeddable":true,"href":"https:\/\/eltrabajo.cl\/portal\/wp-json\/wp\/v2\/users\/482"}],"replies":[{"embeddable":true,"href":"https:\/\/eltrabajo.cl\/portal\/wp-json\/wp\/v2\/comments?post=51601"}],"wp:attached-to":[{"embeddable":true,"post_type":"post","id":51599,"href":"https:\/\/eltrabajo.cl\/portal\/wp-json\/wp\/v2\/posts\/51599"}],"curies":[{"name":"wp","href":"https:\/\/api.w.org\/{rel}","templated":true}]}}

<p class="attachment"><a href="https://i0.wp.com/eltrabajo.cl/portal/wp-content/uploads/2014/09/Funerales1.jpg?ssl=1"><img loading="lazy" decoding="async" width="300" height="203" src="https://i0.wp.com/eltrabajo.cl/portal/wp-content/uploads/2014/09/Funerales1.jpg?fit=300%2C203&amp;ssl=1" class="attachment-medium size-medium" alt="En horas de la madrugada de este sábado en la Unidad de Medicina del Hospital San Camilo y producto de su grave estado de salud, falleció Miguel Urzúa Urzúa, quien fue ampliamente fue conocido y querido en Putaendo como ‘Pollito’." srcset="https://i0.wp.com/eltrabajo.cl/portal/wp-content/uploads/2014/09/Funerales1.jpg?w=529&amp;ssl=1 529w, https://i0.wp.com/eltrabajo.cl/portal/wp-content/uploads/2014/09/Funerales1.jpg?resize=200%2C135&amp;ssl=1 200w, https://i0.wp.com/eltrabajo.cl/portal/wp-content/uploads/2014/09/Funerales1.jpg?resize=300%2C203&amp;ssl=1 300w, https://i0.wp.com/eltrabajo.cl/portal/wp-content/uploads/2014/09/Funerales1.jpg?resize=150%2C101&amp;ssl=1 150w, https://i0.wp.com/eltrabajo.cl/portal/wp-content/uploads/2014/09/Funerales1.jpg?resize=400%2C270&amp;ssl=1 400w" sizes="auto, (max-width: 300px) 100vw, 300px" /></a></p>
<p>En horas de la madrugada de este sábado en la Unidad de Medicina del Hospital San Camilo y producto de su grave estado de salud, falleció Miguel Urzúa Urzúa, quien fue ampliamente fue conocido y querido en Putaendo como ‘Pollito’.</p>

<p>En horas de la madrugada de este sábado en la Unidad de Medicina del Hospital San Camilo y producto de su grave estado de salud, falleció Miguel Urzúa Urzúa, quien fue ampliamente fue conocido y querido en Putaendo como ‘Pollito’.</p>

En horas de la madrugada de este sábado en la Unidad de Medicina del Hospital San Camilo y producto de su grave estado de salud, falleció Miguel Urzúa Urzúa, quien fue ampliamente fue conocido y querido en Putaendo como ‘Pollito’.
