{"id":51811,"date":"2014-10-02T09:39:27","date_gmt":"2014-10-02T12:39:27","guid":{"rendered":"http:\/\/www.eltrabajo.cl\/portal\/wp-content\/uploads\/2014\/10\/Funerales1.jpg"},"modified":"2014-10-02T09:39:27","modified_gmt":"2014-10-02T12:39:27","slug":"funerales1-5","status":"inherit","type":"attachment","link":"https:\/\/eltrabajo.cl\/portal\/familia-acusa-negligencia-del-hosla-tras-muerte-de-joven-madre\/funerales1-5\/","title":{"rendered":"Funerales1"},"author":482,"featured_media":0,"comment_status":"open","ping_status":"closed","template":"","meta":{"advanced_seo_description":"","jetpack_seo_html_title":"","jetpack_seo_noindex":false},"class_list":["post-51811","attachment","type-attachment","status-inherit","hentry"],"jetpack_sharing_enabled":true,"jetpack_likes_enabled":true,"description":{"rendered":"<p class=\"attachment\"><a href=\"https:\/\/i0.wp.com\/eltrabajo.cl\/portal\/wp-content\/uploads\/2014\/10\/Funerales1.jpg?ssl=1\"><img loading=\"lazy\" decoding=\"async\" width=\"300\" height=\"222\" src=\"https:\/\/i0.wp.com\/eltrabajo.cl\/portal\/wp-content\/uploads\/2014\/10\/Funerales1.jpg?fit=300%2C222&amp;ssl=1\" class=\"attachment-medium size-medium\" alt=\"Los funerales de la joven madre se realizar\u00e1n a las 16:00 horas de ayer mi\u00e9rcoles, despu\u00e9s de una Misa que se ofici\u00f3 en la parroquia de San Esteban, para luego su cuerpo ser sepultado en el cementerio de la misma comuna.\" srcset=\"https:\/\/i0.wp.com\/eltrabajo.cl\/portal\/wp-content\/uploads\/2014\/10\/Funerales1.jpg?w=529&amp;ssl=1 529w, https:\/\/i0.wp.com\/eltrabajo.cl\/portal\/wp-content\/uploads\/2014\/10\/Funerales1.jpg?resize=200%2C148&amp;ssl=1 200w, https:\/\/i0.wp.com\/eltrabajo.cl\/portal\/wp-content\/uploads\/2014\/10\/Funerales1.jpg?resize=300%2C222&amp;ssl=1 300w, https:\/\/i0.wp.com\/eltrabajo.cl\/portal\/wp-content\/uploads\/2014\/10\/Funerales1.jpg?resize=150%2C111&amp;ssl=1 150w, https:\/\/i0.wp.com\/eltrabajo.cl\/portal\/wp-content\/uploads\/2014\/10\/Funerales1.jpg?resize=400%2C296&amp;ssl=1 400w\" sizes=\"auto, (max-width: 300px) 100vw, 300px\" \/><\/a><\/p>\n<p>Los funerales de la joven madre se realizar\u00e1n a las 16:00 horas de ayer mi\u00e9rcoles, despu\u00e9s de una Misa que se ofici\u00f3 en la parroquia de San Esteban, para luego su cuerpo ser sepultado en el cementerio de la misma comuna.<\/p>\n"},"caption":{"rendered":"<p>Los funerales de la joven madre se realizar\u00e1n a las 16:00 horas de ayer mi\u00e9rcoles, despu\u00e9s de una Misa que se ofici\u00f3 en la parroquia de San Esteban, para luego su cuerpo ser sepultado en el cementerio de la misma comuna.<\/p>\n"},"alt_text":"Los funerales de la joven madre se realizar\u00e1n a las 16:00 horas de ayer mi\u00e9rcoles, despu\u00e9s de una Misa que se ofici\u00f3 en la parroquia de San Esteban, para luego su cuerpo ser sepultado en el cementerio de la misma comuna.","media_type":"image","mime_type":"image\/jpeg","media_details":{"width":529,"height":392,"file":"2014\/10\/Funerales1.jpg","sizes":{"thumbnail":{"file":"Funerales1-200x148.jpg","width":200,"height":148,"mime_type":"image\/jpeg","source_url":"https:\/\/i0.wp.com\/eltrabajo.cl\/portal\/wp-content\/uploads\/2014\/10\/Funerales1.jpg?fit=200%2C148&ssl=1"},"medium":{"file":"Funerales1-300x222.jpg","width":300,"height":222,"mime_type":"image\/jpeg","source_url":"https:\/\/i0.wp.com\/eltrabajo.cl\/portal\/wp-content\/uploads\/2014\/10\/Funerales1.jpg?fit=300%2C222&ssl=1"},"post-thumbnail":{"file":"Funerales1-150x111.jpg","width":150,"height":111,"mime_type":"image\/jpeg","source_url":"https:\/\/i0.wp.com\/eltrabajo.cl\/portal\/wp-content\/uploads\/2014\/10\/Funerales1.jpg?fit=150%2C111&ssl=1"},"single-post-thumbnail":{"file":"Funerales1-400x296.jpg","width":400,"height":296,"mime_type":"image\/jpeg","source_url":"https:\/\/eltrabajo.cl\/portal\/wp-content\/uploads\/2014\/10\/Funerales1-400x296.jpg"},"full":{"file":"Funerales1.jpg?fit=529%2C392&ssl=1","width":529,"height":392,"mime_type":"image\/jpeg","source_url":"https:\/\/i0.wp.com\/eltrabajo.cl\/portal\/wp-content\/uploads\/2014\/10\/Funerales1.jpg?fit=529%2C392&ssl=1"}},"image_meta":{"aperture":0,"credit":"","camera":"","caption":"","created_timestamp":0,"copyright":"","focal_length":0,"iso":0,"shutter_speed":0,"title":""}},"post":51809,"source_url":"https:\/\/eltrabajo.cl\/portal\/wp-content\/uploads\/2014\/10\/Funerales1.jpg","_links":{"self":[{"href":"https:\/\/eltrabajo.cl\/portal\/wp-json\/wp\/v2\/media\/51811","targetHints":{"allow":["GET"]}}],"collection":[{"href":"https:\/\/eltrabajo.cl\/portal\/wp-json\/wp\/v2\/media"}],"about":[{"href":"https:\/\/eltrabajo.cl\/portal\/wp-json\/wp\/v2\/types\/attachment"}],"author":[{"embeddable":true,"href":"https:\/\/eltrabajo.cl\/portal\/wp-json\/wp\/v2\/users\/482"}],"replies":[{"embeddable":true,"href":"https:\/\/eltrabajo.cl\/portal\/wp-json\/wp\/v2\/comments?post=51811"}],"wp:attached-to":[{"embeddable":true,"post_type":"post","id":51809,"href":"https:\/\/eltrabajo.cl\/portal\/wp-json\/wp\/v2\/posts\/51809"}],"curies":[{"name":"wp","href":"https:\/\/api.w.org\/{rel}","templated":true}]}}

<p class="attachment"><a href="https://i0.wp.com/eltrabajo.cl/portal/wp-content/uploads/2014/10/Funerales1.jpg?ssl=1"><img loading="lazy" decoding="async" width="300" height="222" src="https://i0.wp.com/eltrabajo.cl/portal/wp-content/uploads/2014/10/Funerales1.jpg?fit=300%2C222&amp;ssl=1" class="attachment-medium size-medium" alt="Los funerales de la joven madre se realizarán a las 16:00 horas de ayer miércoles, después de una Misa que se ofició en la parroquia de San Esteban, para luego su cuerpo ser sepultado en el cementerio de la misma comuna." srcset="https://i0.wp.com/eltrabajo.cl/portal/wp-content/uploads/2014/10/Funerales1.jpg?w=529&amp;ssl=1 529w, https://i0.wp.com/eltrabajo.cl/portal/wp-content/uploads/2014/10/Funerales1.jpg?resize=200%2C148&amp;ssl=1 200w, https://i0.wp.com/eltrabajo.cl/portal/wp-content/uploads/2014/10/Funerales1.jpg?resize=300%2C222&amp;ssl=1 300w, https://i0.wp.com/eltrabajo.cl/portal/wp-content/uploads/2014/10/Funerales1.jpg?resize=150%2C111&amp;ssl=1 150w, https://i0.wp.com/eltrabajo.cl/portal/wp-content/uploads/2014/10/Funerales1.jpg?resize=400%2C296&amp;ssl=1 400w" sizes="auto, (max-width: 300px) 100vw, 300px" /></a></p>
<p>Los funerales de la joven madre se realizarán a las 16:00 horas de ayer miércoles, después de una Misa que se ofició en la parroquia de San Esteban, para luego su cuerpo ser sepultado en el cementerio de la misma comuna.</p>

<p>Los funerales de la joven madre se realizarán a las 16:00 horas de ayer miércoles, después de una Misa que se ofició en la parroquia de San Esteban, para luego su cuerpo ser sepultado en el cementerio de la misma comuna.</p>

Los funerales de la joven madre se realizarán a las 16:00 horas de ayer miércoles, después de una Misa que se ofició en la parroquia de San Esteban, para luego su cuerpo ser sepultado en el cementerio de la misma comuna.
