{"id":51812,"date":"2014-10-02T09:39:30","date_gmt":"2014-10-02T12:39:30","guid":{"rendered":"http:\/\/www.eltrabajo.cl\/portal\/wp-content\/uploads\/2014\/10\/Geovanna1.jpg"},"modified":"2014-10-02T09:39:30","modified_gmt":"2014-10-02T12:39:30","slug":"geovanna1","status":"inherit","type":"attachment","link":"https:\/\/eltrabajo.cl\/portal\/familia-acusa-negligencia-del-hosla-tras-muerte-de-joven-madre\/geovanna1\/","title":{"rendered":"Geovanna1"},"author":482,"featured_media":0,"comment_status":"open","ping_status":"closed","template":"","meta":{"advanced_seo_description":"","jetpack_seo_html_title":"","jetpack_seo_noindex":false},"class_list":["post-51812","attachment","type-attachment","status-inherit","hentry"],"jetpack_sharing_enabled":true,"jetpack_likes_enabled":true,"description":{"rendered":"<p class=\"attachment\"><a href=\"https:\/\/i0.wp.com\/eltrabajo.cl\/portal\/wp-content\/uploads\/2014\/10\/Geovanna1.jpg?ssl=1\"><img loading=\"lazy\" decoding=\"async\" width=\"300\" height=\"231\" src=\"https:\/\/i0.wp.com\/eltrabajo.cl\/portal\/wp-content\/uploads\/2014\/10\/Geovanna1.jpg?fit=300%2C231&amp;ssl=1\" class=\"attachment-medium size-medium\" alt=\"Geovanna L\u00f3pez, acus\u00f3 que su muerte se debi\u00f3 a una negligencia hospitalaria.\" srcset=\"https:\/\/i0.wp.com\/eltrabajo.cl\/portal\/wp-content\/uploads\/2014\/10\/Geovanna1.jpg?w=528&amp;ssl=1 528w, https:\/\/i0.wp.com\/eltrabajo.cl\/portal\/wp-content\/uploads\/2014\/10\/Geovanna1.jpg?resize=194%2C150&amp;ssl=1 194w, https:\/\/i0.wp.com\/eltrabajo.cl\/portal\/wp-content\/uploads\/2014\/10\/Geovanna1.jpg?resize=300%2C231&amp;ssl=1 300w, https:\/\/i0.wp.com\/eltrabajo.cl\/portal\/wp-content\/uploads\/2014\/10\/Geovanna1.jpg?resize=150%2C115&amp;ssl=1 150w, https:\/\/i0.wp.com\/eltrabajo.cl\/portal\/wp-content\/uploads\/2014\/10\/Geovanna1.jpg?resize=400%2C309&amp;ssl=1 400w\" sizes=\"auto, (max-width: 300px) 100vw, 300px\" \/><\/a><\/p>\n<p>Geovanna L\u00f3pez, acus\u00f3 que su muerte se debi\u00f3 a una negligencia hospitalaria.<\/p>\n"},"caption":{"rendered":"<p>Geovanna L\u00f3pez, acus\u00f3 que su muerte se debi\u00f3 a una negligencia hospitalaria.<\/p>\n"},"alt_text":"Geovanna L\u00f3pez, acus\u00f3 que su muerte se debi\u00f3 a una negligencia hospitalaria.","media_type":"image","mime_type":"image\/jpeg","media_details":{"width":528,"height":408,"file":"2014\/10\/Geovanna1.jpg","sizes":{"thumbnail":{"file":"Geovanna1-194x150.jpg","width":194,"height":150,"mime_type":"image\/jpeg","source_url":"https:\/\/i0.wp.com\/eltrabajo.cl\/portal\/wp-content\/uploads\/2014\/10\/Geovanna1.jpg?fit=194%2C150&ssl=1"},"medium":{"file":"Geovanna1-300x231.jpg","width":300,"height":231,"mime_type":"image\/jpeg","source_url":"https:\/\/i0.wp.com\/eltrabajo.cl\/portal\/wp-content\/uploads\/2014\/10\/Geovanna1.jpg?fit=300%2C231&ssl=1"},"post-thumbnail":{"file":"Geovanna1-150x115.jpg","width":150,"height":115,"mime_type":"image\/jpeg","source_url":"https:\/\/i0.wp.com\/eltrabajo.cl\/portal\/wp-content\/uploads\/2014\/10\/Geovanna1.jpg?fit=150%2C115&ssl=1"},"single-post-thumbnail":{"file":"Geovanna1-400x309.jpg","width":400,"height":309,"mime_type":"image\/jpeg","source_url":"https:\/\/eltrabajo.cl\/portal\/wp-content\/uploads\/2014\/10\/Geovanna1-400x309.jpg"},"full":{"file":"Geovanna1.jpg?fit=528%2C408&ssl=1","width":528,"height":408,"mime_type":"image\/jpeg","source_url":"https:\/\/i0.wp.com\/eltrabajo.cl\/portal\/wp-content\/uploads\/2014\/10\/Geovanna1.jpg?fit=528%2C408&ssl=1"}},"image_meta":{"aperture":0,"credit":"","camera":"","caption":"","created_timestamp":0,"copyright":"","focal_length":0,"iso":0,"shutter_speed":0,"title":""}},"post":51809,"source_url":"https:\/\/eltrabajo.cl\/portal\/wp-content\/uploads\/2014\/10\/Geovanna1.jpg","_links":{"self":[{"href":"https:\/\/eltrabajo.cl\/portal\/wp-json\/wp\/v2\/media\/51812","targetHints":{"allow":["GET"]}}],"collection":[{"href":"https:\/\/eltrabajo.cl\/portal\/wp-json\/wp\/v2\/media"}],"about":[{"href":"https:\/\/eltrabajo.cl\/portal\/wp-json\/wp\/v2\/types\/attachment"}],"author":[{"embeddable":true,"href":"https:\/\/eltrabajo.cl\/portal\/wp-json\/wp\/v2\/users\/482"}],"replies":[{"embeddable":true,"href":"https:\/\/eltrabajo.cl\/portal\/wp-json\/wp\/v2\/comments?post=51812"}],"wp:attached-to":[{"embeddable":true,"post_type":"post","id":51809,"href":"https:\/\/eltrabajo.cl\/portal\/wp-json\/wp\/v2\/posts\/51809"}],"curies":[{"name":"wp","href":"https:\/\/api.w.org\/{rel}","templated":true}]}}

<p class="attachment"><a href="https://i0.wp.com/eltrabajo.cl/portal/wp-content/uploads/2014/10/Geovanna1.jpg?ssl=1"><img loading="lazy" decoding="async" width="300" height="231" src="https://i0.wp.com/eltrabajo.cl/portal/wp-content/uploads/2014/10/Geovanna1.jpg?fit=300%2C231&amp;ssl=1" class="attachment-medium size-medium" alt="Geovanna López, acusó que su muerte se debió a una negligencia hospitalaria." srcset="https://i0.wp.com/eltrabajo.cl/portal/wp-content/uploads/2014/10/Geovanna1.jpg?w=528&amp;ssl=1 528w, https://i0.wp.com/eltrabajo.cl/portal/wp-content/uploads/2014/10/Geovanna1.jpg?resize=194%2C150&amp;ssl=1 194w, https://i0.wp.com/eltrabajo.cl/portal/wp-content/uploads/2014/10/Geovanna1.jpg?resize=300%2C231&amp;ssl=1 300w, https://i0.wp.com/eltrabajo.cl/portal/wp-content/uploads/2014/10/Geovanna1.jpg?resize=150%2C115&amp;ssl=1 150w, https://i0.wp.com/eltrabajo.cl/portal/wp-content/uploads/2014/10/Geovanna1.jpg?resize=400%2C309&amp;ssl=1 400w" sizes="auto, (max-width: 300px) 100vw, 300px" /></a></p>
<p>Geovanna López, acusó que su muerte se debió a una negligencia hospitalaria.</p>

<p>Geovanna López, acusó que su muerte se debió a una negligencia hospitalaria.</p>

Geovanna López, acusó que su muerte se debió a una negligencia hospitalaria.
