{"id":51891,"date":"2014-10-05T17:23:58","date_gmt":"2014-10-05T20:23:58","guid":{"rendered":"http:\/\/www.eltrabajo.cl\/portal\/wp-content\/uploads\/2014\/10\/imputado.jpg"},"modified":"2014-10-05T17:23:58","modified_gmt":"2014-10-05T20:23:58","slug":"imputado-3","status":"inherit","type":"attachment","link":"https:\/\/eltrabajo.cl\/portal\/el-atraco-del-dia-fue-contra-empleados-de-parquimetros\/imputado-3\/","title":{"rendered":"imputado"},"author":482,"featured_media":0,"comment_status":"open","ping_status":"closed","template":"","meta":{"advanced_seo_description":"","jetpack_seo_html_title":"","jetpack_seo_noindex":false},"class_list":["post-51891","attachment","type-attachment","status-inherit","hentry"],"jetpack_sharing_enabled":true,"jetpack_likes_enabled":true,"description":{"rendered":"<p class=\"attachment\"><a href=\"https:\/\/i0.wp.com\/eltrabajo.cl\/portal\/wp-content\/uploads\/2014\/10\/imputado.jpg?ssl=1\"><img loading=\"lazy\" decoding=\"async\" width=\"284\" height=\"300\" src=\"https:\/\/i0.wp.com\/eltrabajo.cl\/portal\/wp-content\/uploads\/2014\/10\/imputado.jpg?fit=284%2C300&amp;ssl=1\" class=\"attachment-medium size-medium\" alt=\"El imputado adolescente fue detenido por personal de la Polic\u00eda de Investigaciones de San Felipe para ser formalizado ante el Juzgado de Garant\u00eda el d\u00eda de hoy (Foto archivo).\" srcset=\"https:\/\/i0.wp.com\/eltrabajo.cl\/portal\/wp-content\/uploads\/2014\/10\/imputado.jpg?w=529&amp;ssl=1 529w, https:\/\/i0.wp.com\/eltrabajo.cl\/portal\/wp-content\/uploads\/2014\/10\/imputado.jpg?resize=142%2C150&amp;ssl=1 142w, https:\/\/i0.wp.com\/eltrabajo.cl\/portal\/wp-content\/uploads\/2014\/10\/imputado.jpg?resize=284%2C300&amp;ssl=1 284w, https:\/\/i0.wp.com\/eltrabajo.cl\/portal\/wp-content\/uploads\/2014\/10\/imputado.jpg?resize=400%2C421&amp;ssl=1 400w\" sizes=\"auto, (max-width: 284px) 100vw, 284px\" \/><\/a><\/p>\n<p>El imputado adolescente fue detenido por personal de la Polic\u00eda de Investigaciones de San Felipe para ser formalizado ante el Juzgado de Garant\u00eda el d\u00eda de hoy (Foto archivo).<\/p>\n"},"caption":{"rendered":"<p>El imputado adolescente fue detenido por personal de la Polic\u00eda de Investigaciones de San Felipe para ser formalizado ante el Juzgado de Garant\u00eda el d\u00eda de hoy (Foto archivo).<\/p>\n"},"alt_text":"El imputado adolescente fue detenido por personal de la Polic\u00eda de Investigaciones de San Felipe para ser formalizado ante el Juzgado de Garant\u00eda el d\u00eda de hoy (Foto archivo).","media_type":"image","mime_type":"image\/jpeg","media_details":{"width":529,"height":557,"file":"2014\/10\/imputado.jpg","sizes":{"thumbnail":{"file":"imputado-142x150.jpg","width":142,"height":150,"mime_type":"image\/jpeg","source_url":"https:\/\/i0.wp.com\/eltrabajo.cl\/portal\/wp-content\/uploads\/2014\/10\/imputado.jpg?fit=142%2C150&ssl=1"},"medium":{"file":"imputado-284x300.jpg","width":284,"height":300,"mime_type":"image\/jpeg","source_url":"https:\/\/i0.wp.com\/eltrabajo.cl\/portal\/wp-content\/uploads\/2014\/10\/imputado.jpg?fit=284%2C300&ssl=1"},"post-thumbnail":{"file":"imputado-142x150.jpg","width":142,"height":150,"mime_type":"image\/jpeg","source_url":"https:\/\/i0.wp.com\/eltrabajo.cl\/portal\/wp-content\/uploads\/2014\/10\/imputado.jpg?fit=142%2C150&ssl=1"},"single-post-thumbnail":{"file":"imputado-400x421.jpg","width":400,"height":421,"mime_type":"image\/jpeg","source_url":"https:\/\/eltrabajo.cl\/portal\/wp-content\/uploads\/2014\/10\/imputado-400x421.jpg"},"full":{"file":"imputado.jpg?fit=529%2C557&ssl=1","width":529,"height":557,"mime_type":"image\/jpeg","source_url":"https:\/\/i0.wp.com\/eltrabajo.cl\/portal\/wp-content\/uploads\/2014\/10\/imputado.jpg?fit=529%2C557&ssl=1"}},"image_meta":{"aperture":0,"credit":"","camera":"","caption":"","created_timestamp":0,"copyright":"","focal_length":0,"iso":0,"shutter_speed":0,"title":""}},"post":51889,"source_url":"https:\/\/eltrabajo.cl\/portal\/wp-content\/uploads\/2014\/10\/imputado.jpg","_links":{"self":[{"href":"https:\/\/eltrabajo.cl\/portal\/wp-json\/wp\/v2\/media\/51891","targetHints":{"allow":["GET"]}}],"collection":[{"href":"https:\/\/eltrabajo.cl\/portal\/wp-json\/wp\/v2\/media"}],"about":[{"href":"https:\/\/eltrabajo.cl\/portal\/wp-json\/wp\/v2\/types\/attachment"}],"author":[{"embeddable":true,"href":"https:\/\/eltrabajo.cl\/portal\/wp-json\/wp\/v2\/users\/482"}],"replies":[{"embeddable":true,"href":"https:\/\/eltrabajo.cl\/portal\/wp-json\/wp\/v2\/comments?post=51891"}],"wp:attached-to":[{"embeddable":true,"post_type":"post","id":51889,"href":"https:\/\/eltrabajo.cl\/portal\/wp-json\/wp\/v2\/posts\/51889"}],"curies":[{"name":"wp","href":"https:\/\/api.w.org\/{rel}","templated":true}]}}

<p class="attachment"><a href="https://i0.wp.com/eltrabajo.cl/portal/wp-content/uploads/2014/10/imputado.jpg?ssl=1"><img loading="lazy" decoding="async" width="284" height="300" src="https://i0.wp.com/eltrabajo.cl/portal/wp-content/uploads/2014/10/imputado.jpg?fit=284%2C300&amp;ssl=1" class="attachment-medium size-medium" alt="El imputado adolescente fue detenido por personal de la Policía de Investigaciones de San Felipe para ser formalizado ante el Juzgado de Garantía el día de hoy (Foto archivo)." srcset="https://i0.wp.com/eltrabajo.cl/portal/wp-content/uploads/2014/10/imputado.jpg?w=529&amp;ssl=1 529w, https://i0.wp.com/eltrabajo.cl/portal/wp-content/uploads/2014/10/imputado.jpg?resize=142%2C150&amp;ssl=1 142w, https://i0.wp.com/eltrabajo.cl/portal/wp-content/uploads/2014/10/imputado.jpg?resize=284%2C300&amp;ssl=1 284w, https://i0.wp.com/eltrabajo.cl/portal/wp-content/uploads/2014/10/imputado.jpg?resize=400%2C421&amp;ssl=1 400w" sizes="auto, (max-width: 284px) 100vw, 284px" /></a></p>
<p>El imputado adolescente fue detenido por personal de la Policía de Investigaciones de San Felipe para ser formalizado ante el Juzgado de Garantía el día de hoy (Foto archivo).</p>

<p>El imputado adolescente fue detenido por personal de la Policía de Investigaciones de San Felipe para ser formalizado ante el Juzgado de Garantía el día de hoy (Foto archivo).</p>

El imputado adolescente fue detenido por personal de la Policía de Investigaciones de San Felipe para ser formalizado ante el Juzgado de Garantía el día de hoy (Foto archivo).
