{"id":51982,"date":"2014-10-07T09:32:27","date_gmt":"2014-10-07T12:32:27","guid":{"rendered":"http:\/\/www.eltrabajo.cl\/portal\/wp-content\/uploads\/2014\/10\/pareja1.jpg"},"modified":"2014-10-07T09:32:27","modified_gmt":"2014-10-07T12:32:27","slug":"pareja1-3","status":"inherit","type":"attachment","link":"https:\/\/eltrabajo.cl\/portal\/colocan-senaletica-y-aumenta-la-seguridad-vial-en-escuelita-rural\/pareja1-3\/","title":{"rendered":"pareja1"},"author":482,"featured_media":0,"comment_status":"open","ping_status":"closed","template":"","meta":{"advanced_seo_description":"","jetpack_seo_html_title":"","jetpack_seo_noindex":false},"class_list":["post-51982","attachment","type-attachment","status-inherit","hentry"],"jetpack_sharing_enabled":true,"jetpack_likes_enabled":true,"description":{"rendered":"<p class=\"attachment\"><a href=\"https:\/\/i0.wp.com\/eltrabajo.cl\/portal\/wp-content\/uploads\/2014\/10\/pareja1.jpg?ssl=1\"><img loading=\"lazy\" decoding=\"async\" width=\"300\" height=\"201\" src=\"https:\/\/i0.wp.com\/eltrabajo.cl\/portal\/wp-content\/uploads\/2014\/10\/pareja1.jpg?fit=300%2C201&amp;ssl=1\" class=\"attachment-medium size-medium\" alt=\"Antes esta se\u00f1al\u00e9tica era inexistente en el sector, ahora las cosas cambiar\u00e1n para bien de los estudiantes y vecinos.\" srcset=\"https:\/\/i0.wp.com\/eltrabajo.cl\/portal\/wp-content\/uploads\/2014\/10\/pareja1.jpg?w=529&amp;ssl=1 529w, https:\/\/i0.wp.com\/eltrabajo.cl\/portal\/wp-content\/uploads\/2014\/10\/pareja1.jpg?resize=200%2C134&amp;ssl=1 200w, https:\/\/i0.wp.com\/eltrabajo.cl\/portal\/wp-content\/uploads\/2014\/10\/pareja1.jpg?resize=300%2C201&amp;ssl=1 300w, https:\/\/i0.wp.com\/eltrabajo.cl\/portal\/wp-content\/uploads\/2014\/10\/pareja1.jpg?resize=150%2C100&amp;ssl=1 150w, https:\/\/i0.wp.com\/eltrabajo.cl\/portal\/wp-content\/uploads\/2014\/10\/pareja1.jpg?resize=400%2C268&amp;ssl=1 400w\" sizes=\"auto, (max-width: 300px) 100vw, 300px\" \/><\/a><\/p>\n<p>Antes esta se\u00f1al\u00e9tica era inexistente en el sector, ahora las cosas cambiar\u00e1n para bien de los estudiantes y vecinos.<\/p>\n"},"caption":{"rendered":"<p>Antes esta se\u00f1al\u00e9tica era inexistente en el sector, ahora las cosas cambiar\u00e1n para bien de los estudiantes y vecinos.<\/p>\n"},"alt_text":"Antes esta se\u00f1al\u00e9tica era inexistente en el sector, ahora las cosas cambiar\u00e1n para bien de los estudiantes y vecinos.","media_type":"image","mime_type":"image\/jpeg","media_details":{"width":529,"height":355,"file":"2014\/10\/pareja1.jpg","sizes":{"thumbnail":{"file":"pareja1-200x134.jpg","width":200,"height":134,"mime_type":"image\/jpeg","source_url":"https:\/\/i0.wp.com\/eltrabajo.cl\/portal\/wp-content\/uploads\/2014\/10\/pareja1.jpg?fit=200%2C134&ssl=1"},"medium":{"file":"pareja1-300x201.jpg","width":300,"height":201,"mime_type":"image\/jpeg","source_url":"https:\/\/i0.wp.com\/eltrabajo.cl\/portal\/wp-content\/uploads\/2014\/10\/pareja1.jpg?fit=300%2C201&ssl=1"},"post-thumbnail":{"file":"pareja1-150x100.jpg","width":150,"height":100,"mime_type":"image\/jpeg","source_url":"https:\/\/i0.wp.com\/eltrabajo.cl\/portal\/wp-content\/uploads\/2014\/10\/pareja1.jpg?fit=150%2C100&ssl=1"},"single-post-thumbnail":{"file":"pareja1-400x268.jpg","width":400,"height":268,"mime_type":"image\/jpeg","source_url":"https:\/\/eltrabajo.cl\/portal\/wp-content\/uploads\/2014\/10\/pareja1-400x268.jpg"},"full":{"file":"pareja1.jpg?fit=529%2C355&ssl=1","width":529,"height":355,"mime_type":"image\/jpeg","source_url":"https:\/\/i0.wp.com\/eltrabajo.cl\/portal\/wp-content\/uploads\/2014\/10\/pareja1.jpg?fit=529%2C355&ssl=1"}},"image_meta":{"aperture":0,"credit":"","camera":"","caption":"","created_timestamp":0,"copyright":"","focal_length":0,"iso":0,"shutter_speed":0,"title":""}},"post":51979,"source_url":"https:\/\/eltrabajo.cl\/portal\/wp-content\/uploads\/2014\/10\/pareja1.jpg","_links":{"self":[{"href":"https:\/\/eltrabajo.cl\/portal\/wp-json\/wp\/v2\/media\/51982","targetHints":{"allow":["GET"]}}],"collection":[{"href":"https:\/\/eltrabajo.cl\/portal\/wp-json\/wp\/v2\/media"}],"about":[{"href":"https:\/\/eltrabajo.cl\/portal\/wp-json\/wp\/v2\/types\/attachment"}],"author":[{"embeddable":true,"href":"https:\/\/eltrabajo.cl\/portal\/wp-json\/wp\/v2\/users\/482"}],"replies":[{"embeddable":true,"href":"https:\/\/eltrabajo.cl\/portal\/wp-json\/wp\/v2\/comments?post=51982"}],"wp:attached-to":[{"embeddable":true,"post_type":"post","id":51979,"href":"https:\/\/eltrabajo.cl\/portal\/wp-json\/wp\/v2\/posts\/51979"}],"curies":[{"name":"wp","href":"https:\/\/api.w.org\/{rel}","templated":true}]}}

<p class="attachment"><a href="https://i0.wp.com/eltrabajo.cl/portal/wp-content/uploads/2014/10/pareja1.jpg?ssl=1"><img loading="lazy" decoding="async" width="300" height="201" src="https://i0.wp.com/eltrabajo.cl/portal/wp-content/uploads/2014/10/pareja1.jpg?fit=300%2C201&amp;ssl=1" class="attachment-medium size-medium" alt="Antes esta señalética era inexistente en el sector, ahora las cosas cambiarán para bien de los estudiantes y vecinos." srcset="https://i0.wp.com/eltrabajo.cl/portal/wp-content/uploads/2014/10/pareja1.jpg?w=529&amp;ssl=1 529w, https://i0.wp.com/eltrabajo.cl/portal/wp-content/uploads/2014/10/pareja1.jpg?resize=200%2C134&amp;ssl=1 200w, https://i0.wp.com/eltrabajo.cl/portal/wp-content/uploads/2014/10/pareja1.jpg?resize=300%2C201&amp;ssl=1 300w, https://i0.wp.com/eltrabajo.cl/portal/wp-content/uploads/2014/10/pareja1.jpg?resize=150%2C100&amp;ssl=1 150w, https://i0.wp.com/eltrabajo.cl/portal/wp-content/uploads/2014/10/pareja1.jpg?resize=400%2C268&amp;ssl=1 400w" sizes="auto, (max-width: 300px) 100vw, 300px" /></a></p>
<p>Antes esta señalética era inexistente en el sector, ahora las cosas cambiarán para bien de los estudiantes y vecinos.</p>

<p>Antes esta señalética era inexistente en el sector, ahora las cosas cambiarán para bien de los estudiantes y vecinos.</p>

Antes esta señalética era inexistente en el sector, ahora las cosas cambiarán para bien de los estudiantes y vecinos.
