{"id":52322,"date":"2014-10-15T09:20:55","date_gmt":"2014-10-15T12:20:55","guid":{"rendered":"http:\/\/www.eltrabajo.cl\/portal\/wp-content\/uploads\/2014\/10\/Alcalde1.jpg"},"modified":"2014-10-15T09:21:07","modified_gmt":"2014-10-15T12:21:07","slug":"alcalde1-5","status":"inherit","type":"attachment","link":"https:\/\/eltrabajo.cl\/portal\/muestra-cientifica-explora-conicyt-se-desarrollo-en-la-plaza-de-armas\/alcalde1-5\/","title":{"rendered":"Alcalde1"},"author":482,"featured_media":0,"comment_status":"open","ping_status":"closed","template":"","meta":{"advanced_seo_description":"","jetpack_seo_html_title":"","jetpack_seo_noindex":false},"class_list":["post-52322","attachment","type-attachment","status-inherit","hentry"],"jetpack_sharing_enabled":true,"jetpack_likes_enabled":true,"description":{"rendered":"<p class=\"attachment\"><a href=\"https:\/\/i0.wp.com\/eltrabajo.cl\/portal\/wp-content\/uploads\/2014\/10\/Alcalde1.jpg?ssl=1\"><img loading=\"lazy\" decoding=\"async\" width=\"215\" height=\"300\" src=\"https:\/\/i0.wp.com\/eltrabajo.cl\/portal\/wp-content\/uploads\/2014\/10\/Alcalde1.jpg?fit=215%2C300&amp;ssl=1\" class=\"attachment-medium size-medium\" alt=\"PESO COMPLETO.- El Alcalde Claudio Zurita tambi\u00e9n aprovech\u00f3 para pesarse en uno de los inventos de la Escuela Mar\u00eda Esp\u00ednola.\" srcset=\"https:\/\/i0.wp.com\/eltrabajo.cl\/portal\/wp-content\/uploads\/2014\/10\/Alcalde1.jpg?w=529&amp;ssl=1 529w, https:\/\/i0.wp.com\/eltrabajo.cl\/portal\/wp-content\/uploads\/2014\/10\/Alcalde1.jpg?resize=107%2C150&amp;ssl=1 107w, https:\/\/i0.wp.com\/eltrabajo.cl\/portal\/wp-content\/uploads\/2014\/10\/Alcalde1.jpg?resize=215%2C300&amp;ssl=1 215w, https:\/\/i0.wp.com\/eltrabajo.cl\/portal\/wp-content\/uploads\/2014\/10\/Alcalde1.jpg?resize=400%2C557&amp;ssl=1 400w\" sizes=\"auto, (max-width: 215px) 100vw, 215px\" \/><\/a><\/p>\n<p>PESO COMPLETO.- El Alcalde Claudio Zurita tambi\u00e9n aprovech\u00f3 para pesarse en uno de los inventos de la Escuela Mar\u00eda Esp\u00ednola.<\/p>\n"},"caption":{"rendered":"<p>PESO COMPLETO.- El Alcalde Claudio Zurita tambi\u00e9n aprovech\u00f3 para pesarse en uno de los inventos de la Escuela Mar\u00eda Esp\u00ednola.<\/p>\n"},"alt_text":"PESO COMPLETO.- El Alcalde Claudio Zurita tambi\u00e9n aprovech\u00f3 para pesarse en uno de los inventos de la Escuela Mar\u00eda Esp\u00ednola.","media_type":"image","mime_type":"image\/jpeg","media_details":{"width":529,"height":737,"file":"2014\/10\/Alcalde1.jpg","sizes":{"thumbnail":{"file":"Alcalde1-107x150.jpg","width":107,"height":150,"mime_type":"image\/jpeg","source_url":"https:\/\/i0.wp.com\/eltrabajo.cl\/portal\/wp-content\/uploads\/2014\/10\/Alcalde1.jpg?fit=107%2C150&ssl=1"},"medium":{"file":"Alcalde1-215x300.jpg","width":215,"height":300,"mime_type":"image\/jpeg","source_url":"https:\/\/i0.wp.com\/eltrabajo.cl\/portal\/wp-content\/uploads\/2014\/10\/Alcalde1.jpg?fit=215%2C300&ssl=1"},"post-thumbnail":{"file":"Alcalde1-107x150.jpg","width":107,"height":150,"mime_type":"image\/jpeg","source_url":"https:\/\/i0.wp.com\/eltrabajo.cl\/portal\/wp-content\/uploads\/2014\/10\/Alcalde1.jpg?fit=107%2C150&ssl=1"},"single-post-thumbnail":{"file":"Alcalde1-400x557.jpg","width":400,"height":557,"mime_type":"image\/jpeg","source_url":"https:\/\/eltrabajo.cl\/portal\/wp-content\/uploads\/2014\/10\/Alcalde1-400x557.jpg"},"full":{"file":"Alcalde1.jpg?fit=529%2C737&ssl=1","width":529,"height":737,"mime_type":"image\/jpeg","source_url":"https:\/\/i0.wp.com\/eltrabajo.cl\/portal\/wp-content\/uploads\/2014\/10\/Alcalde1.jpg?fit=529%2C737&ssl=1"}},"image_meta":{"aperture":0,"credit":"","camera":"","caption":"","created_timestamp":0,"copyright":"","focal_length":0,"iso":0,"shutter_speed":0,"title":"","orientation":0}},"post":52320,"source_url":"https:\/\/eltrabajo.cl\/portal\/wp-content\/uploads\/2014\/10\/Alcalde1.jpg","_links":{"self":[{"href":"https:\/\/eltrabajo.cl\/portal\/wp-json\/wp\/v2\/media\/52322","targetHints":{"allow":["GET"]}}],"collection":[{"href":"https:\/\/eltrabajo.cl\/portal\/wp-json\/wp\/v2\/media"}],"about":[{"href":"https:\/\/eltrabajo.cl\/portal\/wp-json\/wp\/v2\/types\/attachment"}],"author":[{"embeddable":true,"href":"https:\/\/eltrabajo.cl\/portal\/wp-json\/wp\/v2\/users\/482"}],"replies":[{"embeddable":true,"href":"https:\/\/eltrabajo.cl\/portal\/wp-json\/wp\/v2\/comments?post=52322"}],"wp:attached-to":[{"embeddable":true,"post_type":"post","id":52320,"href":"https:\/\/eltrabajo.cl\/portal\/wp-json\/wp\/v2\/posts\/52320"}],"curies":[{"name":"wp","href":"https:\/\/api.w.org\/{rel}","templated":true}]}}

<p class="attachment"><a href="https://i0.wp.com/eltrabajo.cl/portal/wp-content/uploads/2014/10/Alcalde1.jpg?ssl=1"><img loading="lazy" decoding="async" width="215" height="300" src="https://i0.wp.com/eltrabajo.cl/portal/wp-content/uploads/2014/10/Alcalde1.jpg?fit=215%2C300&amp;ssl=1" class="attachment-medium size-medium" alt="PESO COMPLETO.- El Alcalde Claudio Zurita también aprovechó para pesarse en uno de los inventos de la Escuela María Espínola." srcset="https://i0.wp.com/eltrabajo.cl/portal/wp-content/uploads/2014/10/Alcalde1.jpg?w=529&amp;ssl=1 529w, https://i0.wp.com/eltrabajo.cl/portal/wp-content/uploads/2014/10/Alcalde1.jpg?resize=107%2C150&amp;ssl=1 107w, https://i0.wp.com/eltrabajo.cl/portal/wp-content/uploads/2014/10/Alcalde1.jpg?resize=215%2C300&amp;ssl=1 215w, https://i0.wp.com/eltrabajo.cl/portal/wp-content/uploads/2014/10/Alcalde1.jpg?resize=400%2C557&amp;ssl=1 400w" sizes="auto, (max-width: 215px) 100vw, 215px" /></a></p>
<p>PESO COMPLETO.- El Alcalde Claudio Zurita también aprovechó para pesarse en uno de los inventos de la Escuela María Espínola.</p>

<p>PESO COMPLETO.- El Alcalde Claudio Zurita también aprovechó para pesarse en uno de los inventos de la Escuela María Espínola.</p>

PESO COMPLETO.- El Alcalde Claudio Zurita también aprovechó para pesarse en uno de los inventos de la Escuela María Espínola.
