{"id":52324,"date":"2014-10-15T09:20:59","date_gmt":"2014-10-15T12:20:59","guid":{"rendered":"http:\/\/www.eltrabajo.cl\/portal\/wp-content\/uploads\/2014\/10\/Feria2.jpg"},"modified":"2014-10-15T09:21:28","modified_gmt":"2014-10-15T12:21:28","slug":"feria2-6","status":"inherit","type":"attachment","link":"https:\/\/eltrabajo.cl\/portal\/muestra-cientifica-explora-conicyt-se-desarrollo-en-la-plaza-de-armas\/feria2-6\/","title":{"rendered":"Feria2"},"author":482,"featured_media":0,"comment_status":"open","ping_status":"closed","template":"","meta":{"advanced_seo_description":"","jetpack_seo_html_title":"","jetpack_seo_noindex":false},"class_list":["post-52324","attachment","type-attachment","status-inherit","hentry"],"jetpack_sharing_enabled":true,"jetpack_likes_enabled":true,"description":{"rendered":"<p class=\"attachment\"><a href=\"https:\/\/i0.wp.com\/eltrabajo.cl\/portal\/wp-content\/uploads\/2014\/10\/Feria2.jpg?ssl=1\"><img loading=\"lazy\" decoding=\"async\" width=\"300\" height=\"224\" src=\"https:\/\/i0.wp.com\/eltrabajo.cl\/portal\/wp-content\/uploads\/2014\/10\/Feria2.jpg?fit=300%2C224&amp;ssl=1\" class=\"attachment-medium size-medium\" alt=\"AUTORIDADES PRESENTES.- Estuvieron presente, el Alcalde Claudio Zurita Ibarra y el Jefe del Daem, Rosalindo Gonz\u00e1lez, quienes mostraron su complacencia por el buen pie en que se encuentra la educaci\u00f3n de Santa Mar\u00eda.\" srcset=\"https:\/\/i0.wp.com\/eltrabajo.cl\/portal\/wp-content\/uploads\/2014\/10\/Feria2.jpg?w=528&amp;ssl=1 528w, https:\/\/i0.wp.com\/eltrabajo.cl\/portal\/wp-content\/uploads\/2014\/10\/Feria2.jpg?resize=200%2C150&amp;ssl=1 200w, https:\/\/i0.wp.com\/eltrabajo.cl\/portal\/wp-content\/uploads\/2014\/10\/Feria2.jpg?resize=300%2C224&amp;ssl=1 300w, https:\/\/i0.wp.com\/eltrabajo.cl\/portal\/wp-content\/uploads\/2014\/10\/Feria2.jpg?resize=150%2C112&amp;ssl=1 150w, https:\/\/i0.wp.com\/eltrabajo.cl\/portal\/wp-content\/uploads\/2014\/10\/Feria2.jpg?resize=400%2C299&amp;ssl=1 400w\" sizes=\"auto, (max-width: 300px) 100vw, 300px\" \/><\/a><\/p>\n<p>AUTORIDADES PRESENTES.- Estuvieron presente, el Alcalde Claudio Zurita Ibarra y el Jefe del Daem, Rosalindo Gonz\u00e1lez, quienes mostraron su complacencia por el buen pie en que se encuentra la educaci\u00f3n de Santa Mar\u00eda.<\/p>\n"},"caption":{"rendered":"<p>AUTORIDADES PRESENTES.- Estuvieron presente, el Alcalde Claudio Zurita Ibarra y el Jefe del Daem, Rosalindo Gonz\u00e1lez, quienes mostraron su complacencia por el buen pie en que se encuentra la educaci\u00f3n de Santa Mar\u00eda.<\/p>\n"},"alt_text":"AUTORIDADES PRESENTES.- Estuvieron presente, el Alcalde Claudio Zurita Ibarra y el Jefe del Daem, Rosalindo Gonz\u00e1lez, quienes mostraron su complacencia por el buen pie en que se encuentra la educaci\u00f3n de Santa Mar\u00eda.","media_type":"image","mime_type":"image\/jpeg","media_details":{"width":528,"height":395,"file":"2014\/10\/Feria2.jpg","sizes":{"thumbnail":{"file":"Feria2-200x150.jpg","width":200,"height":150,"mime_type":"image\/jpeg","source_url":"https:\/\/i0.wp.com\/eltrabajo.cl\/portal\/wp-content\/uploads\/2014\/10\/Feria2.jpg?fit=200%2C150&ssl=1"},"medium":{"file":"Feria2-300x224.jpg","width":300,"height":224,"mime_type":"image\/jpeg","source_url":"https:\/\/i0.wp.com\/eltrabajo.cl\/portal\/wp-content\/uploads\/2014\/10\/Feria2.jpg?fit=300%2C224&ssl=1"},"post-thumbnail":{"file":"Feria2-150x112.jpg","width":150,"height":112,"mime_type":"image\/jpeg","source_url":"https:\/\/i0.wp.com\/eltrabajo.cl\/portal\/wp-content\/uploads\/2014\/10\/Feria2.jpg?fit=150%2C112&ssl=1"},"single-post-thumbnail":{"file":"Feria2-400x299.jpg","width":400,"height":299,"mime_type":"image\/jpeg","source_url":"https:\/\/eltrabajo.cl\/portal\/wp-content\/uploads\/2014\/10\/Feria2-400x299.jpg"},"full":{"file":"Feria2.jpg?fit=528%2C395&ssl=1","width":528,"height":395,"mime_type":"image\/jpeg","source_url":"https:\/\/i0.wp.com\/eltrabajo.cl\/portal\/wp-content\/uploads\/2014\/10\/Feria2.jpg?fit=528%2C395&ssl=1"}},"image_meta":{"aperture":0,"credit":"","camera":"","caption":"","created_timestamp":0,"copyright":"","focal_length":0,"iso":0,"shutter_speed":0,"title":"","orientation":0}},"post":52320,"source_url":"https:\/\/eltrabajo.cl\/portal\/wp-content\/uploads\/2014\/10\/Feria2.jpg","_links":{"self":[{"href":"https:\/\/eltrabajo.cl\/portal\/wp-json\/wp\/v2\/media\/52324","targetHints":{"allow":["GET"]}}],"collection":[{"href":"https:\/\/eltrabajo.cl\/portal\/wp-json\/wp\/v2\/media"}],"about":[{"href":"https:\/\/eltrabajo.cl\/portal\/wp-json\/wp\/v2\/types\/attachment"}],"author":[{"embeddable":true,"href":"https:\/\/eltrabajo.cl\/portal\/wp-json\/wp\/v2\/users\/482"}],"replies":[{"embeddable":true,"href":"https:\/\/eltrabajo.cl\/portal\/wp-json\/wp\/v2\/comments?post=52324"}],"wp:attached-to":[{"embeddable":true,"post_type":"post","id":52320,"href":"https:\/\/eltrabajo.cl\/portal\/wp-json\/wp\/v2\/posts\/52320"}],"curies":[{"name":"wp","href":"https:\/\/api.w.org\/{rel}","templated":true}]}}

<p class="attachment"><a href="https://i0.wp.com/eltrabajo.cl/portal/wp-content/uploads/2014/10/Feria2.jpg?ssl=1"><img loading="lazy" decoding="async" width="300" height="224" src="https://i0.wp.com/eltrabajo.cl/portal/wp-content/uploads/2014/10/Feria2.jpg?fit=300%2C224&amp;ssl=1" class="attachment-medium size-medium" alt="AUTORIDADES PRESENTES.- Estuvieron presente, el Alcalde Claudio Zurita Ibarra y el Jefe del Daem, Rosalindo González, quienes mostraron su complacencia por el buen pie en que se encuentra la educación de Santa María." srcset="https://i0.wp.com/eltrabajo.cl/portal/wp-content/uploads/2014/10/Feria2.jpg?w=528&amp;ssl=1 528w, https://i0.wp.com/eltrabajo.cl/portal/wp-content/uploads/2014/10/Feria2.jpg?resize=200%2C150&amp;ssl=1 200w, https://i0.wp.com/eltrabajo.cl/portal/wp-content/uploads/2014/10/Feria2.jpg?resize=300%2C224&amp;ssl=1 300w, https://i0.wp.com/eltrabajo.cl/portal/wp-content/uploads/2014/10/Feria2.jpg?resize=150%2C112&amp;ssl=1 150w, https://i0.wp.com/eltrabajo.cl/portal/wp-content/uploads/2014/10/Feria2.jpg?resize=400%2C299&amp;ssl=1 400w" sizes="auto, (max-width: 300px) 100vw, 300px" /></a></p>
<p>AUTORIDADES PRESENTES.- Estuvieron presente, el Alcalde Claudio Zurita Ibarra y el Jefe del Daem, Rosalindo González, quienes mostraron su complacencia por el buen pie en que se encuentra la educación de Santa María.</p>

<p>AUTORIDADES PRESENTES.- Estuvieron presente, el Alcalde Claudio Zurita Ibarra y el Jefe del Daem, Rosalindo González, quienes mostraron su complacencia por el buen pie en que se encuentra la educación de Santa María.</p>

AUTORIDADES PRESENTES.- Estuvieron presente, el Alcalde Claudio Zurita Ibarra y el Jefe del Daem, Rosalindo González, quienes mostraron su complacencia por el buen pie en que se encuentra la educación de Santa María.
