{"id":52354,"date":"2014-10-15T09:37:14","date_gmt":"2014-10-15T12:37:14","guid":{"rendered":"http:\/\/www.eltrabajo.cl\/portal\/wp-content\/uploads\/2014\/10\/jennifer-hurtado-primer-dia-clases-4-a\u00f1os.jpg"},"modified":"2014-10-15T09:37:27","modified_gmt":"2014-10-15T12:37:27","slug":"jennifer-hurtado-primer-dia-clases-4-anos","status":"inherit","type":"attachment","link":"https:\/\/eltrabajo.cl\/portal\/con-18-anos-y-casi-180-de-estatura-espera-ser-la-reina-de-la-primavera-2014\/jennifer-hurtado-primer-dia-clases-4-anos\/","title":{"rendered":"jennifer hurtado primer dia clases 4 a\u00f1os"},"author":482,"featured_media":0,"comment_status":"open","ping_status":"closed","template":"","meta":{"advanced_seo_description":"","jetpack_seo_html_title":"","jetpack_seo_noindex":false},"class_list":["post-52354","attachment","type-attachment","status-inherit","hentry"],"jetpack_sharing_enabled":true,"jetpack_likes_enabled":true,"description":{"rendered":"<p class=\"attachment\"><a href=\"https:\/\/i0.wp.com\/eltrabajo.cl\/portal\/wp-content\/uploads\/2014\/10\/jennifer-hurtado-primer-dia-clases-4-a%C3%B1os.jpg?ssl=1\"><img loading=\"lazy\" decoding=\"async\" width=\"208\" height=\"300\" src=\"https:\/\/i0.wp.com\/eltrabajo.cl\/portal\/wp-content\/uploads\/2014\/10\/jennifer-hurtado-primer-dia-clases-4-a%C3%B1os.jpg?fit=208%2C300&amp;ssl=1\" class=\"attachment-medium size-medium\" alt=\"La peque\u00f1a Jennifer en su primer d\u00eda de clases, a los 4 a\u00f1os de edad, no luce ni asustada ni preocupada, pero s\u00ed muy atenta a salir bien en la foto.\" \/><\/a><\/p>\n<p>La peque\u00f1a Jennifer en su primer d\u00eda de clases, a los 4 a\u00f1os de edad, no luce ni asustada ni preocupada, pero s\u00ed muy atenta a salir bien en la foto.<\/p>\n"},"caption":{"rendered":"<p>La peque\u00f1a Jennifer en su primer d\u00eda de clases, a los 4 a\u00f1os de edad, no luce ni asustada ni preocupada, pero s\u00ed muy atenta a salir bien en la foto.<\/p>\n"},"alt_text":"La peque\u00f1a Jennifer en su primer d\u00eda de clases, a los 4 a\u00f1os de edad, no luce ni asustada ni preocupada, pero s\u00ed muy atenta a salir bien en la foto.","media_type":"image","mime_type":"image\/jpeg","media_details":{"width":529,"height":760,"file":"2014\/10\/jennifer-hurtado-primer-dia-clases-4-a\u00f1os.jpg","sizes":{"thumbnail":{"file":"jennifer-hurtado-primer-dia-clases-4-a\u00f1os-104x150.jpg","width":104,"height":150,"mime_type":"image\/jpeg","source_url":"https:\/\/i0.wp.com\/eltrabajo.cl\/portal\/wp-content\/uploads\/2014\/10\/jennifer-hurtado-primer-dia-clases-4-a%C3%B1os.jpg?fit=104%2C150&ssl=1"},"medium":{"file":"jennifer-hurtado-primer-dia-clases-4-a\u00f1os-208x300.jpg","width":208,"height":300,"mime_type":"image\/jpeg","source_url":"https:\/\/i0.wp.com\/eltrabajo.cl\/portal\/wp-content\/uploads\/2014\/10\/jennifer-hurtado-primer-dia-clases-4-a%C3%B1os.jpg?fit=208%2C300&ssl=1"},"post-thumbnail":{"file":"jennifer-hurtado-primer-dia-clases-4-a\u00f1os-104x150.jpg","width":104,"height":150,"mime_type":"image\/jpeg","source_url":"https:\/\/i0.wp.com\/eltrabajo.cl\/portal\/wp-content\/uploads\/2014\/10\/jennifer-hurtado-primer-dia-clases-4-a%C3%B1os.jpg?fit=104%2C150&ssl=1"},"single-post-thumbnail":{"file":"jennifer-hurtado-primer-dia-clases-4-a\u00f1os-400x574.jpg","width":400,"height":574,"mime_type":"image\/jpeg","source_url":"https:\/\/eltrabajo.cl\/portal\/wp-content\/uploads\/2014\/10\/jennifer-hurtado-primer-dia-clases-4-a\u00f1os-400x574.jpg"},"full":{"file":"jennifer-hurtado-primer-dia-clases-4-a%C3%B1os.jpg?fit=529%2C760&ssl=1","width":529,"height":760,"mime_type":"image\/jpeg","source_url":"https:\/\/i0.wp.com\/eltrabajo.cl\/portal\/wp-content\/uploads\/2014\/10\/jennifer-hurtado-primer-dia-clases-4-a%C3%B1os.jpg?fit=529%2C760&ssl=1"}},"image_meta":{"aperture":0,"credit":"","camera":"","caption":"","created_timestamp":0,"copyright":"","focal_length":0,"iso":0,"shutter_speed":0,"title":"","orientation":0}},"post":52352,"source_url":"https:\/\/eltrabajo.cl\/portal\/wp-content\/uploads\/2014\/10\/jennifer-hurtado-primer-dia-clases-4-a\u00f1os.jpg","_links":{"self":[{"href":"https:\/\/eltrabajo.cl\/portal\/wp-json\/wp\/v2\/media\/52354","targetHints":{"allow":["GET"]}}],"collection":[{"href":"https:\/\/eltrabajo.cl\/portal\/wp-json\/wp\/v2\/media"}],"about":[{"href":"https:\/\/eltrabajo.cl\/portal\/wp-json\/wp\/v2\/types\/attachment"}],"author":[{"embeddable":true,"href":"https:\/\/eltrabajo.cl\/portal\/wp-json\/wp\/v2\/users\/482"}],"replies":[{"embeddable":true,"href":"https:\/\/eltrabajo.cl\/portal\/wp-json\/wp\/v2\/comments?post=52354"}],"wp:attached-to":[{"embeddable":true,"post_type":"post","id":52352,"href":"https:\/\/eltrabajo.cl\/portal\/wp-json\/wp\/v2\/posts\/52352"}],"curies":[{"name":"wp","href":"https:\/\/api.w.org\/{rel}","templated":true}]}}

http://www.eltrabajo.cl/portal/wp-content/uploads/2014/10/jennifer-hurtado-primer-dia-clases-4-años.jpg

jennifer hurtado primer dia clases 4 años

<p class="attachment"><a href="https://i0.wp.com/eltrabajo.cl/portal/wp-content/uploads/2014/10/jennifer-hurtado-primer-dia-clases-4-a%C3%B1os.jpg?ssl=1"><img loading="lazy" decoding="async" width="208" height="300" src="https://i0.wp.com/eltrabajo.cl/portal/wp-content/uploads/2014/10/jennifer-hurtado-primer-dia-clases-4-a%C3%B1os.jpg?fit=208%2C300&amp;ssl=1" class="attachment-medium size-medium" alt="La pequeña Jennifer en su primer día de clases, a los 4 años de edad, no luce ni asustada ni preocupada, pero sí muy atenta a salir bien en la foto." /></a></p>
<p>La pequeña Jennifer en su primer día de clases, a los 4 años de edad, no luce ni asustada ni preocupada, pero sí muy atenta a salir bien en la foto.</p>

<p>La pequeña Jennifer en su primer día de clases, a los 4 años de edad, no luce ni asustada ni preocupada, pero sí muy atenta a salir bien en la foto.</p>

La pequeña Jennifer en su primer día de clases, a los 4 años de edad, no luce ni asustada ni preocupada, pero sí muy atenta a salir bien en la foto.

2014/10/jennifer-hurtado-primer-dia-clases-4-años.jpg

jennifer-hurtado-primer-dia-clases-4-años-104x150.jpg

jennifer-hurtado-primer-dia-clases-4-años-208x300.jpg

jennifer-hurtado-primer-dia-clases-4-años-400x574.jpg

https://eltrabajo.cl/portal/wp-content/uploads/2014/10/jennifer-hurtado-primer-dia-clases-4-años-400x574.jpg

https://eltrabajo.cl/portal/wp-content/uploads/2014/10/jennifer-hurtado-primer-dia-clases-4-años.jpg
