{"id":52405,"date":"2014-10-16T09:49:14","date_gmt":"2014-10-16T12:49:14","guid":{"rendered":"http:\/\/www.eltrabajo.cl\/portal\/wp-content\/uploads\/2014\/10\/safrada-saliendo-del-tribunal.jpg"},"modified":"2014-10-16T09:49:42","modified_gmt":"2014-10-16T12:49:42","slug":"safrada-saliendo-del-tribunal","status":"inherit","type":"attachment","link":"https:\/\/eltrabajo.cl\/portal\/sospechosos-de-asesinar-al-dedos-cortos-se-entregaron-a-la-pdi\/safrada-saliendo-del-tribunal\/","title":{"rendered":"safrada saliendo del tribunal"},"author":482,"featured_media":0,"comment_status":"open","ping_status":"closed","template":"","meta":{"advanced_seo_description":"","jetpack_seo_html_title":"","jetpack_seo_noindex":false},"class_list":["post-52405","attachment","type-attachment","status-inherit","hentry"],"jetpack_sharing_enabled":true,"jetpack_likes_enabled":true,"description":{"rendered":"<p class=\"attachment\"><a href=\"https:\/\/i0.wp.com\/eltrabajo.cl\/portal\/wp-content\/uploads\/2014\/10\/safrada-saliendo-del-tribunal.jpg?ssl=1\"><img loading=\"lazy\" decoding=\"async\" width=\"285\" height=\"300\" src=\"https:\/\/i0.wp.com\/eltrabajo.cl\/portal\/wp-content\/uploads\/2014\/10\/safrada-saliendo-del-tribunal.jpg?fit=285%2C300&amp;ssl=1\" class=\"attachment-medium size-medium\" alt=\"Luego de la audiencia, los imputados celebraron su libertad abandonando el Tribunal de Garant\u00eda entre l\u00e1grimas y abrazos por la decisi\u00f3n del Juez Leopoldo Soto.\" srcset=\"https:\/\/i0.wp.com\/eltrabajo.cl\/portal\/wp-content\/uploads\/2014\/10\/safrada-saliendo-del-tribunal.jpg?w=529&amp;ssl=1 529w, https:\/\/i0.wp.com\/eltrabajo.cl\/portal\/wp-content\/uploads\/2014\/10\/safrada-saliendo-del-tribunal.jpg?resize=142%2C150&amp;ssl=1 142w, https:\/\/i0.wp.com\/eltrabajo.cl\/portal\/wp-content\/uploads\/2014\/10\/safrada-saliendo-del-tribunal.jpg?resize=285%2C300&amp;ssl=1 285w, https:\/\/i0.wp.com\/eltrabajo.cl\/portal\/wp-content\/uploads\/2014\/10\/safrada-saliendo-del-tribunal.jpg?resize=400%2C419&amp;ssl=1 400w\" sizes=\"auto, (max-width: 285px) 100vw, 285px\" \/><\/a><\/p>\n<p>Luego de la audiencia, los imputados celebraron su libertad abandonando el Tribunal de Garant\u00eda entre l\u00e1grimas y abrazos por la decisi\u00f3n del Juez Leopoldo Soto.<\/p>\n"},"caption":{"rendered":"<p>Luego de la audiencia, los imputados celebraron su libertad abandonando el Tribunal de Garant\u00eda entre l\u00e1grimas y abrazos por la decisi\u00f3n del Juez Leopoldo Soto.<\/p>\n"},"alt_text":"Luego de la audiencia, los imputados celebraron su libertad abandonando el Tribunal de Garant\u00eda entre l\u00e1grimas y abrazos por la decisi\u00f3n del Juez Leopoldo Soto.","media_type":"image","mime_type":"image\/jpeg","media_details":{"width":529,"height":555,"file":"2014\/10\/safrada-saliendo-del-tribunal.jpg","sizes":{"thumbnail":{"file":"safrada-saliendo-del-tribunal-142x150.jpg","width":142,"height":150,"mime_type":"image\/jpeg","source_url":"https:\/\/i0.wp.com\/eltrabajo.cl\/portal\/wp-content\/uploads\/2014\/10\/safrada-saliendo-del-tribunal.jpg?fit=142%2C150&ssl=1"},"medium":{"file":"safrada-saliendo-del-tribunal-285x300.jpg","width":285,"height":300,"mime_type":"image\/jpeg","source_url":"https:\/\/i0.wp.com\/eltrabajo.cl\/portal\/wp-content\/uploads\/2014\/10\/safrada-saliendo-del-tribunal.jpg?fit=285%2C300&ssl=1"},"post-thumbnail":{"file":"safrada-saliendo-del-tribunal-142x150.jpg","width":142,"height":150,"mime_type":"image\/jpeg","source_url":"https:\/\/i0.wp.com\/eltrabajo.cl\/portal\/wp-content\/uploads\/2014\/10\/safrada-saliendo-del-tribunal.jpg?fit=142%2C150&ssl=1"},"single-post-thumbnail":{"file":"safrada-saliendo-del-tribunal-400x419.jpg","width":400,"height":419,"mime_type":"image\/jpeg","source_url":"https:\/\/eltrabajo.cl\/portal\/wp-content\/uploads\/2014\/10\/safrada-saliendo-del-tribunal-400x419.jpg"},"full":{"file":"safrada-saliendo-del-tribunal.jpg?fit=529%2C555&ssl=1","width":529,"height":555,"mime_type":"image\/jpeg","source_url":"https:\/\/i0.wp.com\/eltrabajo.cl\/portal\/wp-content\/uploads\/2014\/10\/safrada-saliendo-del-tribunal.jpg?fit=529%2C555&ssl=1"}},"image_meta":{"aperture":0,"credit":"","camera":"","caption":"","created_timestamp":0,"copyright":"","focal_length":0,"iso":0,"shutter_speed":0,"title":"","orientation":0}},"post":52401,"source_url":"https:\/\/eltrabajo.cl\/portal\/wp-content\/uploads\/2014\/10\/safrada-saliendo-del-tribunal.jpg","_links":{"self":[{"href":"https:\/\/eltrabajo.cl\/portal\/wp-json\/wp\/v2\/media\/52405","targetHints":{"allow":["GET"]}}],"collection":[{"href":"https:\/\/eltrabajo.cl\/portal\/wp-json\/wp\/v2\/media"}],"about":[{"href":"https:\/\/eltrabajo.cl\/portal\/wp-json\/wp\/v2\/types\/attachment"}],"author":[{"embeddable":true,"href":"https:\/\/eltrabajo.cl\/portal\/wp-json\/wp\/v2\/users\/482"}],"replies":[{"embeddable":true,"href":"https:\/\/eltrabajo.cl\/portal\/wp-json\/wp\/v2\/comments?post=52405"}],"wp:attached-to":[{"embeddable":true,"post_type":"post","id":52401,"href":"https:\/\/eltrabajo.cl\/portal\/wp-json\/wp\/v2\/posts\/52401"}],"curies":[{"name":"wp","href":"https:\/\/api.w.org\/{rel}","templated":true}]}}

<p class="attachment"><a href="https://i0.wp.com/eltrabajo.cl/portal/wp-content/uploads/2014/10/safrada-saliendo-del-tribunal.jpg?ssl=1"><img loading="lazy" decoding="async" width="285" height="300" src="https://i0.wp.com/eltrabajo.cl/portal/wp-content/uploads/2014/10/safrada-saliendo-del-tribunal.jpg?fit=285%2C300&amp;ssl=1" class="attachment-medium size-medium" alt="Luego de la audiencia, los imputados celebraron su libertad abandonando el Tribunal de Garantía entre lágrimas y abrazos por la decisión del Juez Leopoldo Soto." srcset="https://i0.wp.com/eltrabajo.cl/portal/wp-content/uploads/2014/10/safrada-saliendo-del-tribunal.jpg?w=529&amp;ssl=1 529w, https://i0.wp.com/eltrabajo.cl/portal/wp-content/uploads/2014/10/safrada-saliendo-del-tribunal.jpg?resize=142%2C150&amp;ssl=1 142w, https://i0.wp.com/eltrabajo.cl/portal/wp-content/uploads/2014/10/safrada-saliendo-del-tribunal.jpg?resize=285%2C300&amp;ssl=1 285w, https://i0.wp.com/eltrabajo.cl/portal/wp-content/uploads/2014/10/safrada-saliendo-del-tribunal.jpg?resize=400%2C419&amp;ssl=1 400w" sizes="auto, (max-width: 285px) 100vw, 285px" /></a></p>
<p>Luego de la audiencia, los imputados celebraron su libertad abandonando el Tribunal de Garantía entre lágrimas y abrazos por la decisión del Juez Leopoldo Soto.</p>

<p>Luego de la audiencia, los imputados celebraron su libertad abandonando el Tribunal de Garantía entre lágrimas y abrazos por la decisión del Juez Leopoldo Soto.</p>

Luego de la audiencia, los imputados celebraron su libertad abandonando el Tribunal de Garantía entre lágrimas y abrazos por la decisión del Juez Leopoldo Soto.
