{"id":52448,"date":"2014-10-17T09:39:52","date_gmt":"2014-10-17T12:39:52","guid":{"rendered":"http:\/\/www.eltrabajo.cl\/portal\/wp-content\/uploads\/2014\/10\/El-Pancho.jpg"},"modified":"2014-10-17T09:40:09","modified_gmt":"2014-10-17T12:40:09","slug":"el-pancho-2","status":"inherit","type":"attachment","link":"https:\/\/eltrabajo.cl\/portal\/luis-chacon-paredes-victima-de-el-pancho-a-diario-el-trabajo-cuando-me-encanono-me-dije-si-me-dispara-hasta-aqui-no-mas-llego\/el-pancho-2\/","title":{"rendered":"El Pancho"},"author":482,"featured_media":0,"comment_status":"open","ping_status":"closed","template":"","meta":{"advanced_seo_description":"","jetpack_seo_html_title":"","jetpack_seo_noindex":false},"class_list":["post-52448","attachment","type-attachment","status-inherit","hentry"],"jetpack_sharing_enabled":true,"jetpack_likes_enabled":true,"description":{"rendered":"<p class=\"attachment\"><a href=\"https:\/\/i0.wp.com\/eltrabajo.cl\/portal\/wp-content\/uploads\/2014\/10\/El-Pancho.jpg?ssl=1\"><img loading=\"lazy\" decoding=\"async\" width=\"300\" height=\"227\" src=\"https:\/\/i0.wp.com\/eltrabajo.cl\/portal\/wp-content\/uploads\/2014\/10\/El-Pancho.jpg?fit=300%2C227&amp;ssl=1\" class=\"attachment-medium size-medium\" alt=\"TRAS LAS REJAS.- A finales del mes de enero del 2014 se le acab\u00f3 el chipe libre a Francisco Ruiz Luengo, luego de ser capturado por Carabineros. Actualmente est\u00e1 recluido por 26 a\u00f1os en la C\u00e1rcel de Valpara\u00edso.\" srcset=\"https:\/\/i0.wp.com\/eltrabajo.cl\/portal\/wp-content\/uploads\/2014\/10\/El-Pancho.jpg?w=529&amp;ssl=1 529w, https:\/\/i0.wp.com\/eltrabajo.cl\/portal\/wp-content\/uploads\/2014\/10\/El-Pancho.jpg?resize=197%2C150&amp;ssl=1 197w, https:\/\/i0.wp.com\/eltrabajo.cl\/portal\/wp-content\/uploads\/2014\/10\/El-Pancho.jpg?resize=300%2C227&amp;ssl=1 300w, https:\/\/i0.wp.com\/eltrabajo.cl\/portal\/wp-content\/uploads\/2014\/10\/El-Pancho.jpg?resize=150%2C113&amp;ssl=1 150w, https:\/\/i0.wp.com\/eltrabajo.cl\/portal\/wp-content\/uploads\/2014\/10\/El-Pancho.jpg?resize=400%2C303&amp;ssl=1 400w\" sizes=\"auto, (max-width: 300px) 100vw, 300px\" \/><\/a><\/p>\n<p>TRAS LAS REJAS.- A finales del mes de enero del 2014 se le acab\u00f3 el chipe libre a Francisco Ruiz Luengo, luego de ser capturado por Carabineros. Actualmente est\u00e1 recluido por 26 a\u00f1os en la C\u00e1rcel de Valpara\u00edso.<\/p>\n"},"caption":{"rendered":"<p>TRAS LAS REJAS.- A finales del mes de enero del 2014 se le acab\u00f3 el chipe libre a Francisco Ruiz Luengo, luego de ser capturado por Carabineros. Actualmente est\u00e1 recluido por 26 a\u00f1os en la C\u00e1rcel de Valpara\u00edso.<\/p>\n"},"alt_text":"TRAS LAS REJAS.- A finales del mes de enero del 2014 se le acab\u00f3 el chipe libre a Francisco Ruiz Luengo, luego de ser capturado por Carabineros. Actualmente est\u00e1 recluido por 26 a\u00f1os en la C\u00e1rcel de Valpara\u00edso.","media_type":"image","mime_type":"image\/jpeg","media_details":{"width":529,"height":401,"file":"2014\/10\/El-Pancho.jpg","sizes":{"thumbnail":{"file":"El-Pancho-197x150.jpg","width":197,"height":150,"mime_type":"image\/jpeg","source_url":"https:\/\/i0.wp.com\/eltrabajo.cl\/portal\/wp-content\/uploads\/2014\/10\/El-Pancho.jpg?fit=197%2C150&ssl=1"},"medium":{"file":"El-Pancho-300x227.jpg","width":300,"height":227,"mime_type":"image\/jpeg","source_url":"https:\/\/i0.wp.com\/eltrabajo.cl\/portal\/wp-content\/uploads\/2014\/10\/El-Pancho.jpg?fit=300%2C227&ssl=1"},"post-thumbnail":{"file":"El-Pancho-150x113.jpg","width":150,"height":113,"mime_type":"image\/jpeg","source_url":"https:\/\/i0.wp.com\/eltrabajo.cl\/portal\/wp-content\/uploads\/2014\/10\/El-Pancho.jpg?fit=150%2C113&ssl=1"},"single-post-thumbnail":{"file":"El-Pancho-400x303.jpg","width":400,"height":303,"mime_type":"image\/jpeg","source_url":"https:\/\/eltrabajo.cl\/portal\/wp-content\/uploads\/2014\/10\/El-Pancho-400x303.jpg"},"full":{"file":"El-Pancho.jpg?fit=529%2C401&ssl=1","width":529,"height":401,"mime_type":"image\/jpeg","source_url":"https:\/\/i0.wp.com\/eltrabajo.cl\/portal\/wp-content\/uploads\/2014\/10\/El-Pancho.jpg?fit=529%2C401&ssl=1"}},"image_meta":{"aperture":0,"credit":"","camera":"","caption":"","created_timestamp":0,"copyright":"","focal_length":0,"iso":0,"shutter_speed":0,"title":"","orientation":0}},"post":52445,"source_url":"https:\/\/eltrabajo.cl\/portal\/wp-content\/uploads\/2014\/10\/El-Pancho.jpg","_links":{"self":[{"href":"https:\/\/eltrabajo.cl\/portal\/wp-json\/wp\/v2\/media\/52448","targetHints":{"allow":["GET"]}}],"collection":[{"href":"https:\/\/eltrabajo.cl\/portal\/wp-json\/wp\/v2\/media"}],"about":[{"href":"https:\/\/eltrabajo.cl\/portal\/wp-json\/wp\/v2\/types\/attachment"}],"author":[{"embeddable":true,"href":"https:\/\/eltrabajo.cl\/portal\/wp-json\/wp\/v2\/users\/482"}],"replies":[{"embeddable":true,"href":"https:\/\/eltrabajo.cl\/portal\/wp-json\/wp\/v2\/comments?post=52448"}],"wp:attached-to":[{"embeddable":true,"post_type":"post","id":52445,"href":"https:\/\/eltrabajo.cl\/portal\/wp-json\/wp\/v2\/posts\/52445"}],"curies":[{"name":"wp","href":"https:\/\/api.w.org\/{rel}","templated":true}]}}

<p class="attachment"><a href="https://i0.wp.com/eltrabajo.cl/portal/wp-content/uploads/2014/10/El-Pancho.jpg?ssl=1"><img loading="lazy" decoding="async" width="300" height="227" src="https://i0.wp.com/eltrabajo.cl/portal/wp-content/uploads/2014/10/El-Pancho.jpg?fit=300%2C227&amp;ssl=1" class="attachment-medium size-medium" alt="TRAS LAS REJAS.- A finales del mes de enero del 2014 se le acabó el chipe libre a Francisco Ruiz Luengo, luego de ser capturado por Carabineros. Actualmente está recluido por 26 años en la Cárcel de Valparaíso." srcset="https://i0.wp.com/eltrabajo.cl/portal/wp-content/uploads/2014/10/El-Pancho.jpg?w=529&amp;ssl=1 529w, https://i0.wp.com/eltrabajo.cl/portal/wp-content/uploads/2014/10/El-Pancho.jpg?resize=197%2C150&amp;ssl=1 197w, https://i0.wp.com/eltrabajo.cl/portal/wp-content/uploads/2014/10/El-Pancho.jpg?resize=300%2C227&amp;ssl=1 300w, https://i0.wp.com/eltrabajo.cl/portal/wp-content/uploads/2014/10/El-Pancho.jpg?resize=150%2C113&amp;ssl=1 150w, https://i0.wp.com/eltrabajo.cl/portal/wp-content/uploads/2014/10/El-Pancho.jpg?resize=400%2C303&amp;ssl=1 400w" sizes="auto, (max-width: 300px) 100vw, 300px" /></a></p>
<p>TRAS LAS REJAS.- A finales del mes de enero del 2014 se le acabó el chipe libre a Francisco Ruiz Luengo, luego de ser capturado por Carabineros. Actualmente está recluido por 26 años en la Cárcel de Valparaíso.</p>

<p>TRAS LAS REJAS.- A finales del mes de enero del 2014 se le acabó el chipe libre a Francisco Ruiz Luengo, luego de ser capturado por Carabineros. Actualmente está recluido por 26 años en la Cárcel de Valparaíso.</p>

TRAS LAS REJAS.- A finales del mes de enero del 2014 se le acabó el chipe libre a Francisco Ruiz Luengo, luego de ser capturado por Carabineros. Actualmente está recluido por 26 años en la Cárcel de Valparaíso.
