{"id":52749,"date":"2014-10-28T08:43:34","date_gmt":"2014-10-28T11:43:34","guid":{"rendered":"http:\/\/www.eltrabajo.cl\/portal\/wp-content\/uploads\/2014\/10\/Gato1.jpg"},"modified":"2014-10-28T08:43:44","modified_gmt":"2014-10-28T11:43:44","slug":"gato1","status":"inherit","type":"attachment","link":"https:\/\/eltrabajo.cl\/portal\/conciencia-animal-y-fundacion-ceba-esterilizan-a-30-animales\/gato1\/","title":{"rendered":"Gato1"},"author":482,"featured_media":0,"comment_status":"open","ping_status":"closed","template":"","meta":{"advanced_seo_description":"","jetpack_seo_html_title":"","jetpack_seo_noindex":false},"class_list":["post-52749","attachment","type-attachment","status-inherit","hentry"],"jetpack_sharing_enabled":true,"jetpack_likes_enabled":true,"description":{"rendered":"<p class=\"attachment\"><a href=\"https:\/\/i0.wp.com\/eltrabajo.cl\/portal\/wp-content\/uploads\/2014\/10\/Gato1.jpg?ssl=1\"><img loading=\"lazy\" decoding=\"async\" width=\"300\" height=\"203\" src=\"https:\/\/i0.wp.com\/eltrabajo.cl\/portal\/wp-content\/uploads\/2014\/10\/Gato1.jpg?fit=300%2C203&amp;ssl=1\" class=\"attachment-medium size-medium\" alt=\"Un nuevo y exitoso operativo de esterilizaci\u00f3n, organizado por la Agrupaci\u00f3n Conciencia Animal y Fundaci\u00f3n Ceba, permiti\u00f3 la atenci\u00f3n de 30 animales.\" srcset=\"https:\/\/i0.wp.com\/eltrabajo.cl\/portal\/wp-content\/uploads\/2014\/10\/Gato1.jpg?w=529&amp;ssl=1 529w, https:\/\/i0.wp.com\/eltrabajo.cl\/portal\/wp-content\/uploads\/2014\/10\/Gato1.jpg?resize=200%2C135&amp;ssl=1 200w, https:\/\/i0.wp.com\/eltrabajo.cl\/portal\/wp-content\/uploads\/2014\/10\/Gato1.jpg?resize=300%2C203&amp;ssl=1 300w, https:\/\/i0.wp.com\/eltrabajo.cl\/portal\/wp-content\/uploads\/2014\/10\/Gato1.jpg?resize=150%2C101&amp;ssl=1 150w, https:\/\/i0.wp.com\/eltrabajo.cl\/portal\/wp-content\/uploads\/2014\/10\/Gato1.jpg?resize=400%2C270&amp;ssl=1 400w\" sizes=\"auto, (max-width: 300px) 100vw, 300px\" \/><\/a><\/p>\n<p>Un nuevo y exitoso operativo de esterilizaci\u00f3n, organizado por la Agrupaci\u00f3n Conciencia Animal y Fundaci\u00f3n Ceba, permiti\u00f3 la atenci\u00f3n de 30 animales.<\/p>\n"},"caption":{"rendered":"<p>Un nuevo y exitoso operativo de esterilizaci\u00f3n, organizado por la Agrupaci\u00f3n Conciencia Animal y Fundaci\u00f3n Ceba, permiti\u00f3 la atenci\u00f3n de 30 animales.<\/p>\n"},"alt_text":"Un nuevo y exitoso operativo de esterilizaci\u00f3n, organizado por la Agrupaci\u00f3n Conciencia Animal y Fundaci\u00f3n Ceba, permiti\u00f3 la atenci\u00f3n de 30 animales.","media_type":"image","mime_type":"image\/jpeg","media_details":{"width":529,"height":358,"file":"2014\/10\/Gato1.jpg","sizes":{"thumbnail":{"file":"Gato1-200x135.jpg","width":200,"height":135,"mime_type":"image\/jpeg","source_url":"https:\/\/i0.wp.com\/eltrabajo.cl\/portal\/wp-content\/uploads\/2014\/10\/Gato1.jpg?fit=200%2C135&ssl=1"},"medium":{"file":"Gato1-300x203.jpg","width":300,"height":203,"mime_type":"image\/jpeg","source_url":"https:\/\/i0.wp.com\/eltrabajo.cl\/portal\/wp-content\/uploads\/2014\/10\/Gato1.jpg?fit=300%2C203&ssl=1"},"post-thumbnail":{"file":"Gato1-150x101.jpg","width":150,"height":101,"mime_type":"image\/jpeg","source_url":"https:\/\/i0.wp.com\/eltrabajo.cl\/portal\/wp-content\/uploads\/2014\/10\/Gato1.jpg?fit=150%2C101&ssl=1"},"single-post-thumbnail":{"file":"Gato1-400x270.jpg","width":400,"height":270,"mime_type":"image\/jpeg","source_url":"https:\/\/eltrabajo.cl\/portal\/wp-content\/uploads\/2014\/10\/Gato1-400x270.jpg"},"full":{"file":"Gato1.jpg?fit=529%2C358&ssl=1","width":529,"height":358,"mime_type":"image\/jpeg","source_url":"https:\/\/i0.wp.com\/eltrabajo.cl\/portal\/wp-content\/uploads\/2014\/10\/Gato1.jpg?fit=529%2C358&ssl=1"}},"image_meta":{"aperture":0,"credit":"","camera":"","caption":"","created_timestamp":0,"copyright":"[wopmind]","focal_length":0,"iso":0,"shutter_speed":0,"title":"","orientation":0}},"post":52746,"source_url":"https:\/\/eltrabajo.cl\/portal\/wp-content\/uploads\/2014\/10\/Gato1.jpg","_links":{"self":[{"href":"https:\/\/eltrabajo.cl\/portal\/wp-json\/wp\/v2\/media\/52749","targetHints":{"allow":["GET"]}}],"collection":[{"href":"https:\/\/eltrabajo.cl\/portal\/wp-json\/wp\/v2\/media"}],"about":[{"href":"https:\/\/eltrabajo.cl\/portal\/wp-json\/wp\/v2\/types\/attachment"}],"author":[{"embeddable":true,"href":"https:\/\/eltrabajo.cl\/portal\/wp-json\/wp\/v2\/users\/482"}],"replies":[{"embeddable":true,"href":"https:\/\/eltrabajo.cl\/portal\/wp-json\/wp\/v2\/comments?post=52749"}],"wp:attached-to":[{"embeddable":true,"post_type":"post","id":52746,"href":"https:\/\/eltrabajo.cl\/portal\/wp-json\/wp\/v2\/posts\/52746"}],"curies":[{"name":"wp","href":"https:\/\/api.w.org\/{rel}","templated":true}]}}

<p class="attachment"><a href="https://i0.wp.com/eltrabajo.cl/portal/wp-content/uploads/2014/10/Gato1.jpg?ssl=1"><img loading="lazy" decoding="async" width="300" height="203" src="https://i0.wp.com/eltrabajo.cl/portal/wp-content/uploads/2014/10/Gato1.jpg?fit=300%2C203&amp;ssl=1" class="attachment-medium size-medium" alt="Un nuevo y exitoso operativo de esterilización, organizado por la Agrupación Conciencia Animal y Fundación Ceba, permitió la atención de 30 animales." srcset="https://i0.wp.com/eltrabajo.cl/portal/wp-content/uploads/2014/10/Gato1.jpg?w=529&amp;ssl=1 529w, https://i0.wp.com/eltrabajo.cl/portal/wp-content/uploads/2014/10/Gato1.jpg?resize=200%2C135&amp;ssl=1 200w, https://i0.wp.com/eltrabajo.cl/portal/wp-content/uploads/2014/10/Gato1.jpg?resize=300%2C203&amp;ssl=1 300w, https://i0.wp.com/eltrabajo.cl/portal/wp-content/uploads/2014/10/Gato1.jpg?resize=150%2C101&amp;ssl=1 150w, https://i0.wp.com/eltrabajo.cl/portal/wp-content/uploads/2014/10/Gato1.jpg?resize=400%2C270&amp;ssl=1 400w" sizes="auto, (max-width: 300px) 100vw, 300px" /></a></p>
<p>Un nuevo y exitoso operativo de esterilización, organizado por la Agrupación Conciencia Animal y Fundación Ceba, permitió la atención de 30 animales.</p>

<p>Un nuevo y exitoso operativo de esterilización, organizado por la Agrupación Conciencia Animal y Fundación Ceba, permitió la atención de 30 animales.</p>

Un nuevo y exitoso operativo de esterilización, organizado por la Agrupación Conciencia Animal y Fundación Ceba, permitió la atención de 30 animales.
