{"id":52922,"date":"2014-11-03T09:44:03","date_gmt":"2014-11-03T12:44:03","guid":{"rendered":"http:\/\/www.eltrabajo.cl\/portal\/wp-content\/uploads\/2014\/11\/incendio-4.jpg"},"modified":"2014-11-03T09:44:41","modified_gmt":"2014-11-03T12:44:41","slug":"incendio-4-3","status":"inherit","type":"attachment","link":"https:\/\/eltrabajo.cl\/portal\/mientras-celebraban-halloween-perdieron-todo-en-incendio\/incendio-4-3\/","title":{"rendered":"incendio 4"},"author":482,"featured_media":0,"comment_status":"open","ping_status":"closed","template":"","meta":{"advanced_seo_description":"","jetpack_seo_html_title":"","jetpack_seo_noindex":false},"class_list":["post-52922","attachment","type-attachment","status-inherit","hentry"],"jetpack_sharing_enabled":true,"jetpack_likes_enabled":true,"description":{"rendered":"<p class=\"attachment\"><a href=\"https:\/\/i0.wp.com\/eltrabajo.cl\/portal\/wp-content\/uploads\/2014\/11\/incendio-4.jpg?ssl=1\"><img loading=\"lazy\" decoding=\"async\" width=\"300\" height=\"184\" src=\"https:\/\/i0.wp.com\/eltrabajo.cl\/portal\/wp-content\/uploads\/2014\/11\/incendio-4.jpg?fit=300%2C184&amp;ssl=1\" class=\"attachment-medium size-medium\" alt=\"Entre los escombros es posible apreciar vestuario de los ni\u00f1os y muebles absolutamente da\u00f1ados por las llamas del incendio que se desat\u00f3 en la noche del Halloween.\" srcset=\"https:\/\/i0.wp.com\/eltrabajo.cl\/portal\/wp-content\/uploads\/2014\/11\/incendio-4.jpg?w=528&amp;ssl=1 528w, https:\/\/i0.wp.com\/eltrabajo.cl\/portal\/wp-content\/uploads\/2014\/11\/incendio-4.jpg?resize=200%2C122&amp;ssl=1 200w, https:\/\/i0.wp.com\/eltrabajo.cl\/portal\/wp-content\/uploads\/2014\/11\/incendio-4.jpg?resize=300%2C184&amp;ssl=1 300w, https:\/\/i0.wp.com\/eltrabajo.cl\/portal\/wp-content\/uploads\/2014\/11\/incendio-4.jpg?resize=150%2C92&amp;ssl=1 150w, https:\/\/i0.wp.com\/eltrabajo.cl\/portal\/wp-content\/uploads\/2014\/11\/incendio-4.jpg?resize=400%2C245&amp;ssl=1 400w\" sizes=\"auto, (max-width: 300px) 100vw, 300px\" \/><\/a><\/p>\n<p>Entre los escombros es posible apreciar vestuario de los ni\u00f1os y muebles absolutamente da\u00f1ados por las llamas del incendio que se desat\u00f3 en la noche del Halloween.<\/p>\n"},"caption":{"rendered":"<p>Entre los escombros es posible apreciar vestuario de los ni\u00f1os y muebles absolutamente da\u00f1ados por las llamas del incendio que se desat\u00f3 en la noche del Halloween.<\/p>\n"},"alt_text":"Entre los escombros es posible apreciar vestuario de los ni\u00f1os y muebles absolutamente da\u00f1ados por las llamas del incendio que se desat\u00f3 en la noche del Halloween.","media_type":"image","mime_type":"image\/jpeg","media_details":{"width":528,"height":324,"file":"2014\/11\/incendio-4.jpg","sizes":{"thumbnail":{"file":"incendio-4-200x122.jpg","width":200,"height":122,"mime_type":"image\/jpeg","source_url":"https:\/\/i0.wp.com\/eltrabajo.cl\/portal\/wp-content\/uploads\/2014\/11\/incendio-4.jpg?fit=200%2C122&ssl=1"},"medium":{"file":"incendio-4-300x184.jpg","width":300,"height":184,"mime_type":"image\/jpeg","source_url":"https:\/\/i0.wp.com\/eltrabajo.cl\/portal\/wp-content\/uploads\/2014\/11\/incendio-4.jpg?fit=300%2C184&ssl=1"},"post-thumbnail":{"file":"incendio-4-150x92.jpg","width":150,"height":92,"mime_type":"image\/jpeg","source_url":"https:\/\/i0.wp.com\/eltrabajo.cl\/portal\/wp-content\/uploads\/2014\/11\/incendio-4.jpg?fit=150%2C92&ssl=1"},"single-post-thumbnail":{"file":"incendio-4-400x245.jpg","width":400,"height":245,"mime_type":"image\/jpeg","source_url":"https:\/\/eltrabajo.cl\/portal\/wp-content\/uploads\/2014\/11\/incendio-4-400x245.jpg"},"full":{"file":"incendio-4.jpg?fit=528%2C324&ssl=1","width":528,"height":324,"mime_type":"image\/jpeg","source_url":"https:\/\/i0.wp.com\/eltrabajo.cl\/portal\/wp-content\/uploads\/2014\/11\/incendio-4.jpg?fit=528%2C324&ssl=1"}},"image_meta":{"aperture":0,"credit":"","camera":"","caption":"","created_timestamp":0,"copyright":"","focal_length":0,"iso":0,"shutter_speed":0,"title":"","orientation":0}},"post":52918,"source_url":"https:\/\/eltrabajo.cl\/portal\/wp-content\/uploads\/2014\/11\/incendio-4.jpg","_links":{"self":[{"href":"https:\/\/eltrabajo.cl\/portal\/wp-json\/wp\/v2\/media\/52922","targetHints":{"allow":["GET"]}}],"collection":[{"href":"https:\/\/eltrabajo.cl\/portal\/wp-json\/wp\/v2\/media"}],"about":[{"href":"https:\/\/eltrabajo.cl\/portal\/wp-json\/wp\/v2\/types\/attachment"}],"author":[{"embeddable":true,"href":"https:\/\/eltrabajo.cl\/portal\/wp-json\/wp\/v2\/users\/482"}],"replies":[{"embeddable":true,"href":"https:\/\/eltrabajo.cl\/portal\/wp-json\/wp\/v2\/comments?post=52922"}],"wp:attached-to":[{"embeddable":true,"post_type":"post","id":52918,"href":"https:\/\/eltrabajo.cl\/portal\/wp-json\/wp\/v2\/posts\/52918"}],"curies":[{"name":"wp","href":"https:\/\/api.w.org\/{rel}","templated":true}]}}

<p class="attachment"><a href="https://i0.wp.com/eltrabajo.cl/portal/wp-content/uploads/2014/11/incendio-4.jpg?ssl=1"><img loading="lazy" decoding="async" width="300" height="184" src="https://i0.wp.com/eltrabajo.cl/portal/wp-content/uploads/2014/11/incendio-4.jpg?fit=300%2C184&amp;ssl=1" class="attachment-medium size-medium" alt="Entre los escombros es posible apreciar vestuario de los niños y muebles absolutamente dañados por las llamas del incendio que se desató en la noche del Halloween." srcset="https://i0.wp.com/eltrabajo.cl/portal/wp-content/uploads/2014/11/incendio-4.jpg?w=528&amp;ssl=1 528w, https://i0.wp.com/eltrabajo.cl/portal/wp-content/uploads/2014/11/incendio-4.jpg?resize=200%2C122&amp;ssl=1 200w, https://i0.wp.com/eltrabajo.cl/portal/wp-content/uploads/2014/11/incendio-4.jpg?resize=300%2C184&amp;ssl=1 300w, https://i0.wp.com/eltrabajo.cl/portal/wp-content/uploads/2014/11/incendio-4.jpg?resize=150%2C92&amp;ssl=1 150w, https://i0.wp.com/eltrabajo.cl/portal/wp-content/uploads/2014/11/incendio-4.jpg?resize=400%2C245&amp;ssl=1 400w" sizes="auto, (max-width: 300px) 100vw, 300px" /></a></p>
<p>Entre los escombros es posible apreciar vestuario de los niños y muebles absolutamente dañados por las llamas del incendio que se desató en la noche del Halloween.</p>

<p>Entre los escombros es posible apreciar vestuario de los niños y muebles absolutamente dañados por las llamas del incendio que se desató en la noche del Halloween.</p>

Entre los escombros es posible apreciar vestuario de los niños y muebles absolutamente dañados por las llamas del incendio que se desató en la noche del Halloween.
