{"id":53054,"date":"2014-11-06T09:44:48","date_gmt":"2014-11-06T12:44:48","guid":{"rendered":"http:\/\/www.eltrabajo.cl\/portal\/wp-content\/uploads\/2014\/11\/Herido1.jpg"},"modified":"2014-11-06T09:45:09","modified_gmt":"2014-11-06T12:45:09","slug":"herido1-7","status":"inherit","type":"attachment","link":"https:\/\/eltrabajo.cl\/portal\/gerente-de-buses-ahumada-sufre-grave-accidente-participando-de-rally-en-argentina\/herido1-7\/","title":{"rendered":"Herido1"},"author":482,"featured_media":0,"comment_status":"open","ping_status":"closed","template":"","meta":{"advanced_seo_description":"","jetpack_seo_html_title":"","jetpack_seo_noindex":false},"class_list":["post-53054","attachment","type-attachment","status-inherit","hentry"],"jetpack_sharing_enabled":true,"jetpack_likes_enabled":true,"description":{"rendered":"<p class=\"attachment\"><a href=\"https:\/\/i0.wp.com\/eltrabajo.cl\/portal\/wp-content\/uploads\/2014\/11\/Herido1.jpg?ssl=1\"><img loading=\"lazy\" decoding=\"async\" width=\"292\" height=\"300\" src=\"https:\/\/i0.wp.com\/eltrabajo.cl\/portal\/wp-content\/uploads\/2014\/11\/Herido1.jpg?fit=292%2C300&amp;ssl=1\" class=\"attachment-medium size-medium\" alt=\"Mauricio Quiroz report\u00f3 a un medio digital que \u00e9l s\u00f3lo contusiones sufri\u00f3.\" srcset=\"https:\/\/i0.wp.com\/eltrabajo.cl\/portal\/wp-content\/uploads\/2014\/11\/Herido1.jpg?w=529&amp;ssl=1 529w, https:\/\/i0.wp.com\/eltrabajo.cl\/portal\/wp-content\/uploads\/2014\/11\/Herido1.jpg?resize=146%2C150&amp;ssl=1 146w, https:\/\/i0.wp.com\/eltrabajo.cl\/portal\/wp-content\/uploads\/2014\/11\/Herido1.jpg?resize=292%2C300&amp;ssl=1 292w, https:\/\/i0.wp.com\/eltrabajo.cl\/portal\/wp-content\/uploads\/2014\/11\/Herido1.jpg?resize=400%2C409&amp;ssl=1 400w\" sizes=\"auto, (max-width: 292px) 100vw, 292px\" \/><\/a><\/p>\n<p>Mauricio Quiroz report\u00f3 a un medio digital que \u00e9l s\u00f3lo contusiones sufri\u00f3.<\/p>\n"},"caption":{"rendered":"<p>Mauricio Quiroz report\u00f3 a un medio digital que \u00e9l s\u00f3lo contusiones sufri\u00f3.<\/p>\n"},"alt_text":"Mauricio Quiroz report\u00f3 a un medio digital que \u00e9l s\u00f3lo contusiones sufri\u00f3.","media_type":"image","mime_type":"image\/jpeg","media_details":{"width":529,"height":542,"file":"2014\/11\/Herido1.jpg","sizes":{"thumbnail":{"file":"Herido1-146x150.jpg","width":146,"height":150,"mime_type":"image\/jpeg","source_url":"https:\/\/i0.wp.com\/eltrabajo.cl\/portal\/wp-content\/uploads\/2014\/11\/Herido1.jpg?fit=146%2C150&ssl=1"},"medium":{"file":"Herido1-292x300.jpg","width":292,"height":300,"mime_type":"image\/jpeg","source_url":"https:\/\/i0.wp.com\/eltrabajo.cl\/portal\/wp-content\/uploads\/2014\/11\/Herido1.jpg?fit=292%2C300&ssl=1"},"post-thumbnail":{"file":"Herido1-146x150.jpg","width":146,"height":150,"mime_type":"image\/jpeg","source_url":"https:\/\/i0.wp.com\/eltrabajo.cl\/portal\/wp-content\/uploads\/2014\/11\/Herido1.jpg?fit=146%2C150&ssl=1"},"single-post-thumbnail":{"file":"Herido1-400x409.jpg","width":400,"height":409,"mime_type":"image\/jpeg","source_url":"https:\/\/eltrabajo.cl\/portal\/wp-content\/uploads\/2014\/11\/Herido1-400x409.jpg"},"full":{"file":"Herido1.jpg?fit=529%2C542&ssl=1","width":529,"height":542,"mime_type":"image\/jpeg","source_url":"https:\/\/i0.wp.com\/eltrabajo.cl\/portal\/wp-content\/uploads\/2014\/11\/Herido1.jpg?fit=529%2C542&ssl=1"}},"image_meta":{"aperture":0,"credit":"","camera":"","caption":"","created_timestamp":0,"copyright":"","focal_length":0,"iso":0,"shutter_speed":0,"title":"","orientation":0}},"post":53050,"source_url":"https:\/\/eltrabajo.cl\/portal\/wp-content\/uploads\/2014\/11\/Herido1.jpg","_links":{"self":[{"href":"https:\/\/eltrabajo.cl\/portal\/wp-json\/wp\/v2\/media\/53054","targetHints":{"allow":["GET"]}}],"collection":[{"href":"https:\/\/eltrabajo.cl\/portal\/wp-json\/wp\/v2\/media"}],"about":[{"href":"https:\/\/eltrabajo.cl\/portal\/wp-json\/wp\/v2\/types\/attachment"}],"author":[{"embeddable":true,"href":"https:\/\/eltrabajo.cl\/portal\/wp-json\/wp\/v2\/users\/482"}],"replies":[{"embeddable":true,"href":"https:\/\/eltrabajo.cl\/portal\/wp-json\/wp\/v2\/comments?post=53054"}],"wp:attached-to":[{"embeddable":true,"post_type":"post","id":53050,"href":"https:\/\/eltrabajo.cl\/portal\/wp-json\/wp\/v2\/posts\/53050"}],"curies":[{"name":"wp","href":"https:\/\/api.w.org\/{rel}","templated":true}]}}

<p class="attachment"><a href="https://i0.wp.com/eltrabajo.cl/portal/wp-content/uploads/2014/11/Herido1.jpg?ssl=1"><img loading="lazy" decoding="async" width="292" height="300" src="https://i0.wp.com/eltrabajo.cl/portal/wp-content/uploads/2014/11/Herido1.jpg?fit=292%2C300&amp;ssl=1" class="attachment-medium size-medium" alt="Mauricio Quiroz reportó a un medio digital que él sólo contusiones sufrió." srcset="https://i0.wp.com/eltrabajo.cl/portal/wp-content/uploads/2014/11/Herido1.jpg?w=529&amp;ssl=1 529w, https://i0.wp.com/eltrabajo.cl/portal/wp-content/uploads/2014/11/Herido1.jpg?resize=146%2C150&amp;ssl=1 146w, https://i0.wp.com/eltrabajo.cl/portal/wp-content/uploads/2014/11/Herido1.jpg?resize=292%2C300&amp;ssl=1 292w, https://i0.wp.com/eltrabajo.cl/portal/wp-content/uploads/2014/11/Herido1.jpg?resize=400%2C409&amp;ssl=1 400w" sizes="auto, (max-width: 292px) 100vw, 292px" /></a></p>
<p>Mauricio Quiroz reportó a un medio digital que él sólo contusiones sufrió.</p>

<p>Mauricio Quiroz reportó a un medio digital que él sólo contusiones sufrió.</p>

Mauricio Quiroz reportó a un medio digital que él sólo contusiones sufrió.
