{"id":53130,"date":"2014-11-10T09:39:12","date_gmt":"2014-11-10T12:39:12","guid":{"rendered":"http:\/\/www.eltrabajo.cl\/portal\/wp-content\/uploads\/2014\/11\/Futbo2.jpg"},"modified":"2014-11-10T09:39:24","modified_gmt":"2014-11-10T12:39:24","slug":"futbo2","status":"inherit","type":"attachment","link":"https:\/\/eltrabajo.cl\/portal\/inauguran-escuela-de-futbol-franco-letelier-del-colegio-renacer\/futbo2\/","title":{"rendered":"Futbo2"},"author":482,"featured_media":0,"comment_status":"open","ping_status":"closed","template":"","meta":{"advanced_seo_description":"","jetpack_seo_html_title":"","jetpack_seo_noindex":false},"class_list":["post-53130","attachment","type-attachment","status-inherit","hentry"],"jetpack_sharing_enabled":true,"jetpack_likes_enabled":true,"description":{"rendered":"<p class=\"attachment\"><a href=\"https:\/\/i0.wp.com\/eltrabajo.cl\/portal\/wp-content\/uploads\/2014\/11\/Futbo2.jpg?ssl=1\"><img loading=\"lazy\" decoding=\"async\" width=\"300\" height=\"203\" src=\"https:\/\/i0.wp.com\/eltrabajo.cl\/portal\/wp-content\/uploads\/2014\/11\/Futbo2.jpg?fit=300%2C203&amp;ssl=1\" class=\"attachment-medium size-medium\" alt=\"Esta escuela de f\u00fatbol albergar\u00e1 a j\u00f3venes de hasta 17 a\u00f1os, hombres y mujeres y tambi\u00e9n recibir\u00e1 a peque\u00f1itos desde los tres a\u00f1os en adelante.\" srcset=\"https:\/\/i0.wp.com\/eltrabajo.cl\/portal\/wp-content\/uploads\/2014\/11\/Futbo2.jpg?w=529&amp;ssl=1 529w, https:\/\/i0.wp.com\/eltrabajo.cl\/portal\/wp-content\/uploads\/2014\/11\/Futbo2.jpg?resize=200%2C135&amp;ssl=1 200w, https:\/\/i0.wp.com\/eltrabajo.cl\/portal\/wp-content\/uploads\/2014\/11\/Futbo2.jpg?resize=300%2C203&amp;ssl=1 300w, https:\/\/i0.wp.com\/eltrabajo.cl\/portal\/wp-content\/uploads\/2014\/11\/Futbo2.jpg?resize=150%2C101&amp;ssl=1 150w, https:\/\/i0.wp.com\/eltrabajo.cl\/portal\/wp-content\/uploads\/2014\/11\/Futbo2.jpg?resize=400%2C270&amp;ssl=1 400w\" sizes=\"auto, (max-width: 300px) 100vw, 300px\" \/><\/a><\/p>\n<p>Esta escuela de f\u00fatbol albergar\u00e1 a j\u00f3venes de hasta 17 a\u00f1os, hombres y mujeres y tambi\u00e9n recibir\u00e1 a peque\u00f1itos desde los tres a\u00f1os en adelante.<\/p>\n"},"caption":{"rendered":"<p>Esta escuela de f\u00fatbol albergar\u00e1 a j\u00f3venes de hasta 17 a\u00f1os, hombres y mujeres y tambi\u00e9n recibir\u00e1 a peque\u00f1itos desde los tres a\u00f1os en adelante.<\/p>\n"},"alt_text":"Esta escuela de f\u00fatbol albergar\u00e1 a j\u00f3venes de hasta 17 a\u00f1os, hombres y mujeres y tambi\u00e9n recibir\u00e1 a peque\u00f1itos desde los tres a\u00f1os en adelante.","media_type":"image","mime_type":"image\/jpeg","media_details":{"width":529,"height":358,"file":"2014\/11\/Futbo2.jpg","sizes":{"thumbnail":{"file":"Futbo2-200x135.jpg","width":200,"height":135,"mime_type":"image\/jpeg","source_url":"https:\/\/i0.wp.com\/eltrabajo.cl\/portal\/wp-content\/uploads\/2014\/11\/Futbo2.jpg?fit=200%2C135&ssl=1"},"medium":{"file":"Futbo2-300x203.jpg","width":300,"height":203,"mime_type":"image\/jpeg","source_url":"https:\/\/i0.wp.com\/eltrabajo.cl\/portal\/wp-content\/uploads\/2014\/11\/Futbo2.jpg?fit=300%2C203&ssl=1"},"post-thumbnail":{"file":"Futbo2-150x101.jpg","width":150,"height":101,"mime_type":"image\/jpeg","source_url":"https:\/\/i0.wp.com\/eltrabajo.cl\/portal\/wp-content\/uploads\/2014\/11\/Futbo2.jpg?fit=150%2C101&ssl=1"},"single-post-thumbnail":{"file":"Futbo2-400x270.jpg","width":400,"height":270,"mime_type":"image\/jpeg","source_url":"https:\/\/eltrabajo.cl\/portal\/wp-content\/uploads\/2014\/11\/Futbo2-400x270.jpg"},"full":{"file":"Futbo2.jpg?fit=529%2C358&ssl=1","width":529,"height":358,"mime_type":"image\/jpeg","source_url":"https:\/\/i0.wp.com\/eltrabajo.cl\/portal\/wp-content\/uploads\/2014\/11\/Futbo2.jpg?fit=529%2C358&ssl=1"}},"image_meta":{"aperture":0,"credit":"","camera":"","caption":"","created_timestamp":0,"copyright":"[wopmind]","focal_length":0,"iso":0,"shutter_speed":0,"title":"","orientation":0}},"post":53128,"source_url":"https:\/\/eltrabajo.cl\/portal\/wp-content\/uploads\/2014\/11\/Futbo2.jpg","_links":{"self":[{"href":"https:\/\/eltrabajo.cl\/portal\/wp-json\/wp\/v2\/media\/53130","targetHints":{"allow":["GET"]}}],"collection":[{"href":"https:\/\/eltrabajo.cl\/portal\/wp-json\/wp\/v2\/media"}],"about":[{"href":"https:\/\/eltrabajo.cl\/portal\/wp-json\/wp\/v2\/types\/attachment"}],"author":[{"embeddable":true,"href":"https:\/\/eltrabajo.cl\/portal\/wp-json\/wp\/v2\/users\/482"}],"replies":[{"embeddable":true,"href":"https:\/\/eltrabajo.cl\/portal\/wp-json\/wp\/v2\/comments?post=53130"}],"wp:attached-to":[{"embeddable":true,"post_type":"post","id":53128,"href":"https:\/\/eltrabajo.cl\/portal\/wp-json\/wp\/v2\/posts\/53128"}],"curies":[{"name":"wp","href":"https:\/\/api.w.org\/{rel}","templated":true}]}}

<p class="attachment"><a href="https://i0.wp.com/eltrabajo.cl/portal/wp-content/uploads/2014/11/Futbo2.jpg?ssl=1"><img loading="lazy" decoding="async" width="300" height="203" src="https://i0.wp.com/eltrabajo.cl/portal/wp-content/uploads/2014/11/Futbo2.jpg?fit=300%2C203&amp;ssl=1" class="attachment-medium size-medium" alt="Esta escuela de fútbol albergará a jóvenes de hasta 17 años, hombres y mujeres y también recibirá a pequeñitos desde los tres años en adelante." srcset="https://i0.wp.com/eltrabajo.cl/portal/wp-content/uploads/2014/11/Futbo2.jpg?w=529&amp;ssl=1 529w, https://i0.wp.com/eltrabajo.cl/portal/wp-content/uploads/2014/11/Futbo2.jpg?resize=200%2C135&amp;ssl=1 200w, https://i0.wp.com/eltrabajo.cl/portal/wp-content/uploads/2014/11/Futbo2.jpg?resize=300%2C203&amp;ssl=1 300w, https://i0.wp.com/eltrabajo.cl/portal/wp-content/uploads/2014/11/Futbo2.jpg?resize=150%2C101&amp;ssl=1 150w, https://i0.wp.com/eltrabajo.cl/portal/wp-content/uploads/2014/11/Futbo2.jpg?resize=400%2C270&amp;ssl=1 400w" sizes="auto, (max-width: 300px) 100vw, 300px" /></a></p>
<p>Esta escuela de fútbol albergará a jóvenes de hasta 17 años, hombres y mujeres y también recibirá a pequeñitos desde los tres años en adelante.</p>

<p>Esta escuela de fútbol albergará a jóvenes de hasta 17 años, hombres y mujeres y también recibirá a pequeñitos desde los tres años en adelante.</p>

Esta escuela de fútbol albergará a jóvenes de hasta 17 años, hombres y mujeres y también recibirá a pequeñitos desde los tres años en adelante.
