{"id":53210,"date":"2014-11-12T09:09:38","date_gmt":"2014-11-12T12:09:38","guid":{"rendered":"http:\/\/www.eltrabajo.cl\/portal\/wp-content\/uploads\/2014\/11\/Anain-Zuniga-17-LA.jpg"},"modified":"2014-11-12T09:09:51","modified_gmt":"2014-11-12T12:09:51","slug":"anain-zuniga-17-la","status":"inherit","type":"attachment","link":"https:\/\/eltrabajo.cl\/portal\/conoce-hoy-a-las-bellas-candidatas-al-miss-teenager-2015\/anain-zuniga-17-la\/","title":{"rendered":"Anain Zuniga 17 LA"},"author":482,"featured_media":0,"comment_status":"open","ping_status":"closed","template":"","meta":{"advanced_seo_description":"","jetpack_seo_html_title":"","jetpack_seo_noindex":false},"class_list":["post-53210","attachment","type-attachment","status-inherit","hentry"],"jetpack_sharing_enabled":true,"jetpack_likes_enabled":true,"description":{"rendered":"<p class=\"attachment\"><a href=\"https:\/\/i0.wp.com\/eltrabajo.cl\/portal\/wp-content\/uploads\/2014\/11\/Anain-Zuniga-17-LA.jpg?ssl=1\"><img loading=\"lazy\" decoding=\"async\" width=\"226\" height=\"300\" src=\"https:\/\/i0.wp.com\/eltrabajo.cl\/portal\/wp-content\/uploads\/2014\/11\/Anain-Zuniga-17-LA.jpg?fit=226%2C300&amp;ssl=1\" class=\"attachment-medium size-medium\" alt=\"Ana\u00edn Z\u00fa\u00f1iga es andina y tiene 17 a\u00f1os.\" srcset=\"https:\/\/i0.wp.com\/eltrabajo.cl\/portal\/wp-content\/uploads\/2014\/11\/Anain-Zuniga-17-LA.jpg?w=529&amp;ssl=1 529w, https:\/\/i0.wp.com\/eltrabajo.cl\/portal\/wp-content\/uploads\/2014\/11\/Anain-Zuniga-17-LA.jpg?resize=113%2C150&amp;ssl=1 113w, https:\/\/i0.wp.com\/eltrabajo.cl\/portal\/wp-content\/uploads\/2014\/11\/Anain-Zuniga-17-LA.jpg?resize=226%2C300&amp;ssl=1 226w, https:\/\/i0.wp.com\/eltrabajo.cl\/portal\/wp-content\/uploads\/2014\/11\/Anain-Zuniga-17-LA.jpg?resize=400%2C530&amp;ssl=1 400w\" sizes=\"auto, (max-width: 226px) 100vw, 226px\" \/><\/a><\/p>\n<p>Ana\u00edn Z\u00fa\u00f1iga es andina y tiene 17 a\u00f1os.<\/p>\n"},"caption":{"rendered":"<p>Ana\u00edn Z\u00fa\u00f1iga es andina y tiene 17 a\u00f1os.<\/p>\n"},"alt_text":"Ana\u00edn Z\u00fa\u00f1iga es andina y tiene 17 a\u00f1os.","media_type":"image","mime_type":"image\/jpeg","media_details":{"width":529,"height":702,"file":"2014\/11\/Anain-Zuniga-17-LA.jpg","sizes":{"thumbnail":{"file":"Anain-Zuniga-17-LA-113x150.jpg","width":113,"height":150,"mime_type":"image\/jpeg","source_url":"https:\/\/i0.wp.com\/eltrabajo.cl\/portal\/wp-content\/uploads\/2014\/11\/Anain-Zuniga-17-LA.jpg?fit=113%2C150&ssl=1"},"medium":{"file":"Anain-Zuniga-17-LA-226x300.jpg","width":226,"height":300,"mime_type":"image\/jpeg","source_url":"https:\/\/i0.wp.com\/eltrabajo.cl\/portal\/wp-content\/uploads\/2014\/11\/Anain-Zuniga-17-LA.jpg?fit=226%2C300&ssl=1"},"post-thumbnail":{"file":"Anain-Zuniga-17-LA-113x150.jpg","width":113,"height":150,"mime_type":"image\/jpeg","source_url":"https:\/\/i0.wp.com\/eltrabajo.cl\/portal\/wp-content\/uploads\/2014\/11\/Anain-Zuniga-17-LA.jpg?fit=113%2C150&ssl=1"},"single-post-thumbnail":{"file":"Anain-Zuniga-17-LA-400x530.jpg","width":400,"height":530,"mime_type":"image\/jpeg","source_url":"https:\/\/eltrabajo.cl\/portal\/wp-content\/uploads\/2014\/11\/Anain-Zuniga-17-LA-400x530.jpg"},"full":{"file":"Anain-Zuniga-17-LA.jpg?fit=529%2C702&ssl=1","width":529,"height":702,"mime_type":"image\/jpeg","source_url":"https:\/\/i0.wp.com\/eltrabajo.cl\/portal\/wp-content\/uploads\/2014\/11\/Anain-Zuniga-17-LA.jpg?fit=529%2C702&ssl=1"}},"image_meta":{"aperture":0,"credit":"","camera":"","caption":"","created_timestamp":0,"copyright":"","focal_length":0,"iso":0,"shutter_speed":0,"title":"","orientation":0}},"post":53208,"source_url":"https:\/\/eltrabajo.cl\/portal\/wp-content\/uploads\/2014\/11\/Anain-Zuniga-17-LA.jpg","_links":{"self":[{"href":"https:\/\/eltrabajo.cl\/portal\/wp-json\/wp\/v2\/media\/53210","targetHints":{"allow":["GET"]}}],"collection":[{"href":"https:\/\/eltrabajo.cl\/portal\/wp-json\/wp\/v2\/media"}],"about":[{"href":"https:\/\/eltrabajo.cl\/portal\/wp-json\/wp\/v2\/types\/attachment"}],"author":[{"embeddable":true,"href":"https:\/\/eltrabajo.cl\/portal\/wp-json\/wp\/v2\/users\/482"}],"replies":[{"embeddable":true,"href":"https:\/\/eltrabajo.cl\/portal\/wp-json\/wp\/v2\/comments?post=53210"}],"wp:attached-to":[{"embeddable":true,"post_type":"post","id":53208,"href":"https:\/\/eltrabajo.cl\/portal\/wp-json\/wp\/v2\/posts\/53208"}],"curies":[{"name":"wp","href":"https:\/\/api.w.org\/{rel}","templated":true}]}}

<p class="attachment"><a href="https://i0.wp.com/eltrabajo.cl/portal/wp-content/uploads/2014/11/Anain-Zuniga-17-LA.jpg?ssl=1"><img loading="lazy" decoding="async" width="226" height="300" src="https://i0.wp.com/eltrabajo.cl/portal/wp-content/uploads/2014/11/Anain-Zuniga-17-LA.jpg?fit=226%2C300&amp;ssl=1" class="attachment-medium size-medium" alt="Anaín Zúñiga es andina y tiene 17 años." srcset="https://i0.wp.com/eltrabajo.cl/portal/wp-content/uploads/2014/11/Anain-Zuniga-17-LA.jpg?w=529&amp;ssl=1 529w, https://i0.wp.com/eltrabajo.cl/portal/wp-content/uploads/2014/11/Anain-Zuniga-17-LA.jpg?resize=113%2C150&amp;ssl=1 113w, https://i0.wp.com/eltrabajo.cl/portal/wp-content/uploads/2014/11/Anain-Zuniga-17-LA.jpg?resize=226%2C300&amp;ssl=1 226w, https://i0.wp.com/eltrabajo.cl/portal/wp-content/uploads/2014/11/Anain-Zuniga-17-LA.jpg?resize=400%2C530&amp;ssl=1 400w" sizes="auto, (max-width: 226px) 100vw, 226px" /></a></p>
<p>Anaín Zúñiga es andina y tiene 17 años.</p>

<p>Anaín Zúñiga es andina y tiene 17 años.</p>

Anaín Zúñiga es andina y tiene 17 años.
