{"id":53340,"date":"2014-11-14T09:51:04","date_gmt":"2014-11-14T12:51:04","guid":{"rendered":"http:\/\/www.eltrabajo.cl\/portal\/wp-content\/uploads\/2014\/11\/Waleska-Zegers.jpg"},"modified":"2014-11-14T09:51:50","modified_gmt":"2014-11-14T12:51:50","slug":"waleska-zegers","status":"inherit","type":"attachment","link":"https:\/\/eltrabajo.cl\/portal\/amarrado-a-una-silla-maltratarian-a-nino-de-3-anos-en-colegio-especial\/waleska-zegers\/","title":{"rendered":"Waleska Zegers"},"author":482,"featured_media":0,"comment_status":"open","ping_status":"closed","template":"","meta":{"advanced_seo_description":"","jetpack_seo_html_title":"","jetpack_seo_noindex":false},"class_list":["post-53340","attachment","type-attachment","status-inherit","hentry"],"jetpack_sharing_enabled":true,"jetpack_likes_enabled":true,"description":{"rendered":"<p class=\"attachment\"><a href=\"https:\/\/i0.wp.com\/eltrabajo.cl\/portal\/wp-content\/uploads\/2014\/11\/Waleska-Zegers.jpg?ssl=1\"><img loading=\"lazy\" decoding=\"async\" width=\"226\" height=\"300\" src=\"https:\/\/i0.wp.com\/eltrabajo.cl\/portal\/wp-content\/uploads\/2014\/11\/Waleska-Zegers.jpg?fit=226%2C300&amp;ssl=1\" class=\"attachment-medium size-medium\" alt=\"LA DENUNCIANTE.- Waleska Zegers Olgu\u00edn denunci\u00f3 que su hijo estaba siendo maltratado por una asistente de p\u00e1rvulos en el Colegio Nuevo Horizonte de San Felipe.\" srcset=\"https:\/\/i0.wp.com\/eltrabajo.cl\/portal\/wp-content\/uploads\/2014\/11\/Waleska-Zegers.jpg?w=529&amp;ssl=1 529w, https:\/\/i0.wp.com\/eltrabajo.cl\/portal\/wp-content\/uploads\/2014\/11\/Waleska-Zegers.jpg?resize=113%2C150&amp;ssl=1 113w, https:\/\/i0.wp.com\/eltrabajo.cl\/portal\/wp-content\/uploads\/2014\/11\/Waleska-Zegers.jpg?resize=226%2C300&amp;ssl=1 226w, https:\/\/i0.wp.com\/eltrabajo.cl\/portal\/wp-content\/uploads\/2014\/11\/Waleska-Zegers.jpg?resize=400%2C530&amp;ssl=1 400w\" sizes=\"auto, (max-width: 226px) 100vw, 226px\" \/><\/a><\/p>\n<p>LA DENUNCIANTE.- Waleska Zegers Olgu\u00edn denunci\u00f3 que su hijo estaba siendo maltratado por una asistente de p\u00e1rvulos en el Colegio Nuevo Horizonte de San Felipe.<\/p>\n"},"caption":{"rendered":"<p>LA DENUNCIANTE.- Waleska Zegers Olgu\u00edn denunci\u00f3 que su hijo estaba siendo maltratado por una asistente de p\u00e1rvulos en el Colegio Nuevo Horizonte de San Felipe.<\/p>\n"},"alt_text":"LA DENUNCIANTE.- Waleska Zegers Olgu\u00edn denunci\u00f3 que su hijo estaba siendo maltratado por una asistente de p\u00e1rvulos en el Colegio Nuevo Horizonte de San Felipe.","media_type":"image","mime_type":"image\/jpeg","media_details":{"width":529,"height":701,"file":"2014\/11\/Waleska-Zegers.jpg","sizes":{"thumbnail":{"file":"Waleska-Zegers-113x150.jpg","width":113,"height":150,"mime_type":"image\/jpeg","source_url":"https:\/\/i0.wp.com\/eltrabajo.cl\/portal\/wp-content\/uploads\/2014\/11\/Waleska-Zegers.jpg?fit=113%2C150&ssl=1"},"medium":{"file":"Waleska-Zegers-226x300.jpg","width":226,"height":300,"mime_type":"image\/jpeg","source_url":"https:\/\/i0.wp.com\/eltrabajo.cl\/portal\/wp-content\/uploads\/2014\/11\/Waleska-Zegers.jpg?fit=226%2C300&ssl=1"},"post-thumbnail":{"file":"Waleska-Zegers-113x150.jpg","width":113,"height":150,"mime_type":"image\/jpeg","source_url":"https:\/\/i0.wp.com\/eltrabajo.cl\/portal\/wp-content\/uploads\/2014\/11\/Waleska-Zegers.jpg?fit=113%2C150&ssl=1"},"single-post-thumbnail":{"file":"Waleska-Zegers-400x530.jpg","width":400,"height":530,"mime_type":"image\/jpeg","source_url":"https:\/\/eltrabajo.cl\/portal\/wp-content\/uploads\/2014\/11\/Waleska-Zegers-400x530.jpg"},"full":{"file":"Waleska-Zegers.jpg?fit=529%2C701&ssl=1","width":529,"height":701,"mime_type":"image\/jpeg","source_url":"https:\/\/i0.wp.com\/eltrabajo.cl\/portal\/wp-content\/uploads\/2014\/11\/Waleska-Zegers.jpg?fit=529%2C701&ssl=1"}},"image_meta":{"aperture":0,"credit":"","camera":"","caption":"","created_timestamp":0,"copyright":"","focal_length":0,"iso":0,"shutter_speed":0,"title":"","orientation":0}},"post":53335,"source_url":"https:\/\/eltrabajo.cl\/portal\/wp-content\/uploads\/2014\/11\/Waleska-Zegers.jpg","_links":{"self":[{"href":"https:\/\/eltrabajo.cl\/portal\/wp-json\/wp\/v2\/media\/53340","targetHints":{"allow":["GET"]}}],"collection":[{"href":"https:\/\/eltrabajo.cl\/portal\/wp-json\/wp\/v2\/media"}],"about":[{"href":"https:\/\/eltrabajo.cl\/portal\/wp-json\/wp\/v2\/types\/attachment"}],"author":[{"embeddable":true,"href":"https:\/\/eltrabajo.cl\/portal\/wp-json\/wp\/v2\/users\/482"}],"replies":[{"embeddable":true,"href":"https:\/\/eltrabajo.cl\/portal\/wp-json\/wp\/v2\/comments?post=53340"}],"wp:attached-to":[{"embeddable":true,"post_type":"post","id":53335,"href":"https:\/\/eltrabajo.cl\/portal\/wp-json\/wp\/v2\/posts\/53335"}],"curies":[{"name":"wp","href":"https:\/\/api.w.org\/{rel}","templated":true}]}}

<p class="attachment"><a href="https://i0.wp.com/eltrabajo.cl/portal/wp-content/uploads/2014/11/Waleska-Zegers.jpg?ssl=1"><img loading="lazy" decoding="async" width="226" height="300" src="https://i0.wp.com/eltrabajo.cl/portal/wp-content/uploads/2014/11/Waleska-Zegers.jpg?fit=226%2C300&amp;ssl=1" class="attachment-medium size-medium" alt="LA DENUNCIANTE.- Waleska Zegers Olguín denunció que su hijo estaba siendo maltratado por una asistente de párvulos en el Colegio Nuevo Horizonte de San Felipe." srcset="https://i0.wp.com/eltrabajo.cl/portal/wp-content/uploads/2014/11/Waleska-Zegers.jpg?w=529&amp;ssl=1 529w, https://i0.wp.com/eltrabajo.cl/portal/wp-content/uploads/2014/11/Waleska-Zegers.jpg?resize=113%2C150&amp;ssl=1 113w, https://i0.wp.com/eltrabajo.cl/portal/wp-content/uploads/2014/11/Waleska-Zegers.jpg?resize=226%2C300&amp;ssl=1 226w, https://i0.wp.com/eltrabajo.cl/portal/wp-content/uploads/2014/11/Waleska-Zegers.jpg?resize=400%2C530&amp;ssl=1 400w" sizes="auto, (max-width: 226px) 100vw, 226px" /></a></p>
<p>LA DENUNCIANTE.- Waleska Zegers Olguín denunció que su hijo estaba siendo maltratado por una asistente de párvulos en el Colegio Nuevo Horizonte de San Felipe.</p>

<p>LA DENUNCIANTE.- Waleska Zegers Olguín denunció que su hijo estaba siendo maltratado por una asistente de párvulos en el Colegio Nuevo Horizonte de San Felipe.</p>

LA DENUNCIANTE.- Waleska Zegers Olguín denunció que su hijo estaba siendo maltratado por una asistente de párvulos en el Colegio Nuevo Horizonte de San Felipe.
