{"id":53585,"date":"2014-11-25T10:12:12","date_gmt":"2014-11-25T13:12:12","guid":{"rendered":"http:\/\/www.eltrabajo.cl\/portal\/wp-content\/uploads\/2014\/11\/sangre.jpg"},"modified":"2014-11-25T10:12:36","modified_gmt":"2014-11-25T13:12:36","slug":"sangre","status":"inherit","type":"attachment","link":"https:\/\/eltrabajo.cl\/portal\/de-dos-escopetazos-en-el-pecho-matan-a-joven-en-la-escuadra\/sangre\/","title":{"rendered":"sangre"},"author":482,"featured_media":0,"comment_status":"open","ping_status":"closed","template":"","meta":{"advanced_seo_description":"","jetpack_seo_html_title":"","jetpack_seo_noindex":false},"class_list":["post-53585","attachment","type-attachment","status-inherit","hentry"],"jetpack_sharing_enabled":true,"jetpack_likes_enabled":true,"description":{"rendered":"<p class=\"attachment\"><a href=\"https:\/\/i0.wp.com\/eltrabajo.cl\/portal\/wp-content\/uploads\/2014\/11\/sangre.jpg?ssl=1\"><img loading=\"lazy\" decoding=\"async\" width=\"300\" height=\"242\" src=\"https:\/\/i0.wp.com\/eltrabajo.cl\/portal\/wp-content\/uploads\/2014\/11\/sangre.jpg?fit=300%2C242&amp;ssl=1\" class=\"attachment-medium size-medium\" alt=\"Tendido en este lugar se encontraba la joven v\u00edctima acribillado desde donde lo traslad\u00f3 el personal del Samu hacia el Hospital San Camilo, falleciendo a los pocos minutos despu\u00e9s.\" srcset=\"https:\/\/i0.wp.com\/eltrabajo.cl\/portal\/wp-content\/uploads\/2014\/11\/sangre.jpg?w=529&amp;ssl=1 529w, https:\/\/i0.wp.com\/eltrabajo.cl\/portal\/wp-content\/uploads\/2014\/11\/sangre.jpg?resize=185%2C150&amp;ssl=1 185w, https:\/\/i0.wp.com\/eltrabajo.cl\/portal\/wp-content\/uploads\/2014\/11\/sangre.jpg?resize=300%2C242&amp;ssl=1 300w, https:\/\/i0.wp.com\/eltrabajo.cl\/portal\/wp-content\/uploads\/2014\/11\/sangre.jpg?resize=150%2C121&amp;ssl=1 150w, https:\/\/i0.wp.com\/eltrabajo.cl\/portal\/wp-content\/uploads\/2014\/11\/sangre.jpg?resize=400%2C323&amp;ssl=1 400w\" sizes=\"auto, (max-width: 300px) 100vw, 300px\" \/><\/a><\/p>\n<p>Tendido en este lugar se encontraba la joven v\u00edctima acribillado desde donde lo traslad\u00f3 el personal del Samu hacia el Hospital San Camilo, falleciendo a los pocos minutos despu\u00e9s.<\/p>\n"},"caption":{"rendered":"<p>Tendido en este lugar se encontraba la joven v\u00edctima acribillado desde donde lo traslad\u00f3 el personal del Samu hacia el Hospital San Camilo, falleciendo a los pocos minutos despu\u00e9s.<\/p>\n"},"alt_text":"Tendido en este lugar se encontraba la joven v\u00edctima acribillado desde donde lo traslad\u00f3 el personal del Samu hacia el Hospital San Camilo, falleciendo a los pocos minutos despu\u00e9s.","media_type":"image","mime_type":"image\/jpeg","media_details":{"width":529,"height":428,"file":"2014\/11\/sangre.jpg","sizes":{"thumbnail":{"file":"sangre-185x150.jpg","width":185,"height":150,"mime_type":"image\/jpeg","source_url":"https:\/\/i0.wp.com\/eltrabajo.cl\/portal\/wp-content\/uploads\/2014\/11\/sangre.jpg?fit=185%2C150&ssl=1"},"medium":{"file":"sangre-300x242.jpg","width":300,"height":242,"mime_type":"image\/jpeg","source_url":"https:\/\/i0.wp.com\/eltrabajo.cl\/portal\/wp-content\/uploads\/2014\/11\/sangre.jpg?fit=300%2C242&ssl=1"},"post-thumbnail":{"file":"sangre-150x121.jpg","width":150,"height":121,"mime_type":"image\/jpeg","source_url":"https:\/\/i0.wp.com\/eltrabajo.cl\/portal\/wp-content\/uploads\/2014\/11\/sangre.jpg?fit=150%2C121&ssl=1"},"single-post-thumbnail":{"file":"sangre-400x323.jpg","width":400,"height":323,"mime_type":"image\/jpeg","source_url":"https:\/\/eltrabajo.cl\/portal\/wp-content\/uploads\/2014\/11\/sangre-400x323.jpg"},"full":{"file":"sangre.jpg?fit=529%2C428&ssl=1","width":529,"height":428,"mime_type":"image\/jpeg","source_url":"https:\/\/i0.wp.com\/eltrabajo.cl\/portal\/wp-content\/uploads\/2014\/11\/sangre.jpg?fit=529%2C428&ssl=1"}},"image_meta":{"aperture":0,"credit":"","camera":"","caption":"","created_timestamp":0,"copyright":"","focal_length":0,"iso":0,"shutter_speed":0,"title":"","orientation":0}},"post":53580,"source_url":"https:\/\/eltrabajo.cl\/portal\/wp-content\/uploads\/2014\/11\/sangre.jpg","_links":{"self":[{"href":"https:\/\/eltrabajo.cl\/portal\/wp-json\/wp\/v2\/media\/53585","targetHints":{"allow":["GET"]}}],"collection":[{"href":"https:\/\/eltrabajo.cl\/portal\/wp-json\/wp\/v2\/media"}],"about":[{"href":"https:\/\/eltrabajo.cl\/portal\/wp-json\/wp\/v2\/types\/attachment"}],"author":[{"embeddable":true,"href":"https:\/\/eltrabajo.cl\/portal\/wp-json\/wp\/v2\/users\/482"}],"replies":[{"embeddable":true,"href":"https:\/\/eltrabajo.cl\/portal\/wp-json\/wp\/v2\/comments?post=53585"}],"wp:attached-to":[{"embeddable":true,"post_type":"post","id":53580,"href":"https:\/\/eltrabajo.cl\/portal\/wp-json\/wp\/v2\/posts\/53580"}],"curies":[{"name":"wp","href":"https:\/\/api.w.org\/{rel}","templated":true}]}}

<p class="attachment"><a href="https://i0.wp.com/eltrabajo.cl/portal/wp-content/uploads/2014/11/sangre.jpg?ssl=1"><img loading="lazy" decoding="async" width="300" height="242" src="https://i0.wp.com/eltrabajo.cl/portal/wp-content/uploads/2014/11/sangre.jpg?fit=300%2C242&amp;ssl=1" class="attachment-medium size-medium" alt="Tendido en este lugar se encontraba la joven víctima acribillado desde donde lo trasladó el personal del Samu hacia el Hospital San Camilo, falleciendo a los pocos minutos después." srcset="https://i0.wp.com/eltrabajo.cl/portal/wp-content/uploads/2014/11/sangre.jpg?w=529&amp;ssl=1 529w, https://i0.wp.com/eltrabajo.cl/portal/wp-content/uploads/2014/11/sangre.jpg?resize=185%2C150&amp;ssl=1 185w, https://i0.wp.com/eltrabajo.cl/portal/wp-content/uploads/2014/11/sangre.jpg?resize=300%2C242&amp;ssl=1 300w, https://i0.wp.com/eltrabajo.cl/portal/wp-content/uploads/2014/11/sangre.jpg?resize=150%2C121&amp;ssl=1 150w, https://i0.wp.com/eltrabajo.cl/portal/wp-content/uploads/2014/11/sangre.jpg?resize=400%2C323&amp;ssl=1 400w" sizes="auto, (max-width: 300px) 100vw, 300px" /></a></p>
<p>Tendido en este lugar se encontraba la joven víctima acribillado desde donde lo trasladó el personal del Samu hacia el Hospital San Camilo, falleciendo a los pocos minutos después.</p>

<p>Tendido en este lugar se encontraba la joven víctima acribillado desde donde lo trasladó el personal del Samu hacia el Hospital San Camilo, falleciendo a los pocos minutos después.</p>

Tendido en este lugar se encontraba la joven víctima acribillado desde donde lo trasladó el personal del Samu hacia el Hospital San Camilo, falleciendo a los pocos minutos después.
