{"id":53626,"date":"2014-11-26T09:49:12","date_gmt":"2014-11-26T12:49:12","guid":{"rendered":"http:\/\/www.eltrabajo.cl\/portal\/wp-content\/uploads\/2014\/11\/SITIO1.jpg"},"modified":"2014-11-26T09:49:41","modified_gmt":"2014-11-26T12:49:41","slug":"sitio-2","status":"inherit","type":"attachment","link":"https:\/\/eltrabajo.cl\/portal\/acribillado-en-la-escuadra-tenia-8-millones-y-un-mes-de-estar-en-libertad\/sitio-2\/","title":{"rendered":"SITIO"},"author":482,"featured_media":0,"comment_status":"open","ping_status":"closed","template":"","meta":{"advanced_seo_description":"","jetpack_seo_html_title":"","jetpack_seo_noindex":false},"class_list":["post-53626","attachment","type-attachment","status-inherit","hentry"],"jetpack_sharing_enabled":true,"jetpack_likes_enabled":true,"description":{"rendered":"<p class=\"attachment\"><a href=\"https:\/\/i0.wp.com\/eltrabajo.cl\/portal\/wp-content\/uploads\/2014\/11\/SITIO1.jpg?ssl=1\"><img loading=\"lazy\" decoding=\"async\" width=\"300\" height=\"203\" src=\"https:\/\/i0.wp.com\/eltrabajo.cl\/portal\/wp-content\/uploads\/2014\/11\/SITIO1.jpg?fit=300%2C203&amp;ssl=1\" class=\"attachment-medium size-medium\" alt=\"El crimen que a\u00fan se mantiene en todo un misterio ocurri\u00f3 en Poblaci\u00f3n La Escuadra de San Felipe\" srcset=\"https:\/\/i0.wp.com\/eltrabajo.cl\/portal\/wp-content\/uploads\/2014\/11\/SITIO1.jpg?w=529&amp;ssl=1 529w, https:\/\/i0.wp.com\/eltrabajo.cl\/portal\/wp-content\/uploads\/2014\/11\/SITIO1.jpg?resize=200%2C135&amp;ssl=1 200w, https:\/\/i0.wp.com\/eltrabajo.cl\/portal\/wp-content\/uploads\/2014\/11\/SITIO1.jpg?resize=300%2C203&amp;ssl=1 300w, https:\/\/i0.wp.com\/eltrabajo.cl\/portal\/wp-content\/uploads\/2014\/11\/SITIO1.jpg?resize=150%2C101&amp;ssl=1 150w, https:\/\/i0.wp.com\/eltrabajo.cl\/portal\/wp-content\/uploads\/2014\/11\/SITIO1.jpg?resize=400%2C270&amp;ssl=1 400w\" sizes=\"auto, (max-width: 300px) 100vw, 300px\" \/><\/a><\/p>\n<p>El crimen que a\u00fan se mantiene en todo un misterio ocurri\u00f3 en Poblaci\u00f3n La Escuadra de San Felipe<\/p>\n"},"caption":{"rendered":"<p>El crimen que a\u00fan se mantiene en todo un misterio ocurri\u00f3 en Poblaci\u00f3n La Escuadra de San Felipe<\/p>\n"},"alt_text":"El crimen que a\u00fan se mantiene en todo un misterio ocurri\u00f3 en Poblaci\u00f3n La Escuadra de San Felipe","media_type":"image","mime_type":"image\/jpeg","media_details":{"width":529,"height":358,"file":"2014\/11\/SITIO1.jpg","sizes":{"thumbnail":{"file":"SITIO1-200x135.jpg","width":200,"height":135,"mime_type":"image\/jpeg","source_url":"https:\/\/i0.wp.com\/eltrabajo.cl\/portal\/wp-content\/uploads\/2014\/11\/SITIO1.jpg?fit=200%2C135&ssl=1"},"medium":{"file":"SITIO1-300x203.jpg","width":300,"height":203,"mime_type":"image\/jpeg","source_url":"https:\/\/i0.wp.com\/eltrabajo.cl\/portal\/wp-content\/uploads\/2014\/11\/SITIO1.jpg?fit=300%2C203&ssl=1"},"post-thumbnail":{"file":"SITIO1-150x101.jpg","width":150,"height":101,"mime_type":"image\/jpeg","source_url":"https:\/\/i0.wp.com\/eltrabajo.cl\/portal\/wp-content\/uploads\/2014\/11\/SITIO1.jpg?fit=150%2C101&ssl=1"},"single-post-thumbnail":{"file":"SITIO1-400x270.jpg","width":400,"height":270,"mime_type":"image\/jpeg","source_url":"https:\/\/eltrabajo.cl\/portal\/wp-content\/uploads\/2014\/11\/SITIO1-400x270.jpg"},"full":{"file":"SITIO1.jpg?fit=529%2C358&ssl=1","width":529,"height":358,"mime_type":"image\/jpeg","source_url":"https:\/\/i0.wp.com\/eltrabajo.cl\/portal\/wp-content\/uploads\/2014\/11\/SITIO1.jpg?fit=529%2C358&ssl=1"}},"image_meta":{"aperture":0,"credit":"","camera":"","caption":"","created_timestamp":0,"copyright":"","focal_length":0,"iso":0,"shutter_speed":0,"title":"","orientation":0}},"post":53623,"source_url":"https:\/\/eltrabajo.cl\/portal\/wp-content\/uploads\/2014\/11\/SITIO1.jpg","_links":{"self":[{"href":"https:\/\/eltrabajo.cl\/portal\/wp-json\/wp\/v2\/media\/53626","targetHints":{"allow":["GET"]}}],"collection":[{"href":"https:\/\/eltrabajo.cl\/portal\/wp-json\/wp\/v2\/media"}],"about":[{"href":"https:\/\/eltrabajo.cl\/portal\/wp-json\/wp\/v2\/types\/attachment"}],"author":[{"embeddable":true,"href":"https:\/\/eltrabajo.cl\/portal\/wp-json\/wp\/v2\/users\/482"}],"replies":[{"embeddable":true,"href":"https:\/\/eltrabajo.cl\/portal\/wp-json\/wp\/v2\/comments?post=53626"}],"wp:attached-to":[{"embeddable":true,"post_type":"post","id":53623,"href":"https:\/\/eltrabajo.cl\/portal\/wp-json\/wp\/v2\/posts\/53623"}],"curies":[{"name":"wp","href":"https:\/\/api.w.org\/{rel}","templated":true}]}}

<p class="attachment"><a href="https://i0.wp.com/eltrabajo.cl/portal/wp-content/uploads/2014/11/SITIO1.jpg?ssl=1"><img loading="lazy" decoding="async" width="300" height="203" src="https://i0.wp.com/eltrabajo.cl/portal/wp-content/uploads/2014/11/SITIO1.jpg?fit=300%2C203&amp;ssl=1" class="attachment-medium size-medium" alt="El crimen que aún se mantiene en todo un misterio ocurrió en Población La Escuadra de San Felipe" srcset="https://i0.wp.com/eltrabajo.cl/portal/wp-content/uploads/2014/11/SITIO1.jpg?w=529&amp;ssl=1 529w, https://i0.wp.com/eltrabajo.cl/portal/wp-content/uploads/2014/11/SITIO1.jpg?resize=200%2C135&amp;ssl=1 200w, https://i0.wp.com/eltrabajo.cl/portal/wp-content/uploads/2014/11/SITIO1.jpg?resize=300%2C203&amp;ssl=1 300w, https://i0.wp.com/eltrabajo.cl/portal/wp-content/uploads/2014/11/SITIO1.jpg?resize=150%2C101&amp;ssl=1 150w, https://i0.wp.com/eltrabajo.cl/portal/wp-content/uploads/2014/11/SITIO1.jpg?resize=400%2C270&amp;ssl=1 400w" sizes="auto, (max-width: 300px) 100vw, 300px" /></a></p>
<p>El crimen que aún se mantiene en todo un misterio ocurrió en Población La Escuadra de San Felipe</p>

<p>El crimen que aún se mantiene en todo un misterio ocurrió en Población La Escuadra de San Felipe</p>

El crimen que aún se mantiene en todo un misterio ocurrió en Población La Escuadra de San Felipe
