{"id":53674,"date":"2014-11-27T09:55:56","date_gmt":"2014-11-27T12:55:56","guid":{"rendered":"http:\/\/www.eltrabajo.cl\/portal\/wp-content\/uploads\/2014\/11\/Abogado-Ormazabal.jpg"},"modified":"2014-11-27T09:56:16","modified_gmt":"2014-11-27T12:56:16","slug":"abogado-ormazabal","status":"inherit","type":"attachment","link":"https:\/\/eltrabajo.cl\/portal\/padres-tienen-24-horas-para-entregar-a-nina-que-criaron-de-los-dos-meses\/abogado-ormazabal\/","title":{"rendered":"Abogado Ormazabal"},"author":482,"featured_media":0,"comment_status":"open","ping_status":"closed","template":"","meta":{"advanced_seo_description":"","jetpack_seo_html_title":"","jetpack_seo_noindex":false},"class_list":["post-53674","attachment","type-attachment","status-inherit","hentry"],"jetpack_sharing_enabled":true,"jetpack_likes_enabled":true,"description":{"rendered":"<p class=\"attachment\"><a href=\"https:\/\/i0.wp.com\/eltrabajo.cl\/portal\/wp-content\/uploads\/2014\/11\/Abogado-Ormazabal.jpg?ssl=1\"><img loading=\"lazy\" decoding=\"async\" width=\"300\" height=\"227\" src=\"https:\/\/i0.wp.com\/eltrabajo.cl\/portal\/wp-content\/uploads\/2014\/11\/Abogado-Ormazabal.jpg?fit=300%2C227&amp;ssl=1\" class=\"attachment-medium size-medium\" alt=\"El abogado de la defensor\u00eda privada de la familia, Josu\u00e9 Ormaz\u00e1bal.\" srcset=\"https:\/\/i0.wp.com\/eltrabajo.cl\/portal\/wp-content\/uploads\/2014\/11\/Abogado-Ormazabal.jpg?w=528&amp;ssl=1 528w, https:\/\/i0.wp.com\/eltrabajo.cl\/portal\/wp-content\/uploads\/2014\/11\/Abogado-Ormazabal.jpg?resize=198%2C150&amp;ssl=1 198w, https:\/\/i0.wp.com\/eltrabajo.cl\/portal\/wp-content\/uploads\/2014\/11\/Abogado-Ormazabal.jpg?resize=300%2C227&amp;ssl=1 300w, https:\/\/i0.wp.com\/eltrabajo.cl\/portal\/wp-content\/uploads\/2014\/11\/Abogado-Ormazabal.jpg?resize=150%2C113&amp;ssl=1 150w, https:\/\/i0.wp.com\/eltrabajo.cl\/portal\/wp-content\/uploads\/2014\/11\/Abogado-Ormazabal.jpg?resize=400%2C303&amp;ssl=1 400w\" sizes=\"auto, (max-width: 300px) 100vw, 300px\" \/><\/a><\/p>\n<p>El abogado de la defensor\u00eda privada de la familia, Josu\u00e9 Ormaz\u00e1bal.<\/p>\n"},"caption":{"rendered":"<p>El abogado de la defensor\u00eda privada de la familia, Josu\u00e9 Ormaz\u00e1bal.<\/p>\n"},"alt_text":"El abogado de la defensor\u00eda privada de la familia, Josu\u00e9 Ormaz\u00e1bal.","media_type":"image","mime_type":"image\/jpeg","media_details":{"width":528,"height":400,"file":"2014\/11\/Abogado-Ormazabal.jpg","sizes":{"thumbnail":{"file":"Abogado-Ormazabal-198x150.jpg","width":198,"height":150,"mime_type":"image\/jpeg","source_url":"https:\/\/i0.wp.com\/eltrabajo.cl\/portal\/wp-content\/uploads\/2014\/11\/Abogado-Ormazabal.jpg?fit=198%2C150&ssl=1"},"medium":{"file":"Abogado-Ormazabal-300x227.jpg","width":300,"height":227,"mime_type":"image\/jpeg","source_url":"https:\/\/i0.wp.com\/eltrabajo.cl\/portal\/wp-content\/uploads\/2014\/11\/Abogado-Ormazabal.jpg?fit=300%2C227&ssl=1"},"post-thumbnail":{"file":"Abogado-Ormazabal-150x113.jpg","width":150,"height":113,"mime_type":"image\/jpeg","source_url":"https:\/\/i0.wp.com\/eltrabajo.cl\/portal\/wp-content\/uploads\/2014\/11\/Abogado-Ormazabal.jpg?fit=150%2C113&ssl=1"},"single-post-thumbnail":{"file":"Abogado-Ormazabal-400x303.jpg","width":400,"height":303,"mime_type":"image\/jpeg","source_url":"https:\/\/eltrabajo.cl\/portal\/wp-content\/uploads\/2014\/11\/Abogado-Ormazabal-400x303.jpg"},"full":{"file":"Abogado-Ormazabal.jpg?fit=528%2C400&ssl=1","width":528,"height":400,"mime_type":"image\/jpeg","source_url":"https:\/\/i0.wp.com\/eltrabajo.cl\/portal\/wp-content\/uploads\/2014\/11\/Abogado-Ormazabal.jpg?fit=528%2C400&ssl=1"}},"image_meta":{"aperture":0,"credit":"","camera":"","caption":"","created_timestamp":0,"copyright":"","focal_length":0,"iso":0,"shutter_speed":0,"title":"","orientation":0}},"post":53672,"source_url":"https:\/\/eltrabajo.cl\/portal\/wp-content\/uploads\/2014\/11\/Abogado-Ormazabal.jpg","_links":{"self":[{"href":"https:\/\/eltrabajo.cl\/portal\/wp-json\/wp\/v2\/media\/53674","targetHints":{"allow":["GET"]}}],"collection":[{"href":"https:\/\/eltrabajo.cl\/portal\/wp-json\/wp\/v2\/media"}],"about":[{"href":"https:\/\/eltrabajo.cl\/portal\/wp-json\/wp\/v2\/types\/attachment"}],"author":[{"embeddable":true,"href":"https:\/\/eltrabajo.cl\/portal\/wp-json\/wp\/v2\/users\/482"}],"replies":[{"embeddable":true,"href":"https:\/\/eltrabajo.cl\/portal\/wp-json\/wp\/v2\/comments?post=53674"}],"wp:attached-to":[{"embeddable":true,"post_type":"post","id":53672,"href":"https:\/\/eltrabajo.cl\/portal\/wp-json\/wp\/v2\/posts\/53672"}],"curies":[{"name":"wp","href":"https:\/\/api.w.org\/{rel}","templated":true}]}}

<p class="attachment"><a href="https://i0.wp.com/eltrabajo.cl/portal/wp-content/uploads/2014/11/Abogado-Ormazabal.jpg?ssl=1"><img loading="lazy" decoding="async" width="300" height="227" src="https://i0.wp.com/eltrabajo.cl/portal/wp-content/uploads/2014/11/Abogado-Ormazabal.jpg?fit=300%2C227&amp;ssl=1" class="attachment-medium size-medium" alt="El abogado de la defensoría privada de la familia, Josué Ormazábal." srcset="https://i0.wp.com/eltrabajo.cl/portal/wp-content/uploads/2014/11/Abogado-Ormazabal.jpg?w=528&amp;ssl=1 528w, https://i0.wp.com/eltrabajo.cl/portal/wp-content/uploads/2014/11/Abogado-Ormazabal.jpg?resize=198%2C150&amp;ssl=1 198w, https://i0.wp.com/eltrabajo.cl/portal/wp-content/uploads/2014/11/Abogado-Ormazabal.jpg?resize=300%2C227&amp;ssl=1 300w, https://i0.wp.com/eltrabajo.cl/portal/wp-content/uploads/2014/11/Abogado-Ormazabal.jpg?resize=150%2C113&amp;ssl=1 150w, https://i0.wp.com/eltrabajo.cl/portal/wp-content/uploads/2014/11/Abogado-Ormazabal.jpg?resize=400%2C303&amp;ssl=1 400w" sizes="auto, (max-width: 300px) 100vw, 300px" /></a></p>
<p>El abogado de la defensoría privada de la familia, Josué Ormazábal.</p>

<p>El abogado de la defensoría privada de la familia, Josué Ormazábal.</p>

El abogado de la defensoría privada de la familia, Josué Ormazábal.
