{"id":53686,"date":"2014-11-28T09:11:29","date_gmt":"2014-11-28T12:11:29","guid":{"rendered":"http:\/\/www.eltrabajo.cl\/portal\/wp-content\/uploads\/2014\/11\/ESR-aerodromo.jpg"},"modified":"2014-11-28T09:11:38","modified_gmt":"2014-11-28T12:11:38","slug":"esr-aerodromo","status":"inherit","type":"attachment","link":"https:\/\/eltrabajo.cl\/portal\/comunidad-educativa-de-escuela-san-rafael-celebro-su-106o-aniversario\/esr-aerodromo\/","title":{"rendered":"ESR-aerodromo"},"author":482,"featured_media":0,"comment_status":"open","ping_status":"closed","template":"","meta":{"advanced_seo_description":"","jetpack_seo_html_title":"","jetpack_seo_noindex":false},"class_list":["post-53686","attachment","type-attachment","status-inherit","hentry"],"jetpack_sharing_enabled":true,"jetpack_likes_enabled":true,"description":{"rendered":"<p class=\"attachment\"><a href=\"https:\/\/i0.wp.com\/eltrabajo.cl\/portal\/wp-content\/uploads\/2014\/11\/ESR-aerodromo.jpg?ssl=1\"><img loading=\"lazy\" decoding=\"async\" width=\"300\" height=\"215\" src=\"https:\/\/i0.wp.com\/eltrabajo.cl\/portal\/wp-content\/uploads\/2014\/11\/ESR-aerodromo.jpg?fit=300%2C215&amp;ssl=1\" class=\"attachment-medium size-medium\" alt=\"Durante la visita al aer\u00f3dromo, los peque\u00f1os pudieron conocer de cerca las naves a\u00e9reas que utilizan la pista de aterrizaje.\" srcset=\"https:\/\/i0.wp.com\/eltrabajo.cl\/portal\/wp-content\/uploads\/2014\/11\/ESR-aerodromo.jpg?w=528&amp;ssl=1 528w, https:\/\/i0.wp.com\/eltrabajo.cl\/portal\/wp-content\/uploads\/2014\/11\/ESR-aerodromo.jpg?resize=200%2C143&amp;ssl=1 200w, https:\/\/i0.wp.com\/eltrabajo.cl\/portal\/wp-content\/uploads\/2014\/11\/ESR-aerodromo.jpg?resize=300%2C215&amp;ssl=1 300w, https:\/\/i0.wp.com\/eltrabajo.cl\/portal\/wp-content\/uploads\/2014\/11\/ESR-aerodromo.jpg?resize=150%2C107&amp;ssl=1 150w, https:\/\/i0.wp.com\/eltrabajo.cl\/portal\/wp-content\/uploads\/2014\/11\/ESR-aerodromo.jpg?resize=400%2C287&amp;ssl=1 400w\" sizes=\"auto, (max-width: 300px) 100vw, 300px\" \/><\/a><\/p>\n<p>Durante la visita al aer\u00f3dromo, los peque\u00f1os pudieron conocer de cerca las naves a\u00e9reas que utilizan la pista de aterrizaje. <\/p>\n"},"caption":{"rendered":"<p>Durante la visita al aer\u00f3dromo, los peque\u00f1os pudieron conocer de cerca las naves a\u00e9reas que utilizan la pista de aterrizaje. <\/p>\n"},"alt_text":"Durante la visita al aer\u00f3dromo, los peque\u00f1os pudieron conocer de cerca las naves a\u00e9reas que utilizan la pista de aterrizaje.","media_type":"image","mime_type":"image\/jpeg","media_details":{"width":528,"height":380,"file":"2014\/11\/ESR-aerodromo.jpg","sizes":{"thumbnail":{"file":"ESR-aerodromo-200x143.jpg","width":200,"height":143,"mime_type":"image\/jpeg","source_url":"https:\/\/i0.wp.com\/eltrabajo.cl\/portal\/wp-content\/uploads\/2014\/11\/ESR-aerodromo.jpg?fit=200%2C143&ssl=1"},"medium":{"file":"ESR-aerodromo-300x215.jpg","width":300,"height":215,"mime_type":"image\/jpeg","source_url":"https:\/\/i0.wp.com\/eltrabajo.cl\/portal\/wp-content\/uploads\/2014\/11\/ESR-aerodromo.jpg?fit=300%2C215&ssl=1"},"post-thumbnail":{"file":"ESR-aerodromo-150x107.jpg","width":150,"height":107,"mime_type":"image\/jpeg","source_url":"https:\/\/i0.wp.com\/eltrabajo.cl\/portal\/wp-content\/uploads\/2014\/11\/ESR-aerodromo.jpg?fit=150%2C107&ssl=1"},"single-post-thumbnail":{"file":"ESR-aerodromo-400x287.jpg","width":400,"height":287,"mime_type":"image\/jpeg","source_url":"https:\/\/eltrabajo.cl\/portal\/wp-content\/uploads\/2014\/11\/ESR-aerodromo-400x287.jpg"},"full":{"file":"ESR-aerodromo.jpg?fit=528%2C380&ssl=1","width":528,"height":380,"mime_type":"image\/jpeg","source_url":"https:\/\/i0.wp.com\/eltrabajo.cl\/portal\/wp-content\/uploads\/2014\/11\/ESR-aerodromo.jpg?fit=528%2C380&ssl=1"}},"image_meta":{"aperture":0,"credit":"","camera":"","caption":"","created_timestamp":0,"copyright":"","focal_length":0,"iso":0,"shutter_speed":0,"title":"","orientation":0}},"post":53684,"source_url":"https:\/\/eltrabajo.cl\/portal\/wp-content\/uploads\/2014\/11\/ESR-aerodromo.jpg","_links":{"self":[{"href":"https:\/\/eltrabajo.cl\/portal\/wp-json\/wp\/v2\/media\/53686","targetHints":{"allow":["GET"]}}],"collection":[{"href":"https:\/\/eltrabajo.cl\/portal\/wp-json\/wp\/v2\/media"}],"about":[{"href":"https:\/\/eltrabajo.cl\/portal\/wp-json\/wp\/v2\/types\/attachment"}],"author":[{"embeddable":true,"href":"https:\/\/eltrabajo.cl\/portal\/wp-json\/wp\/v2\/users\/482"}],"replies":[{"embeddable":true,"href":"https:\/\/eltrabajo.cl\/portal\/wp-json\/wp\/v2\/comments?post=53686"}],"wp:attached-to":[{"embeddable":true,"post_type":"post","id":53684,"href":"https:\/\/eltrabajo.cl\/portal\/wp-json\/wp\/v2\/posts\/53684"}],"curies":[{"name":"wp","href":"https:\/\/api.w.org\/{rel}","templated":true}]}}

<p class="attachment"><a href="https://i0.wp.com/eltrabajo.cl/portal/wp-content/uploads/2014/11/ESR-aerodromo.jpg?ssl=1"><img loading="lazy" decoding="async" width="300" height="215" src="https://i0.wp.com/eltrabajo.cl/portal/wp-content/uploads/2014/11/ESR-aerodromo.jpg?fit=300%2C215&amp;ssl=1" class="attachment-medium size-medium" alt="Durante la visita al aeródromo, los pequeños pudieron conocer de cerca las naves aéreas que utilizan la pista de aterrizaje." srcset="https://i0.wp.com/eltrabajo.cl/portal/wp-content/uploads/2014/11/ESR-aerodromo.jpg?w=528&amp;ssl=1 528w, https://i0.wp.com/eltrabajo.cl/portal/wp-content/uploads/2014/11/ESR-aerodromo.jpg?resize=200%2C143&amp;ssl=1 200w, https://i0.wp.com/eltrabajo.cl/portal/wp-content/uploads/2014/11/ESR-aerodromo.jpg?resize=300%2C215&amp;ssl=1 300w, https://i0.wp.com/eltrabajo.cl/portal/wp-content/uploads/2014/11/ESR-aerodromo.jpg?resize=150%2C107&amp;ssl=1 150w, https://i0.wp.com/eltrabajo.cl/portal/wp-content/uploads/2014/11/ESR-aerodromo.jpg?resize=400%2C287&amp;ssl=1 400w" sizes="auto, (max-width: 300px) 100vw, 300px" /></a></p>
<p>Durante la visita al aeródromo, los pequeños pudieron conocer de cerca las naves aéreas que utilizan la pista de aterrizaje. </p>

<p>Durante la visita al aeródromo, los pequeños pudieron conocer de cerca las naves aéreas que utilizan la pista de aterrizaje. </p>

Durante la visita al aeródromo, los pequeños pudieron conocer de cerca las naves aéreas que utilizan la pista de aterrizaje.
