{"id":53795,"date":"2014-12-02T09:07:52","date_gmt":"2014-12-02T12:07:52","guid":{"rendered":"http:\/\/www.eltrabajo.cl\/portal\/wp-content\/uploads\/2014\/12\/Mediagua1.jpg"},"modified":"2014-12-02T09:12:04","modified_gmt":"2014-12-02T12:12:04","slug":"mediagua1","status":"inherit","type":"attachment","link":"https:\/\/eltrabajo.cl\/portal\/vecinos-levantan-y-equipan-mediagua-para-vecino-que-perdio-todo-en-incendio\/mediagua1\/","title":{"rendered":"Mediagua1"},"author":482,"featured_media":0,"comment_status":"open","ping_status":"closed","template":"","meta":{"advanced_seo_description":"","jetpack_seo_html_title":"","jetpack_seo_noindex":false},"class_list":["post-53795","attachment","type-attachment","status-inherit","hentry"],"jetpack_sharing_enabled":true,"jetpack_likes_enabled":true,"description":{"rendered":"<p class=\"attachment\"><a href=\"https:\/\/i0.wp.com\/eltrabajo.cl\/portal\/wp-content\/uploads\/2014\/12\/Mediagua1.jpg?ssl=1\"><img loading=\"lazy\" decoding=\"async\" width=\"300\" height=\"203\" src=\"https:\/\/i0.wp.com\/eltrabajo.cl\/portal\/wp-content\/uploads\/2014\/12\/Mediagua1.jpg?fit=300%2C203&amp;ssl=1\" class=\"attachment-medium size-medium\" alt=\"Un verdadero ejemplo de solidaridad, amor y cari\u00f1o brind\u00f3 gran parte de la comunidad a Don Nelson Contreras, quien perdi\u00f3 su casa y todos sus enceres en el voraz incendio registrado la tarde del mi\u00e9rcoles en Calle Los Copihues de Granallas.\" srcset=\"https:\/\/i0.wp.com\/eltrabajo.cl\/portal\/wp-content\/uploads\/2014\/12\/Mediagua1.jpg?w=529&amp;ssl=1 529w, https:\/\/i0.wp.com\/eltrabajo.cl\/portal\/wp-content\/uploads\/2014\/12\/Mediagua1.jpg?resize=200%2C135&amp;ssl=1 200w, https:\/\/i0.wp.com\/eltrabajo.cl\/portal\/wp-content\/uploads\/2014\/12\/Mediagua1.jpg?resize=300%2C203&amp;ssl=1 300w, https:\/\/i0.wp.com\/eltrabajo.cl\/portal\/wp-content\/uploads\/2014\/12\/Mediagua1.jpg?resize=150%2C101&amp;ssl=1 150w, https:\/\/i0.wp.com\/eltrabajo.cl\/portal\/wp-content\/uploads\/2014\/12\/Mediagua1.jpg?resize=400%2C270&amp;ssl=1 400w\" sizes=\"auto, (max-width: 300px) 100vw, 300px\" \/><\/a><\/p>\n<p>Un verdadero ejemplo de solidaridad, amor y cari\u00f1o brind\u00f3 gran parte de la comunidad a Don Nelson Contreras, quien perdi\u00f3 su casa y todos sus enceres en el voraz incendio registrado la tarde del mi\u00e9rcoles en Calle Los Copihues de Granallas.<\/p>\n"},"caption":{"rendered":"<p>Un verdadero ejemplo de solidaridad, amor y cari\u00f1o brind\u00f3 gran parte de la comunidad a Don Nelson Contreras, quien perdi\u00f3 su casa y todos sus enceres en el voraz incendio registrado la tarde del mi\u00e9rcoles en Calle Los Copihues de Granallas.<\/p>\n"},"alt_text":"Un verdadero ejemplo de solidaridad, amor y cari\u00f1o brind\u00f3 gran parte de la comunidad a Don Nelson Contreras, quien perdi\u00f3 su casa y todos sus enceres en el voraz incendio registrado la tarde del mi\u00e9rcoles en Calle Los Copihues de Granallas.","media_type":"image","mime_type":"image\/jpeg","media_details":{"width":529,"height":358,"file":"2014\/12\/Mediagua1.jpg","sizes":{"thumbnail":{"file":"Mediagua1-200x135.jpg","width":200,"height":135,"mime_type":"image\/jpeg","source_url":"https:\/\/i0.wp.com\/eltrabajo.cl\/portal\/wp-content\/uploads\/2014\/12\/Mediagua1.jpg?fit=200%2C135&ssl=1"},"medium":{"file":"Mediagua1-300x203.jpg","width":300,"height":203,"mime_type":"image\/jpeg","source_url":"https:\/\/i0.wp.com\/eltrabajo.cl\/portal\/wp-content\/uploads\/2014\/12\/Mediagua1.jpg?fit=300%2C203&ssl=1"},"post-thumbnail":{"file":"Mediagua1-150x101.jpg","width":150,"height":101,"mime_type":"image\/jpeg","source_url":"https:\/\/i0.wp.com\/eltrabajo.cl\/portal\/wp-content\/uploads\/2014\/12\/Mediagua1.jpg?fit=150%2C101&ssl=1"},"single-post-thumbnail":{"file":"Mediagua1-400x270.jpg","width":400,"height":270,"mime_type":"image\/jpeg","source_url":"https:\/\/eltrabajo.cl\/portal\/wp-content\/uploads\/2014\/12\/Mediagua1-400x270.jpg"},"full":{"file":"Mediagua1.jpg?fit=529%2C358&ssl=1","width":529,"height":358,"mime_type":"image\/jpeg","source_url":"https:\/\/i0.wp.com\/eltrabajo.cl\/portal\/wp-content\/uploads\/2014\/12\/Mediagua1.jpg?fit=529%2C358&ssl=1"}},"image_meta":{"aperture":0,"credit":"","camera":"","caption":"","created_timestamp":0,"copyright":"[wopmind]","focal_length":0,"iso":0,"shutter_speed":0,"title":"","orientation":0}},"post":53794,"source_url":"https:\/\/eltrabajo.cl\/portal\/wp-content\/uploads\/2014\/12\/Mediagua1.jpg","_links":{"self":[{"href":"https:\/\/eltrabajo.cl\/portal\/wp-json\/wp\/v2\/media\/53795","targetHints":{"allow":["GET"]}}],"collection":[{"href":"https:\/\/eltrabajo.cl\/portal\/wp-json\/wp\/v2\/media"}],"about":[{"href":"https:\/\/eltrabajo.cl\/portal\/wp-json\/wp\/v2\/types\/attachment"}],"author":[{"embeddable":true,"href":"https:\/\/eltrabajo.cl\/portal\/wp-json\/wp\/v2\/users\/482"}],"replies":[{"embeddable":true,"href":"https:\/\/eltrabajo.cl\/portal\/wp-json\/wp\/v2\/comments?post=53795"}],"wp:attached-to":[{"embeddable":true,"post_type":"post","id":53794,"href":"https:\/\/eltrabajo.cl\/portal\/wp-json\/wp\/v2\/posts\/53794"}],"curies":[{"name":"wp","href":"https:\/\/api.w.org\/{rel}","templated":true}]}}

<p class="attachment"><a href="https://i0.wp.com/eltrabajo.cl/portal/wp-content/uploads/2014/12/Mediagua1.jpg?ssl=1"><img loading="lazy" decoding="async" width="300" height="203" src="https://i0.wp.com/eltrabajo.cl/portal/wp-content/uploads/2014/12/Mediagua1.jpg?fit=300%2C203&amp;ssl=1" class="attachment-medium size-medium" alt="Un verdadero ejemplo de solidaridad, amor y cariño brindó gran parte de la comunidad a Don Nelson Contreras, quien perdió su casa y todos sus enceres en el voraz incendio registrado la tarde del miércoles en Calle Los Copihues de Granallas." srcset="https://i0.wp.com/eltrabajo.cl/portal/wp-content/uploads/2014/12/Mediagua1.jpg?w=529&amp;ssl=1 529w, https://i0.wp.com/eltrabajo.cl/portal/wp-content/uploads/2014/12/Mediagua1.jpg?resize=200%2C135&amp;ssl=1 200w, https://i0.wp.com/eltrabajo.cl/portal/wp-content/uploads/2014/12/Mediagua1.jpg?resize=300%2C203&amp;ssl=1 300w, https://i0.wp.com/eltrabajo.cl/portal/wp-content/uploads/2014/12/Mediagua1.jpg?resize=150%2C101&amp;ssl=1 150w, https://i0.wp.com/eltrabajo.cl/portal/wp-content/uploads/2014/12/Mediagua1.jpg?resize=400%2C270&amp;ssl=1 400w" sizes="auto, (max-width: 300px) 100vw, 300px" /></a></p>
<p>Un verdadero ejemplo de solidaridad, amor y cariño brindó gran parte de la comunidad a Don Nelson Contreras, quien perdió su casa y todos sus enceres en el voraz incendio registrado la tarde del miércoles en Calle Los Copihues de Granallas.</p>

<p>Un verdadero ejemplo de solidaridad, amor y cariño brindó gran parte de la comunidad a Don Nelson Contreras, quien perdió su casa y todos sus enceres en el voraz incendio registrado la tarde del miércoles en Calle Los Copihues de Granallas.</p>

Un verdadero ejemplo de solidaridad, amor y cariño brindó gran parte de la comunidad a Don Nelson Contreras, quien perdió su casa y todos sus enceres en el voraz incendio registrado la tarde del miércoles en Calle Los Copihues de Granallas.
