{"id":53854,"date":"2014-12-03T09:30:35","date_gmt":"2014-12-03T12:30:35","guid":{"rendered":"http:\/\/www.eltrabajo.cl\/portal\/wp-content\/uploads\/2014\/12\/Fiscal-Daniela-Quevedo.jpg"},"modified":"2014-12-03T09:31:00","modified_gmt":"2014-12-03T12:31:00","slug":"fiscal-daniela-quevedo-15","status":"inherit","type":"attachment","link":"https:\/\/eltrabajo.cl\/portal\/trabajador-muere-al-caer-de-techo-a-10-metros-de-altura\/fiscal-daniela-quevedo-15\/","title":{"rendered":"Fiscal Daniela Quevedo"},"author":482,"featured_media":0,"comment_status":"open","ping_status":"closed","template":"","meta":{"advanced_seo_description":"","jetpack_seo_html_title":"","jetpack_seo_noindex":false},"class_list":["post-53854","attachment","type-attachment","status-inherit","hentry"],"jetpack_sharing_enabled":true,"jetpack_likes_enabled":true,"description":{"rendered":"<p class=\"attachment\"><a href=\"https:\/\/i0.wp.com\/eltrabajo.cl\/portal\/wp-content\/uploads\/2014\/12\/Fiscal-Daniela-Quevedo.jpg?ssl=1\"><img loading=\"lazy\" decoding=\"async\" width=\"226\" height=\"300\" src=\"https:\/\/i0.wp.com\/eltrabajo.cl\/portal\/wp-content\/uploads\/2014\/12\/Fiscal-Daniela-Quevedo.jpg?fit=226%2C300&amp;ssl=1\" class=\"attachment-medium size-medium\" alt=\"La Fiscal Daniela Quevedo orden\u00f3 las diligencias del Laboratorio de Criminal\u00edstica de la Polic\u00eda de Investigaciones de Valpara\u00edso, para el an\u00e1lisis exhaustivo para la investigaci\u00f3n del caso.\" srcset=\"https:\/\/i0.wp.com\/eltrabajo.cl\/portal\/wp-content\/uploads\/2014\/12\/Fiscal-Daniela-Quevedo.jpg?w=529&amp;ssl=1 529w, https:\/\/i0.wp.com\/eltrabajo.cl\/portal\/wp-content\/uploads\/2014\/12\/Fiscal-Daniela-Quevedo.jpg?resize=113%2C150&amp;ssl=1 113w, https:\/\/i0.wp.com\/eltrabajo.cl\/portal\/wp-content\/uploads\/2014\/12\/Fiscal-Daniela-Quevedo.jpg?resize=226%2C300&amp;ssl=1 226w, https:\/\/i0.wp.com\/eltrabajo.cl\/portal\/wp-content\/uploads\/2014\/12\/Fiscal-Daniela-Quevedo.jpg?resize=400%2C530&amp;ssl=1 400w\" sizes=\"auto, (max-width: 226px) 100vw, 226px\" \/><\/a><\/p>\n<p>La Fiscal Daniela Quevedo orden\u00f3 las diligencias del Laboratorio de Criminal\u00edstica de la Polic\u00eda de Investigaciones de Valpara\u00edso, para el an\u00e1lisis exhaustivo para la investigaci\u00f3n del caso.<\/p>\n"},"caption":{"rendered":"<p>La Fiscal Daniela Quevedo orden\u00f3 las diligencias del Laboratorio de Criminal\u00edstica de la Polic\u00eda de Investigaciones de Valpara\u00edso, para el an\u00e1lisis exhaustivo para la investigaci\u00f3n del caso.<\/p>\n"},"alt_text":"La Fiscal Daniela Quevedo orden\u00f3 las diligencias del Laboratorio de Criminal\u00edstica de la Polic\u00eda de Investigaciones de Valpara\u00edso, para el an\u00e1lisis exhaustivo para la investigaci\u00f3n del caso.","media_type":"image","mime_type":"image\/jpeg","media_details":{"width":529,"height":701,"file":"2014\/12\/Fiscal-Daniela-Quevedo.jpg","sizes":{"thumbnail":{"file":"Fiscal-Daniela-Quevedo-113x150.jpg","width":113,"height":150,"mime_type":"image\/jpeg","source_url":"https:\/\/i0.wp.com\/eltrabajo.cl\/portal\/wp-content\/uploads\/2014\/12\/Fiscal-Daniela-Quevedo.jpg?fit=113%2C150&ssl=1"},"medium":{"file":"Fiscal-Daniela-Quevedo-226x300.jpg","width":226,"height":300,"mime_type":"image\/jpeg","source_url":"https:\/\/i0.wp.com\/eltrabajo.cl\/portal\/wp-content\/uploads\/2014\/12\/Fiscal-Daniela-Quevedo.jpg?fit=226%2C300&ssl=1"},"post-thumbnail":{"file":"Fiscal-Daniela-Quevedo-113x150.jpg","width":113,"height":150,"mime_type":"image\/jpeg","source_url":"https:\/\/i0.wp.com\/eltrabajo.cl\/portal\/wp-content\/uploads\/2014\/12\/Fiscal-Daniela-Quevedo.jpg?fit=113%2C150&ssl=1"},"single-post-thumbnail":{"file":"Fiscal-Daniela-Quevedo-400x530.jpg","width":400,"height":530,"mime_type":"image\/jpeg","source_url":"https:\/\/eltrabajo.cl\/portal\/wp-content\/uploads\/2014\/12\/Fiscal-Daniela-Quevedo-400x530.jpg"},"full":{"file":"Fiscal-Daniela-Quevedo.jpg?fit=529%2C701&ssl=1","width":529,"height":701,"mime_type":"image\/jpeg","source_url":"https:\/\/i0.wp.com\/eltrabajo.cl\/portal\/wp-content\/uploads\/2014\/12\/Fiscal-Daniela-Quevedo.jpg?fit=529%2C701&ssl=1"}},"image_meta":{"aperture":0,"credit":"Picasa","camera":"","caption":"","created_timestamp":0,"copyright":"","focal_length":0,"iso":0,"shutter_speed":0,"title":"","orientation":0}},"post":53852,"source_url":"https:\/\/eltrabajo.cl\/portal\/wp-content\/uploads\/2014\/12\/Fiscal-Daniela-Quevedo.jpg","_links":{"self":[{"href":"https:\/\/eltrabajo.cl\/portal\/wp-json\/wp\/v2\/media\/53854","targetHints":{"allow":["GET"]}}],"collection":[{"href":"https:\/\/eltrabajo.cl\/portal\/wp-json\/wp\/v2\/media"}],"about":[{"href":"https:\/\/eltrabajo.cl\/portal\/wp-json\/wp\/v2\/types\/attachment"}],"author":[{"embeddable":true,"href":"https:\/\/eltrabajo.cl\/portal\/wp-json\/wp\/v2\/users\/482"}],"replies":[{"embeddable":true,"href":"https:\/\/eltrabajo.cl\/portal\/wp-json\/wp\/v2\/comments?post=53854"}],"wp:attached-to":[{"embeddable":true,"post_type":"post","id":53852,"href":"https:\/\/eltrabajo.cl\/portal\/wp-json\/wp\/v2\/posts\/53852"}],"curies":[{"name":"wp","href":"https:\/\/api.w.org\/{rel}","templated":true}]}}

<p class="attachment"><a href="https://i0.wp.com/eltrabajo.cl/portal/wp-content/uploads/2014/12/Fiscal-Daniela-Quevedo.jpg?ssl=1"><img loading="lazy" decoding="async" width="226" height="300" src="https://i0.wp.com/eltrabajo.cl/portal/wp-content/uploads/2014/12/Fiscal-Daniela-Quevedo.jpg?fit=226%2C300&amp;ssl=1" class="attachment-medium size-medium" alt="La Fiscal Daniela Quevedo ordenó las diligencias del Laboratorio de Criminalística de la Policía de Investigaciones de Valparaíso, para el análisis exhaustivo para la investigación del caso." srcset="https://i0.wp.com/eltrabajo.cl/portal/wp-content/uploads/2014/12/Fiscal-Daniela-Quevedo.jpg?w=529&amp;ssl=1 529w, https://i0.wp.com/eltrabajo.cl/portal/wp-content/uploads/2014/12/Fiscal-Daniela-Quevedo.jpg?resize=113%2C150&amp;ssl=1 113w, https://i0.wp.com/eltrabajo.cl/portal/wp-content/uploads/2014/12/Fiscal-Daniela-Quevedo.jpg?resize=226%2C300&amp;ssl=1 226w, https://i0.wp.com/eltrabajo.cl/portal/wp-content/uploads/2014/12/Fiscal-Daniela-Quevedo.jpg?resize=400%2C530&amp;ssl=1 400w" sizes="auto, (max-width: 226px) 100vw, 226px" /></a></p>
<p>La Fiscal Daniela Quevedo ordenó las diligencias del Laboratorio de Criminalística de la Policía de Investigaciones de Valparaíso, para el análisis exhaustivo para la investigación del caso.</p>

<p>La Fiscal Daniela Quevedo ordenó las diligencias del Laboratorio de Criminalística de la Policía de Investigaciones de Valparaíso, para el análisis exhaustivo para la investigación del caso.</p>

La Fiscal Daniela Quevedo ordenó las diligencias del Laboratorio de Criminalística de la Policía de Investigaciones de Valparaíso, para el análisis exhaustivo para la investigación del caso.
