{"id":53922,"date":"2014-12-05T09:05:25","date_gmt":"2014-12-05T12:05:25","guid":{"rendered":"http:\/\/www.eltrabajo.cl\/portal\/wp-content\/uploads\/2014\/12\/CERRTIFICADO1.jpg"},"modified":"2014-12-05T09:05:33","modified_gmt":"2014-12-05T12:05:33","slug":"cerrtificado1","status":"inherit","type":"attachment","link":"https:\/\/eltrabajo.cl\/portal\/doce-establecimientos-se-certifican-como-protectores-de-la-ninez-y-la-juventud\/cerrtificado1\/","title":{"rendered":"CERRTIFICADO1"},"author":482,"featured_media":0,"comment_status":"open","ping_status":"closed","template":"","meta":{"advanced_seo_description":"","jetpack_seo_html_title":"","jetpack_seo_noindex":false},"class_list":["post-53922","attachment","type-attachment","status-inherit","hentry"],"jetpack_sharing_enabled":true,"jetpack_likes_enabled":true,"description":{"rendered":"<p class=\"attachment\"><a href=\"https:\/\/i0.wp.com\/eltrabajo.cl\/portal\/wp-content\/uploads\/2014\/12\/CERRTIFICADO1.jpg?ssl=1\"><img loading=\"lazy\" decoding=\"async\" width=\"300\" height=\"241\" src=\"https:\/\/i0.wp.com\/eltrabajo.cl\/portal\/wp-content\/uploads\/2014\/12\/CERRTIFICADO1.jpg?fit=300%2C241&amp;ssl=1\" class=\"attachment-medium size-medium\" alt=\"Representantes del IAC, encabezados por su Directora Marisela Fern\u00e1ndez Zapata, recibieron la certificaci\u00f3n de Protector de la ni\u00f1ez y la juventud.\" srcset=\"https:\/\/i0.wp.com\/eltrabajo.cl\/portal\/wp-content\/uploads\/2014\/12\/CERRTIFICADO1.jpg?w=529&amp;ssl=1 529w, https:\/\/i0.wp.com\/eltrabajo.cl\/portal\/wp-content\/uploads\/2014\/12\/CERRTIFICADO1.jpg?resize=186%2C150&amp;ssl=1 186w, https:\/\/i0.wp.com\/eltrabajo.cl\/portal\/wp-content\/uploads\/2014\/12\/CERRTIFICADO1.jpg?resize=300%2C241&amp;ssl=1 300w, https:\/\/i0.wp.com\/eltrabajo.cl\/portal\/wp-content\/uploads\/2014\/12\/CERRTIFICADO1.jpg?resize=150%2C120&amp;ssl=1 150w, https:\/\/i0.wp.com\/eltrabajo.cl\/portal\/wp-content\/uploads\/2014\/12\/CERRTIFICADO1.jpg?resize=400%2C322&amp;ssl=1 400w\" sizes=\"auto, (max-width: 300px) 100vw, 300px\" \/><\/a><\/p>\n<p>Representantes del IAC, encabezados por su Directora Marisela Fern\u00e1ndez Zapata, recibieron la certificaci\u00f3n de Protector de la ni\u00f1ez y la juventud.<\/p>\n"},"caption":{"rendered":"<p>Representantes del IAC, encabezados por su Directora Marisela Fern\u00e1ndez Zapata, recibieron la certificaci\u00f3n de Protector de la ni\u00f1ez y la juventud.<\/p>\n"},"alt_text":"Representantes del IAC, encabezados por su Directora Marisela Fern\u00e1ndez Zapata, recibieron la certificaci\u00f3n de Protector de la ni\u00f1ez y la juventud.","media_type":"image","mime_type":"image\/jpeg","media_details":{"width":529,"height":426,"file":"2014\/12\/CERRTIFICADO1.jpg","sizes":{"thumbnail":{"file":"CERRTIFICADO1-186x150.jpg","width":186,"height":150,"mime_type":"image\/jpeg","source_url":"https:\/\/i0.wp.com\/eltrabajo.cl\/portal\/wp-content\/uploads\/2014\/12\/CERRTIFICADO1.jpg?fit=186%2C150&ssl=1"},"medium":{"file":"CERRTIFICADO1-300x241.jpg","width":300,"height":241,"mime_type":"image\/jpeg","source_url":"https:\/\/i0.wp.com\/eltrabajo.cl\/portal\/wp-content\/uploads\/2014\/12\/CERRTIFICADO1.jpg?fit=300%2C241&ssl=1"},"post-thumbnail":{"file":"CERRTIFICADO1-150x120.jpg","width":150,"height":120,"mime_type":"image\/jpeg","source_url":"https:\/\/i0.wp.com\/eltrabajo.cl\/portal\/wp-content\/uploads\/2014\/12\/CERRTIFICADO1.jpg?fit=150%2C120&ssl=1"},"single-post-thumbnail":{"file":"CERRTIFICADO1-400x322.jpg","width":400,"height":322,"mime_type":"image\/jpeg","source_url":"https:\/\/eltrabajo.cl\/portal\/wp-content\/uploads\/2014\/12\/CERRTIFICADO1-400x322.jpg"},"full":{"file":"CERRTIFICADO1.jpg?fit=529%2C426&ssl=1","width":529,"height":426,"mime_type":"image\/jpeg","source_url":"https:\/\/i0.wp.com\/eltrabajo.cl\/portal\/wp-content\/uploads\/2014\/12\/CERRTIFICADO1.jpg?fit=529%2C426&ssl=1"}},"image_meta":{"aperture":0,"credit":"","camera":"","caption":"","created_timestamp":0,"copyright":"","focal_length":0,"iso":0,"shutter_speed":0,"title":"","orientation":0}},"post":53920,"source_url":"https:\/\/eltrabajo.cl\/portal\/wp-content\/uploads\/2014\/12\/CERRTIFICADO1.jpg","_links":{"self":[{"href":"https:\/\/eltrabajo.cl\/portal\/wp-json\/wp\/v2\/media\/53922","targetHints":{"allow":["GET"]}}],"collection":[{"href":"https:\/\/eltrabajo.cl\/portal\/wp-json\/wp\/v2\/media"}],"about":[{"href":"https:\/\/eltrabajo.cl\/portal\/wp-json\/wp\/v2\/types\/attachment"}],"author":[{"embeddable":true,"href":"https:\/\/eltrabajo.cl\/portal\/wp-json\/wp\/v2\/users\/482"}],"replies":[{"embeddable":true,"href":"https:\/\/eltrabajo.cl\/portal\/wp-json\/wp\/v2\/comments?post=53922"}],"wp:attached-to":[{"embeddable":true,"post_type":"post","id":53920,"href":"https:\/\/eltrabajo.cl\/portal\/wp-json\/wp\/v2\/posts\/53920"}],"curies":[{"name":"wp","href":"https:\/\/api.w.org\/{rel}","templated":true}]}}

<p class="attachment"><a href="https://i0.wp.com/eltrabajo.cl/portal/wp-content/uploads/2014/12/CERRTIFICADO1.jpg?ssl=1"><img loading="lazy" decoding="async" width="300" height="241" src="https://i0.wp.com/eltrabajo.cl/portal/wp-content/uploads/2014/12/CERRTIFICADO1.jpg?fit=300%2C241&amp;ssl=1" class="attachment-medium size-medium" alt="Representantes del IAC, encabezados por su Directora Marisela Fernández Zapata, recibieron la certificación de Protector de la niñez y la juventud." srcset="https://i0.wp.com/eltrabajo.cl/portal/wp-content/uploads/2014/12/CERRTIFICADO1.jpg?w=529&amp;ssl=1 529w, https://i0.wp.com/eltrabajo.cl/portal/wp-content/uploads/2014/12/CERRTIFICADO1.jpg?resize=186%2C150&amp;ssl=1 186w, https://i0.wp.com/eltrabajo.cl/portal/wp-content/uploads/2014/12/CERRTIFICADO1.jpg?resize=300%2C241&amp;ssl=1 300w, https://i0.wp.com/eltrabajo.cl/portal/wp-content/uploads/2014/12/CERRTIFICADO1.jpg?resize=150%2C120&amp;ssl=1 150w, https://i0.wp.com/eltrabajo.cl/portal/wp-content/uploads/2014/12/CERRTIFICADO1.jpg?resize=400%2C322&amp;ssl=1 400w" sizes="auto, (max-width: 300px) 100vw, 300px" /></a></p>
<p>Representantes del IAC, encabezados por su Directora Marisela Fernández Zapata, recibieron la certificación de Protector de la niñez y la juventud.</p>

<p>Representantes del IAC, encabezados por su Directora Marisela Fernández Zapata, recibieron la certificación de Protector de la niñez y la juventud.</p>

Representantes del IAC, encabezados por su Directora Marisela Fernández Zapata, recibieron la certificación de Protector de la niñez y la juventud.
