{"id":53923,"date":"2014-12-05T09:05:26","date_gmt":"2014-12-05T12:05:26","guid":{"rendered":"http:\/\/www.eltrabajo.cl\/portal\/wp-content\/uploads\/2014\/12\/CERTIFICADO3.jpg"},"modified":"2014-12-05T09:05:45","modified_gmt":"2014-12-05T12:05:45","slug":"certificado3","status":"inherit","type":"attachment","link":"https:\/\/eltrabajo.cl\/portal\/doce-establecimientos-se-certifican-como-protectores-de-la-ninez-y-la-juventud\/certificado3\/","title":{"rendered":"CERTIFICADO3"},"author":482,"featured_media":0,"comment_status":"open","ping_status":"closed","template":"","meta":{"advanced_seo_description":"","jetpack_seo_html_title":"","jetpack_seo_noindex":false},"class_list":["post-53923","attachment","type-attachment","status-inherit","hentry"],"jetpack_sharing_enabled":true,"jetpack_likes_enabled":true,"description":{"rendered":"<p class=\"attachment\"><a href=\"https:\/\/i0.wp.com\/eltrabajo.cl\/portal\/wp-content\/uploads\/2014\/12\/CERTIFICADO3.jpg?ssl=1\"><img loading=\"lazy\" decoding=\"async\" width=\"300\" height=\"204\" src=\"https:\/\/i0.wp.com\/eltrabajo.cl\/portal\/wp-content\/uploads\/2014\/12\/CERTIFICADO3.jpg?fit=300%2C204&amp;ssl=1\" class=\"attachment-medium size-medium\" alt=\"La Escuela Sagrado Coraz\u00f3n tambi\u00e9n particip\u00f3 en esta jornada de trabajo biopsicosocial a favor de sus estudiantes.\" srcset=\"https:\/\/i0.wp.com\/eltrabajo.cl\/portal\/wp-content\/uploads\/2014\/12\/CERTIFICADO3.jpg?w=528&amp;ssl=1 528w, https:\/\/i0.wp.com\/eltrabajo.cl\/portal\/wp-content\/uploads\/2014\/12\/CERTIFICADO3.jpg?resize=200%2C136&amp;ssl=1 200w, https:\/\/i0.wp.com\/eltrabajo.cl\/portal\/wp-content\/uploads\/2014\/12\/CERTIFICADO3.jpg?resize=300%2C204&amp;ssl=1 300w, https:\/\/i0.wp.com\/eltrabajo.cl\/portal\/wp-content\/uploads\/2014\/12\/CERTIFICADO3.jpg?resize=150%2C102&amp;ssl=1 150w, https:\/\/i0.wp.com\/eltrabajo.cl\/portal\/wp-content\/uploads\/2014\/12\/CERTIFICADO3.jpg?resize=400%2C272&amp;ssl=1 400w\" sizes=\"auto, (max-width: 300px) 100vw, 300px\" \/><\/a><\/p>\n<p>La Escuela Sagrado Coraz\u00f3n tambi\u00e9n particip\u00f3 en esta jornada de trabajo biopsicosocial a favor de sus estudiantes.<\/p>\n"},"caption":{"rendered":"<p>La Escuela Sagrado Coraz\u00f3n tambi\u00e9n particip\u00f3 en esta jornada de trabajo biopsicosocial a favor de sus estudiantes.<\/p>\n"},"alt_text":"La Escuela Sagrado Coraz\u00f3n tambi\u00e9n particip\u00f3 en esta jornada de trabajo biopsicosocial a favor de sus estudiantes.","media_type":"image","mime_type":"image\/jpeg","media_details":{"width":528,"height":360,"file":"2014\/12\/CERTIFICADO3.jpg","sizes":{"thumbnail":{"file":"CERTIFICADO3-200x136.jpg","width":200,"height":136,"mime_type":"image\/jpeg","source_url":"https:\/\/i0.wp.com\/eltrabajo.cl\/portal\/wp-content\/uploads\/2014\/12\/CERTIFICADO3.jpg?fit=200%2C136&ssl=1"},"medium":{"file":"CERTIFICADO3-300x204.jpg","width":300,"height":204,"mime_type":"image\/jpeg","source_url":"https:\/\/i0.wp.com\/eltrabajo.cl\/portal\/wp-content\/uploads\/2014\/12\/CERTIFICADO3.jpg?fit=300%2C204&ssl=1"},"post-thumbnail":{"file":"CERTIFICADO3-150x102.jpg","width":150,"height":102,"mime_type":"image\/jpeg","source_url":"https:\/\/i0.wp.com\/eltrabajo.cl\/portal\/wp-content\/uploads\/2014\/12\/CERTIFICADO3.jpg?fit=150%2C102&ssl=1"},"single-post-thumbnail":{"file":"CERTIFICADO3-400x272.jpg","width":400,"height":272,"mime_type":"image\/jpeg","source_url":"https:\/\/eltrabajo.cl\/portal\/wp-content\/uploads\/2014\/12\/CERTIFICADO3-400x272.jpg"},"full":{"file":"CERTIFICADO3.jpg?fit=528%2C360&ssl=1","width":528,"height":360,"mime_type":"image\/jpeg","source_url":"https:\/\/i0.wp.com\/eltrabajo.cl\/portal\/wp-content\/uploads\/2014\/12\/CERTIFICADO3.jpg?fit=528%2C360&ssl=1"}},"image_meta":{"aperture":0,"credit":"","camera":"","caption":"","created_timestamp":0,"copyright":"","focal_length":0,"iso":0,"shutter_speed":0,"title":"","orientation":0}},"post":53920,"source_url":"https:\/\/eltrabajo.cl\/portal\/wp-content\/uploads\/2014\/12\/CERTIFICADO3.jpg","_links":{"self":[{"href":"https:\/\/eltrabajo.cl\/portal\/wp-json\/wp\/v2\/media\/53923","targetHints":{"allow":["GET"]}}],"collection":[{"href":"https:\/\/eltrabajo.cl\/portal\/wp-json\/wp\/v2\/media"}],"about":[{"href":"https:\/\/eltrabajo.cl\/portal\/wp-json\/wp\/v2\/types\/attachment"}],"author":[{"embeddable":true,"href":"https:\/\/eltrabajo.cl\/portal\/wp-json\/wp\/v2\/users\/482"}],"replies":[{"embeddable":true,"href":"https:\/\/eltrabajo.cl\/portal\/wp-json\/wp\/v2\/comments?post=53923"}],"wp:attached-to":[{"embeddable":true,"post_type":"post","id":53920,"href":"https:\/\/eltrabajo.cl\/portal\/wp-json\/wp\/v2\/posts\/53920"}],"curies":[{"name":"wp","href":"https:\/\/api.w.org\/{rel}","templated":true}]}}

<p class="attachment"><a href="https://i0.wp.com/eltrabajo.cl/portal/wp-content/uploads/2014/12/CERTIFICADO3.jpg?ssl=1"><img loading="lazy" decoding="async" width="300" height="204" src="https://i0.wp.com/eltrabajo.cl/portal/wp-content/uploads/2014/12/CERTIFICADO3.jpg?fit=300%2C204&amp;ssl=1" class="attachment-medium size-medium" alt="La Escuela Sagrado Corazón también participó en esta jornada de trabajo biopsicosocial a favor de sus estudiantes." srcset="https://i0.wp.com/eltrabajo.cl/portal/wp-content/uploads/2014/12/CERTIFICADO3.jpg?w=528&amp;ssl=1 528w, https://i0.wp.com/eltrabajo.cl/portal/wp-content/uploads/2014/12/CERTIFICADO3.jpg?resize=200%2C136&amp;ssl=1 200w, https://i0.wp.com/eltrabajo.cl/portal/wp-content/uploads/2014/12/CERTIFICADO3.jpg?resize=300%2C204&amp;ssl=1 300w, https://i0.wp.com/eltrabajo.cl/portal/wp-content/uploads/2014/12/CERTIFICADO3.jpg?resize=150%2C102&amp;ssl=1 150w, https://i0.wp.com/eltrabajo.cl/portal/wp-content/uploads/2014/12/CERTIFICADO3.jpg?resize=400%2C272&amp;ssl=1 400w" sizes="auto, (max-width: 300px) 100vw, 300px" /></a></p>
<p>La Escuela Sagrado Corazón también participó en esta jornada de trabajo biopsicosocial a favor de sus estudiantes.</p>

<p>La Escuela Sagrado Corazón también participó en esta jornada de trabajo biopsicosocial a favor de sus estudiantes.</p>

La Escuela Sagrado Corazón también participó en esta jornada de trabajo biopsicosocial a favor de sus estudiantes.
