{"id":53983,"date":"2014-12-09T09:47:52","date_gmt":"2014-12-09T12:47:52","guid":{"rendered":"http:\/\/www.eltrabajo.cl\/portal\/wp-content\/uploads\/2014\/12\/Danza1.jpg"},"modified":"2014-12-09T09:48:11","modified_gmt":"2014-12-09T12:48:11","slug":"danza1-3","status":"inherit","type":"attachment","link":"https:\/\/eltrabajo.cl\/portal\/vecinos-villa-el-carmen-inician-trabajo-en-deporte-y-cultura-para-ninos\/danza1-3\/","title":{"rendered":"Danza1"},"author":482,"featured_media":0,"comment_status":"open","ping_status":"closed","template":"","meta":{"advanced_seo_description":"","jetpack_seo_html_title":"","jetpack_seo_noindex":false},"class_list":["post-53983","attachment","type-attachment","status-inherit","hentry"],"jetpack_sharing_enabled":true,"jetpack_likes_enabled":true,"description":{"rendered":"<p class=\"attachment\"><a href=\"https:\/\/i0.wp.com\/eltrabajo.cl\/portal\/wp-content\/uploads\/2014\/12\/Danza1.jpg?ssl=1\"><img loading=\"lazy\" decoding=\"async\" width=\"300\" height=\"225\" src=\"https:\/\/i0.wp.com\/eltrabajo.cl\/portal\/wp-content\/uploads\/2014\/12\/Danza1.jpg?fit=300%2C225&amp;ssl=1\" class=\"attachment-medium size-medium\" alt=\"Natalia Correa como profesora de danza, tambi\u00e9n present\u00f3 a sus mejores alumnas de esta disciplina art\u00edstica a los presentes.\" srcset=\"https:\/\/i0.wp.com\/eltrabajo.cl\/portal\/wp-content\/uploads\/2014\/12\/Danza1.jpg?w=528&amp;ssl=1 528w, https:\/\/i0.wp.com\/eltrabajo.cl\/portal\/wp-content\/uploads\/2014\/12\/Danza1.jpg?resize=200%2C150&amp;ssl=1 200w, https:\/\/i0.wp.com\/eltrabajo.cl\/portal\/wp-content\/uploads\/2014\/12\/Danza1.jpg?resize=300%2C225&amp;ssl=1 300w, https:\/\/i0.wp.com\/eltrabajo.cl\/portal\/wp-content\/uploads\/2014\/12\/Danza1.jpg?resize=150%2C112&amp;ssl=1 150w, https:\/\/i0.wp.com\/eltrabajo.cl\/portal\/wp-content\/uploads\/2014\/12\/Danza1.jpg?resize=400%2C300&amp;ssl=1 400w\" sizes=\"auto, (max-width: 300px) 100vw, 300px\" \/><\/a><\/p>\n<p>Natalia Correa como profesora de danza, tambi\u00e9n present\u00f3 a sus mejores alumnas de esta disciplina art\u00edstica a los presentes.<\/p>\n"},"caption":{"rendered":"<p>Natalia Correa como profesora de danza, tambi\u00e9n present\u00f3 a sus mejores alumnas de esta disciplina art\u00edstica a los presentes.<\/p>\n"},"alt_text":"Natalia Correa como profesora de danza, tambi\u00e9n present\u00f3 a sus mejores alumnas de esta disciplina art\u00edstica a los presentes.","media_type":"image","mime_type":"image\/jpeg","media_details":{"width":528,"height":397,"file":"2014\/12\/Danza1.jpg","sizes":{"thumbnail":{"file":"Danza1-200x150.jpg","width":200,"height":150,"mime_type":"image\/jpeg","source_url":"https:\/\/i0.wp.com\/eltrabajo.cl\/portal\/wp-content\/uploads\/2014\/12\/Danza1.jpg?fit=200%2C150&ssl=1"},"medium":{"file":"Danza1-300x225.jpg","width":300,"height":225,"mime_type":"image\/jpeg","source_url":"https:\/\/i0.wp.com\/eltrabajo.cl\/portal\/wp-content\/uploads\/2014\/12\/Danza1.jpg?fit=300%2C225&ssl=1"},"post-thumbnail":{"file":"Danza1-150x112.jpg","width":150,"height":112,"mime_type":"image\/jpeg","source_url":"https:\/\/i0.wp.com\/eltrabajo.cl\/portal\/wp-content\/uploads\/2014\/12\/Danza1.jpg?fit=150%2C112&ssl=1"},"single-post-thumbnail":{"file":"Danza1-400x300.jpg","width":400,"height":300,"mime_type":"image\/jpeg","source_url":"https:\/\/eltrabajo.cl\/portal\/wp-content\/uploads\/2014\/12\/Danza1-400x300.jpg"},"full":{"file":"Danza1.jpg?fit=528%2C397&ssl=1","width":528,"height":397,"mime_type":"image\/jpeg","source_url":"https:\/\/i0.wp.com\/eltrabajo.cl\/portal\/wp-content\/uploads\/2014\/12\/Danza1.jpg?fit=528%2C397&ssl=1"}},"image_meta":{"aperture":0,"credit":"","camera":"","caption":"","created_timestamp":0,"copyright":"","focal_length":0,"iso":0,"shutter_speed":0,"title":"","orientation":0}},"post":53980,"source_url":"https:\/\/eltrabajo.cl\/portal\/wp-content\/uploads\/2014\/12\/Danza1.jpg","_links":{"self":[{"href":"https:\/\/eltrabajo.cl\/portal\/wp-json\/wp\/v2\/media\/53983","targetHints":{"allow":["GET"]}}],"collection":[{"href":"https:\/\/eltrabajo.cl\/portal\/wp-json\/wp\/v2\/media"}],"about":[{"href":"https:\/\/eltrabajo.cl\/portal\/wp-json\/wp\/v2\/types\/attachment"}],"author":[{"embeddable":true,"href":"https:\/\/eltrabajo.cl\/portal\/wp-json\/wp\/v2\/users\/482"}],"replies":[{"embeddable":true,"href":"https:\/\/eltrabajo.cl\/portal\/wp-json\/wp\/v2\/comments?post=53983"}],"wp:attached-to":[{"embeddable":true,"post_type":"post","id":53980,"href":"https:\/\/eltrabajo.cl\/portal\/wp-json\/wp\/v2\/posts\/53980"}],"curies":[{"name":"wp","href":"https:\/\/api.w.org\/{rel}","templated":true}]}}

<p class="attachment"><a href="https://i0.wp.com/eltrabajo.cl/portal/wp-content/uploads/2014/12/Danza1.jpg?ssl=1"><img loading="lazy" decoding="async" width="300" height="225" src="https://i0.wp.com/eltrabajo.cl/portal/wp-content/uploads/2014/12/Danza1.jpg?fit=300%2C225&amp;ssl=1" class="attachment-medium size-medium" alt="Natalia Correa como profesora de danza, también presentó a sus mejores alumnas de esta disciplina artística a los presentes." srcset="https://i0.wp.com/eltrabajo.cl/portal/wp-content/uploads/2014/12/Danza1.jpg?w=528&amp;ssl=1 528w, https://i0.wp.com/eltrabajo.cl/portal/wp-content/uploads/2014/12/Danza1.jpg?resize=200%2C150&amp;ssl=1 200w, https://i0.wp.com/eltrabajo.cl/portal/wp-content/uploads/2014/12/Danza1.jpg?resize=300%2C225&amp;ssl=1 300w, https://i0.wp.com/eltrabajo.cl/portal/wp-content/uploads/2014/12/Danza1.jpg?resize=150%2C112&amp;ssl=1 150w, https://i0.wp.com/eltrabajo.cl/portal/wp-content/uploads/2014/12/Danza1.jpg?resize=400%2C300&amp;ssl=1 400w" sizes="auto, (max-width: 300px) 100vw, 300px" /></a></p>
<p>Natalia Correa como profesora de danza, también presentó a sus mejores alumnas de esta disciplina artística a los presentes.</p>

<p>Natalia Correa como profesora de danza, también presentó a sus mejores alumnas de esta disciplina artística a los presentes.</p>

Natalia Correa como profesora de danza, también presentó a sus mejores alumnas de esta disciplina artística a los presentes.
