{"id":54042,"date":"2014-12-10T08:47:25","date_gmt":"2014-12-10T11:47:25","guid":{"rendered":"http:\/\/www.eltrabajo.cl\/portal\/wp-content\/uploads\/2014\/12\/cuerpo-homicidio1.jpg"},"modified":"2014-12-10T08:47:36","modified_gmt":"2014-12-10T11:47:36","slug":"cuerpo-homicidio-2","status":"inherit","type":"attachment","link":"https:\/\/eltrabajo.cl\/portal\/ricardito-confeso-muerte-del-churruca-y-quedo-tras-las-rejas\/cuerpo-homicidio-2\/","title":{"rendered":"cuerpo homicidio"},"author":482,"featured_media":0,"comment_status":"open","ping_status":"closed","template":"","meta":{"advanced_seo_description":"","jetpack_seo_html_title":"","jetpack_seo_noindex":false},"class_list":["post-54042","attachment","type-attachment","status-inherit","hentry"],"jetpack_sharing_enabled":true,"jetpack_likes_enabled":true,"description":{"rendered":"<p class=\"attachment\"><a href=\"https:\/\/i0.wp.com\/eltrabajo.cl\/portal\/wp-content\/uploads\/2014\/12\/cuerpo-homicidio1.jpg?ssl=1\"><img loading=\"lazy\" decoding=\"async\" width=\"225\" height=\"300\" src=\"https:\/\/i0.wp.com\/eltrabajo.cl\/portal\/wp-content\/uploads\/2014\/12\/cuerpo-homicidio1.jpg?fit=225%2C300&amp;ssl=1\" class=\"attachment-medium size-medium\" alt=\"Hugo Carvajal Rocha falleci\u00f3 v\u00edctima de un certero disparo en el t\u00f3rax el pasado domingo cerca de las 21:00 horas en Villa Los \u00c1lamos de San Felipe.\" srcset=\"https:\/\/i0.wp.com\/eltrabajo.cl\/portal\/wp-content\/uploads\/2014\/12\/cuerpo-homicidio1.jpg?w=529&amp;ssl=1 529w, https:\/\/i0.wp.com\/eltrabajo.cl\/portal\/wp-content\/uploads\/2014\/12\/cuerpo-homicidio1.jpg?resize=112%2C150&amp;ssl=1 112w, https:\/\/i0.wp.com\/eltrabajo.cl\/portal\/wp-content\/uploads\/2014\/12\/cuerpo-homicidio1.jpg?resize=225%2C300&amp;ssl=1 225w, https:\/\/i0.wp.com\/eltrabajo.cl\/portal\/wp-content\/uploads\/2014\/12\/cuerpo-homicidio1.jpg?resize=400%2C533&amp;ssl=1 400w\" sizes=\"auto, (max-width: 225px) 100vw, 225px\" \/><\/a><\/p>\n<p>Hugo Carvajal Rocha falleci\u00f3 v\u00edctima de un certero disparo en el t\u00f3rax el pasado domingo cerca de las 21:00 horas en Villa Los \u00c1lamos de San Felipe.<\/p>\n"},"caption":{"rendered":"<p>Hugo Carvajal Rocha falleci\u00f3 v\u00edctima de un certero disparo en el t\u00f3rax el pasado domingo cerca de las 21:00 horas en Villa Los \u00c1lamos de San Felipe.<\/p>\n"},"alt_text":"Hugo Carvajal Rocha falleci\u00f3 v\u00edctima de un certero disparo en el t\u00f3rax el pasado domingo cerca de las 21:00 horas en Villa Los \u00c1lamos de San Felipe.","media_type":"image","mime_type":"image\/jpeg","media_details":{"width":529,"height":705,"file":"2014\/12\/cuerpo-homicidio1.jpg","sizes":{"thumbnail":{"file":"cuerpo-homicidio1-112x150.jpg","width":112,"height":150,"mime_type":"image\/jpeg","source_url":"https:\/\/i0.wp.com\/eltrabajo.cl\/portal\/wp-content\/uploads\/2014\/12\/cuerpo-homicidio1.jpg?fit=112%2C150&ssl=1"},"medium":{"file":"cuerpo-homicidio1-225x300.jpg","width":225,"height":300,"mime_type":"image\/jpeg","source_url":"https:\/\/i0.wp.com\/eltrabajo.cl\/portal\/wp-content\/uploads\/2014\/12\/cuerpo-homicidio1.jpg?fit=225%2C300&ssl=1"},"post-thumbnail":{"file":"cuerpo-homicidio1-112x150.jpg","width":112,"height":150,"mime_type":"image\/jpeg","source_url":"https:\/\/i0.wp.com\/eltrabajo.cl\/portal\/wp-content\/uploads\/2014\/12\/cuerpo-homicidio1.jpg?fit=112%2C150&ssl=1"},"single-post-thumbnail":{"file":"cuerpo-homicidio1-400x533.jpg","width":400,"height":533,"mime_type":"image\/jpeg","source_url":"https:\/\/eltrabajo.cl\/portal\/wp-content\/uploads\/2014\/12\/cuerpo-homicidio1-400x533.jpg"},"full":{"file":"cuerpo-homicidio1.jpg?fit=529%2C705&ssl=1","width":529,"height":705,"mime_type":"image\/jpeg","source_url":"https:\/\/i0.wp.com\/eltrabajo.cl\/portal\/wp-content\/uploads\/2014\/12\/cuerpo-homicidio1.jpg?fit=529%2C705&ssl=1"}},"image_meta":{"aperture":0,"credit":"Picasa","camera":"","caption":"","created_timestamp":0,"copyright":"","focal_length":0,"iso":0,"shutter_speed":0,"title":"","orientation":0}},"post":54040,"source_url":"https:\/\/eltrabajo.cl\/portal\/wp-content\/uploads\/2014\/12\/cuerpo-homicidio1.jpg","_links":{"self":[{"href":"https:\/\/eltrabajo.cl\/portal\/wp-json\/wp\/v2\/media\/54042","targetHints":{"allow":["GET"]}}],"collection":[{"href":"https:\/\/eltrabajo.cl\/portal\/wp-json\/wp\/v2\/media"}],"about":[{"href":"https:\/\/eltrabajo.cl\/portal\/wp-json\/wp\/v2\/types\/attachment"}],"author":[{"embeddable":true,"href":"https:\/\/eltrabajo.cl\/portal\/wp-json\/wp\/v2\/users\/482"}],"replies":[{"embeddable":true,"href":"https:\/\/eltrabajo.cl\/portal\/wp-json\/wp\/v2\/comments?post=54042"}],"wp:attached-to":[{"embeddable":true,"post_type":"post","id":54040,"href":"https:\/\/eltrabajo.cl\/portal\/wp-json\/wp\/v2\/posts\/54040"}],"curies":[{"name":"wp","href":"https:\/\/api.w.org\/{rel}","templated":true}]}}

<p class="attachment"><a href="https://i0.wp.com/eltrabajo.cl/portal/wp-content/uploads/2014/12/cuerpo-homicidio1.jpg?ssl=1"><img loading="lazy" decoding="async" width="225" height="300" src="https://i0.wp.com/eltrabajo.cl/portal/wp-content/uploads/2014/12/cuerpo-homicidio1.jpg?fit=225%2C300&amp;ssl=1" class="attachment-medium size-medium" alt="Hugo Carvajal Rocha falleció víctima de un certero disparo en el tórax el pasado domingo cerca de las 21:00 horas en Villa Los Álamos de San Felipe." srcset="https://i0.wp.com/eltrabajo.cl/portal/wp-content/uploads/2014/12/cuerpo-homicidio1.jpg?w=529&amp;ssl=1 529w, https://i0.wp.com/eltrabajo.cl/portal/wp-content/uploads/2014/12/cuerpo-homicidio1.jpg?resize=112%2C150&amp;ssl=1 112w, https://i0.wp.com/eltrabajo.cl/portal/wp-content/uploads/2014/12/cuerpo-homicidio1.jpg?resize=225%2C300&amp;ssl=1 225w, https://i0.wp.com/eltrabajo.cl/portal/wp-content/uploads/2014/12/cuerpo-homicidio1.jpg?resize=400%2C533&amp;ssl=1 400w" sizes="auto, (max-width: 225px) 100vw, 225px" /></a></p>
<p>Hugo Carvajal Rocha falleció víctima de un certero disparo en el tórax el pasado domingo cerca de las 21:00 horas en Villa Los Álamos de San Felipe.</p>

<p>Hugo Carvajal Rocha falleció víctima de un certero disparo en el tórax el pasado domingo cerca de las 21:00 horas en Villa Los Álamos de San Felipe.</p>

Hugo Carvajal Rocha falleció víctima de un certero disparo en el tórax el pasado domingo cerca de las 21:00 horas en Villa Los Álamos de San Felipe.
