{"id":54045,"date":"2014-12-10T08:47:32","date_gmt":"2014-12-10T11:47:32","guid":{"rendered":"http:\/\/www.eltrabajo.cl\/portal\/wp-content\/uploads\/2014\/12\/Ricardito-Tribunal.jpg"},"modified":"2014-12-10T08:48:07","modified_gmt":"2014-12-10T11:48:07","slug":"ricardito-tribunal","status":"inherit","type":"attachment","link":"https:\/\/eltrabajo.cl\/portal\/ricardito-confeso-muerte-del-churruca-y-quedo-tras-las-rejas\/ricardito-tribunal\/","title":{"rendered":"Ricardito Tribunal"},"author":482,"featured_media":0,"comment_status":"open","ping_status":"closed","template":"","meta":{"advanced_seo_description":"","jetpack_seo_html_title":"","jetpack_seo_noindex":false},"class_list":["post-54045","attachment","type-attachment","status-inherit","hentry"],"jetpack_sharing_enabled":true,"jetpack_likes_enabled":true,"description":{"rendered":"<p class=\"attachment\"><a href=\"https:\/\/i0.wp.com\/eltrabajo.cl\/portal\/wp-content\/uploads\/2014\/12\/Ricardito-Tribunal.jpg?ssl=1\"><img loading=\"lazy\" decoding=\"async\" width=\"300\" height=\"222\" src=\"https:\/\/i0.wp.com\/eltrabajo.cl\/portal\/wp-content\/uploads\/2014\/12\/Ricardito-Tribunal.jpg?fit=300%2C222&amp;ssl=1\" class=\"attachment-medium size-medium\" alt=\"Ricardo Cataldo Mu\u00f1oz ingres\u00f3 hasta la sala del Juzgado de Garant\u00eda de San Felipe para ser formalizado por la Fiscal\u00eda.\" srcset=\"https:\/\/i0.wp.com\/eltrabajo.cl\/portal\/wp-content\/uploads\/2014\/12\/Ricardito-Tribunal.jpg?w=528&amp;ssl=1 528w, https:\/\/i0.wp.com\/eltrabajo.cl\/portal\/wp-content\/uploads\/2014\/12\/Ricardito-Tribunal.jpg?resize=200%2C148&amp;ssl=1 200w, https:\/\/i0.wp.com\/eltrabajo.cl\/portal\/wp-content\/uploads\/2014\/12\/Ricardito-Tribunal.jpg?resize=300%2C222&amp;ssl=1 300w, https:\/\/i0.wp.com\/eltrabajo.cl\/portal\/wp-content\/uploads\/2014\/12\/Ricardito-Tribunal.jpg?resize=150%2C111&amp;ssl=1 150w, https:\/\/i0.wp.com\/eltrabajo.cl\/portal\/wp-content\/uploads\/2014\/12\/Ricardito-Tribunal.jpg?resize=400%2C296&amp;ssl=1 400w\" sizes=\"auto, (max-width: 300px) 100vw, 300px\" \/><\/a><\/p>\n<p>Ricardo Cataldo Mu\u00f1oz ingres\u00f3 hasta la sala del Juzgado de  Garant\u00eda de San Felipe para ser formalizado por la Fiscal\u00eda.<\/p>\n"},"caption":{"rendered":"<p>Ricardo Cataldo Mu\u00f1oz ingres\u00f3 hasta la sala del Juzgado de  Garant\u00eda de San Felipe para ser formalizado por la Fiscal\u00eda.<\/p>\n"},"alt_text":"Ricardo Cataldo Mu\u00f1oz ingres\u00f3 hasta la sala del Juzgado de Garant\u00eda de San Felipe para ser formalizado por la Fiscal\u00eda.","media_type":"image","mime_type":"image\/jpeg","media_details":{"width":528,"height":392,"file":"2014\/12\/Ricardito-Tribunal.jpg","sizes":{"thumbnail":{"file":"Ricardito-Tribunal-200x148.jpg","width":200,"height":148,"mime_type":"image\/jpeg","source_url":"https:\/\/i0.wp.com\/eltrabajo.cl\/portal\/wp-content\/uploads\/2014\/12\/Ricardito-Tribunal.jpg?fit=200%2C148&ssl=1"},"medium":{"file":"Ricardito-Tribunal-300x222.jpg","width":300,"height":222,"mime_type":"image\/jpeg","source_url":"https:\/\/i0.wp.com\/eltrabajo.cl\/portal\/wp-content\/uploads\/2014\/12\/Ricardito-Tribunal.jpg?fit=300%2C222&ssl=1"},"post-thumbnail":{"file":"Ricardito-Tribunal-150x111.jpg","width":150,"height":111,"mime_type":"image\/jpeg","source_url":"https:\/\/i0.wp.com\/eltrabajo.cl\/portal\/wp-content\/uploads\/2014\/12\/Ricardito-Tribunal.jpg?fit=150%2C111&ssl=1"},"single-post-thumbnail":{"file":"Ricardito-Tribunal-400x296.jpg","width":400,"height":296,"mime_type":"image\/jpeg","source_url":"https:\/\/eltrabajo.cl\/portal\/wp-content\/uploads\/2014\/12\/Ricardito-Tribunal-400x296.jpg"},"full":{"file":"Ricardito-Tribunal.jpg?fit=528%2C392&ssl=1","width":528,"height":392,"mime_type":"image\/jpeg","source_url":"https:\/\/i0.wp.com\/eltrabajo.cl\/portal\/wp-content\/uploads\/2014\/12\/Ricardito-Tribunal.jpg?fit=528%2C392&ssl=1"}},"image_meta":{"aperture":0,"credit":"","camera":"","caption":"","created_timestamp":0,"copyright":"","focal_length":0,"iso":0,"shutter_speed":0,"title":"","orientation":0}},"post":54040,"source_url":"https:\/\/eltrabajo.cl\/portal\/wp-content\/uploads\/2014\/12\/Ricardito-Tribunal.jpg","_links":{"self":[{"href":"https:\/\/eltrabajo.cl\/portal\/wp-json\/wp\/v2\/media\/54045","targetHints":{"allow":["GET"]}}],"collection":[{"href":"https:\/\/eltrabajo.cl\/portal\/wp-json\/wp\/v2\/media"}],"about":[{"href":"https:\/\/eltrabajo.cl\/portal\/wp-json\/wp\/v2\/types\/attachment"}],"author":[{"embeddable":true,"href":"https:\/\/eltrabajo.cl\/portal\/wp-json\/wp\/v2\/users\/482"}],"replies":[{"embeddable":true,"href":"https:\/\/eltrabajo.cl\/portal\/wp-json\/wp\/v2\/comments?post=54045"}],"wp:attached-to":[{"embeddable":true,"post_type":"post","id":54040,"href":"https:\/\/eltrabajo.cl\/portal\/wp-json\/wp\/v2\/posts\/54040"}],"curies":[{"name":"wp","href":"https:\/\/api.w.org\/{rel}","templated":true}]}}

<p class="attachment"><a href="https://i0.wp.com/eltrabajo.cl/portal/wp-content/uploads/2014/12/Ricardito-Tribunal.jpg?ssl=1"><img loading="lazy" decoding="async" width="300" height="222" src="https://i0.wp.com/eltrabajo.cl/portal/wp-content/uploads/2014/12/Ricardito-Tribunal.jpg?fit=300%2C222&amp;ssl=1" class="attachment-medium size-medium" alt="Ricardo Cataldo Muñoz ingresó hasta la sala del Juzgado de Garantía de San Felipe para ser formalizado por la Fiscalía." srcset="https://i0.wp.com/eltrabajo.cl/portal/wp-content/uploads/2014/12/Ricardito-Tribunal.jpg?w=528&amp;ssl=1 528w, https://i0.wp.com/eltrabajo.cl/portal/wp-content/uploads/2014/12/Ricardito-Tribunal.jpg?resize=200%2C148&amp;ssl=1 200w, https://i0.wp.com/eltrabajo.cl/portal/wp-content/uploads/2014/12/Ricardito-Tribunal.jpg?resize=300%2C222&amp;ssl=1 300w, https://i0.wp.com/eltrabajo.cl/portal/wp-content/uploads/2014/12/Ricardito-Tribunal.jpg?resize=150%2C111&amp;ssl=1 150w, https://i0.wp.com/eltrabajo.cl/portal/wp-content/uploads/2014/12/Ricardito-Tribunal.jpg?resize=400%2C296&amp;ssl=1 400w" sizes="auto, (max-width: 300px) 100vw, 300px" /></a></p>
<p>Ricardo Cataldo Muñoz ingresó hasta la sala del Juzgado de  Garantía de San Felipe para ser formalizado por la Fiscalía.</p>

<p>Ricardo Cataldo Muñoz ingresó hasta la sala del Juzgado de  Garantía de San Felipe para ser formalizado por la Fiscalía.</p>

Ricardo Cataldo Muñoz ingresó hasta la sala del Juzgado de Garantía de San Felipe para ser formalizado por la Fiscalía.
