{"id":54118,"date":"2014-12-12T09:17:54","date_gmt":"2014-12-12T12:17:54","guid":{"rendered":"http:\/\/www.eltrabajo.cl\/portal\/wp-content\/uploads\/2014\/12\/Sara-Sanchez.jpg"},"modified":"2014-12-12T09:19:27","modified_gmt":"2014-12-12T12:19:27","slug":"sara-sanchez","status":"inherit","type":"attachment","link":"https:\/\/eltrabajo.cl\/portal\/el-chupacabras-ataca-de-nuevo-y-acaba-con-15-gallinas\/sara-sanchez\/","title":{"rendered":"Sara Sanchez"},"author":482,"featured_media":0,"comment_status":"open","ping_status":"closed","template":"","meta":{"advanced_seo_description":"","jetpack_seo_html_title":"","jetpack_seo_noindex":false},"class_list":["post-54118","attachment","type-attachment","status-inherit","hentry"],"jetpack_sharing_enabled":true,"jetpack_likes_enabled":true,"description":{"rendered":"<p class=\"attachment\"><a href=\"https:\/\/i0.wp.com\/eltrabajo.cl\/portal\/wp-content\/uploads\/2014\/12\/Sara-Sanchez.jpg?ssl=1\"><img loading=\"lazy\" decoding=\"async\" width=\"297\" height=\"300\" src=\"https:\/\/i0.wp.com\/eltrabajo.cl\/portal\/wp-content\/uploads\/2014\/12\/Sara-Sanchez.jpg?fit=297%2C300&amp;ssl=1\" class=\"attachment-medium size-medium\" alt=\"Sara S\u00e1nchez, vecina de San Jos\u00e9 32 y due\u00f1a de las gallinas muertas.\" srcset=\"https:\/\/i0.wp.com\/eltrabajo.cl\/portal\/wp-content\/uploads\/2014\/12\/Sara-Sanchez.jpg?w=529&amp;ssl=1 529w, https:\/\/i0.wp.com\/eltrabajo.cl\/portal\/wp-content\/uploads\/2014\/12\/Sara-Sanchez.jpg?resize=148%2C150&amp;ssl=1 148w, https:\/\/i0.wp.com\/eltrabajo.cl\/portal\/wp-content\/uploads\/2014\/12\/Sara-Sanchez.jpg?resize=297%2C300&amp;ssl=1 297w, https:\/\/i0.wp.com\/eltrabajo.cl\/portal\/wp-content\/uploads\/2014\/12\/Sara-Sanchez.jpg?resize=400%2C403&amp;ssl=1 400w\" sizes=\"auto, (max-width: 297px) 100vw, 297px\" \/><\/a><\/p>\n<p>Sara S\u00e1nchez, vecina de San Jos\u00e9 32 y due\u00f1a de las gallinas muertas.<\/p>\n"},"caption":{"rendered":"<p>Sara S\u00e1nchez, vecina de San Jos\u00e9 32 y due\u00f1a de las gallinas muertas.<\/p>\n"},"alt_text":"Sara S\u00e1nchez, vecina de San Jos\u00e9 32 y due\u00f1a de las gallinas muertas.","media_type":"image","mime_type":"image\/jpeg","media_details":{"width":529,"height":533,"file":"2014\/12\/Sara-Sanchez.jpg","sizes":{"thumbnail":{"file":"Sara-Sanchez-148x150.jpg","width":148,"height":150,"mime_type":"image\/jpeg","source_url":"https:\/\/i0.wp.com\/eltrabajo.cl\/portal\/wp-content\/uploads\/2014\/12\/Sara-Sanchez.jpg?fit=148%2C150&ssl=1"},"medium":{"file":"Sara-Sanchez-297x300.jpg","width":297,"height":300,"mime_type":"image\/jpeg","source_url":"https:\/\/i0.wp.com\/eltrabajo.cl\/portal\/wp-content\/uploads\/2014\/12\/Sara-Sanchez.jpg?fit=297%2C300&ssl=1"},"post-thumbnail":{"file":"Sara-Sanchez-148x150.jpg","width":148,"height":150,"mime_type":"image\/jpeg","source_url":"https:\/\/i0.wp.com\/eltrabajo.cl\/portal\/wp-content\/uploads\/2014\/12\/Sara-Sanchez.jpg?fit=148%2C150&ssl=1"},"single-post-thumbnail":{"file":"Sara-Sanchez-400x403.jpg","width":400,"height":403,"mime_type":"image\/jpeg","source_url":"https:\/\/eltrabajo.cl\/portal\/wp-content\/uploads\/2014\/12\/Sara-Sanchez-400x403.jpg"},"full":{"file":"Sara-Sanchez.jpg?fit=529%2C533&ssl=1","width":529,"height":533,"mime_type":"image\/jpeg","source_url":"https:\/\/i0.wp.com\/eltrabajo.cl\/portal\/wp-content\/uploads\/2014\/12\/Sara-Sanchez.jpg?fit=529%2C533&ssl=1"}},"image_meta":{"aperture":0,"credit":"","camera":"","caption":"","created_timestamp":0,"copyright":"","focal_length":0,"iso":0,"shutter_speed":0,"title":"","orientation":0}},"post":54113,"source_url":"https:\/\/eltrabajo.cl\/portal\/wp-content\/uploads\/2014\/12\/Sara-Sanchez.jpg","_links":{"self":[{"href":"https:\/\/eltrabajo.cl\/portal\/wp-json\/wp\/v2\/media\/54118","targetHints":{"allow":["GET"]}}],"collection":[{"href":"https:\/\/eltrabajo.cl\/portal\/wp-json\/wp\/v2\/media"}],"about":[{"href":"https:\/\/eltrabajo.cl\/portal\/wp-json\/wp\/v2\/types\/attachment"}],"author":[{"embeddable":true,"href":"https:\/\/eltrabajo.cl\/portal\/wp-json\/wp\/v2\/users\/482"}],"replies":[{"embeddable":true,"href":"https:\/\/eltrabajo.cl\/portal\/wp-json\/wp\/v2\/comments?post=54118"}],"wp:attached-to":[{"embeddable":true,"post_type":"post","id":54113,"href":"https:\/\/eltrabajo.cl\/portal\/wp-json\/wp\/v2\/posts\/54113"}],"curies":[{"name":"wp","href":"https:\/\/api.w.org\/{rel}","templated":true}]}}

<p class="attachment"><a href="https://i0.wp.com/eltrabajo.cl/portal/wp-content/uploads/2014/12/Sara-Sanchez.jpg?ssl=1"><img loading="lazy" decoding="async" width="297" height="300" src="https://i0.wp.com/eltrabajo.cl/portal/wp-content/uploads/2014/12/Sara-Sanchez.jpg?fit=297%2C300&amp;ssl=1" class="attachment-medium size-medium" alt="Sara Sánchez, vecina de San José 32 y dueña de las gallinas muertas." srcset="https://i0.wp.com/eltrabajo.cl/portal/wp-content/uploads/2014/12/Sara-Sanchez.jpg?w=529&amp;ssl=1 529w, https://i0.wp.com/eltrabajo.cl/portal/wp-content/uploads/2014/12/Sara-Sanchez.jpg?resize=148%2C150&amp;ssl=1 148w, https://i0.wp.com/eltrabajo.cl/portal/wp-content/uploads/2014/12/Sara-Sanchez.jpg?resize=297%2C300&amp;ssl=1 297w, https://i0.wp.com/eltrabajo.cl/portal/wp-content/uploads/2014/12/Sara-Sanchez.jpg?resize=400%2C403&amp;ssl=1 400w" sizes="auto, (max-width: 297px) 100vw, 297px" /></a></p>
<p>Sara Sánchez, vecina de San José 32 y dueña de las gallinas muertas.</p>

<p>Sara Sánchez, vecina de San José 32 y dueña de las gallinas muertas.</p>

Sara Sánchez, vecina de San José 32 y dueña de las gallinas muertas.
