{"id":54166,"date":"2014-12-15T09:59:47","date_gmt":"2014-12-15T12:59:47","guid":{"rendered":"http:\/\/www.eltrabajo.cl\/portal\/wp-content\/uploads\/2014\/12\/Navidad11.jpg"},"modified":"2014-12-15T10:00:02","modified_gmt":"2014-12-15T13:00:02","slug":"navidad1-5","status":"inherit","type":"attachment","link":"https:\/\/eltrabajo.cl\/portal\/miles-de-vecinos-disfrutaron-iluminacion-navidena-en-la-plaza-de-armas\/navidad1-5\/","title":{"rendered":"Navidad1"},"author":482,"featured_media":0,"comment_status":"open","ping_status":"closed","template":"","meta":{"advanced_seo_description":"","jetpack_seo_html_title":"","jetpack_seo_noindex":false},"class_list":["post-54166","attachment","type-attachment","status-inherit","hentry"],"jetpack_sharing_enabled":true,"jetpack_likes_enabled":true,"description":{"rendered":"<p class=\"attachment\"><a href=\"https:\/\/i0.wp.com\/eltrabajo.cl\/portal\/wp-content\/uploads\/2014\/12\/Navidad11.jpg?ssl=1\"><img loading=\"lazy\" decoding=\"async\" width=\"300\" height=\"204\" src=\"https:\/\/i0.wp.com\/eltrabajo.cl\/portal\/wp-content\/uploads\/2014\/12\/Navidad11.jpg?fit=300%2C204&amp;ssl=1\" class=\"attachment-medium size-medium\" alt=\"Una fiesta familiar fue la que se vivi\u00f3 el viernes reci\u00e9n pasado, donde los protagonistas fueron los ni\u00f1os de la comuna, cuando la municipalidad inaugur\u00f3 la iluminaci\u00f3n navide\u00f1a en la Plaza de Armas de San Felipe.\" srcset=\"https:\/\/i0.wp.com\/eltrabajo.cl\/portal\/wp-content\/uploads\/2014\/12\/Navidad11.jpg?w=528&amp;ssl=1 528w, https:\/\/i0.wp.com\/eltrabajo.cl\/portal\/wp-content\/uploads\/2014\/12\/Navidad11.jpg?resize=200%2C136&amp;ssl=1 200w, https:\/\/i0.wp.com\/eltrabajo.cl\/portal\/wp-content\/uploads\/2014\/12\/Navidad11.jpg?resize=300%2C204&amp;ssl=1 300w, https:\/\/i0.wp.com\/eltrabajo.cl\/portal\/wp-content\/uploads\/2014\/12\/Navidad11.jpg?resize=150%2C102&amp;ssl=1 150w, https:\/\/i0.wp.com\/eltrabajo.cl\/portal\/wp-content\/uploads\/2014\/12\/Navidad11.jpg?resize=400%2C272&amp;ssl=1 400w\" sizes=\"auto, (max-width: 300px) 100vw, 300px\" \/><\/a><\/p>\n<p>Una fiesta familiar fue la que se vivi\u00f3 el viernes reci\u00e9n pasado, donde los protagonistas fueron los ni\u00f1os de la comuna, cuando la municipalidad inaugur\u00f3 la iluminaci\u00f3n navide\u00f1a en la Plaza de Armas de San Felipe.<\/p>\n"},"caption":{"rendered":"<p>Una fiesta familiar fue la que se vivi\u00f3 el viernes reci\u00e9n pasado, donde los protagonistas fueron los ni\u00f1os de la comuna, cuando la municipalidad inaugur\u00f3 la iluminaci\u00f3n navide\u00f1a en la Plaza de Armas de San Felipe.<\/p>\n"},"alt_text":"Una fiesta familiar fue la que se vivi\u00f3 el viernes reci\u00e9n pasado, donde los protagonistas fueron los ni\u00f1os de la comuna, cuando la municipalidad inaugur\u00f3 la iluminaci\u00f3n navide\u00f1a en la Plaza de Armas de San Felipe.","media_type":"image","mime_type":"image\/jpeg","media_details":{"width":528,"height":360,"file":"2014\/12\/Navidad11.jpg","sizes":{"thumbnail":{"file":"Navidad11-200x136.jpg","width":200,"height":136,"mime_type":"image\/jpeg","source_url":"https:\/\/i0.wp.com\/eltrabajo.cl\/portal\/wp-content\/uploads\/2014\/12\/Navidad11.jpg?fit=200%2C136&ssl=1"},"medium":{"file":"Navidad11-300x204.jpg","width":300,"height":204,"mime_type":"image\/jpeg","source_url":"https:\/\/i0.wp.com\/eltrabajo.cl\/portal\/wp-content\/uploads\/2014\/12\/Navidad11.jpg?fit=300%2C204&ssl=1"},"post-thumbnail":{"file":"Navidad11-150x102.jpg","width":150,"height":102,"mime_type":"image\/jpeg","source_url":"https:\/\/i0.wp.com\/eltrabajo.cl\/portal\/wp-content\/uploads\/2014\/12\/Navidad11.jpg?fit=150%2C102&ssl=1"},"single-post-thumbnail":{"file":"Navidad11-400x272.jpg","width":400,"height":272,"mime_type":"image\/jpeg","source_url":"https:\/\/eltrabajo.cl\/portal\/wp-content\/uploads\/2014\/12\/Navidad11-400x272.jpg"},"full":{"file":"Navidad11.jpg?fit=528%2C360&ssl=1","width":528,"height":360,"mime_type":"image\/jpeg","source_url":"https:\/\/i0.wp.com\/eltrabajo.cl\/portal\/wp-content\/uploads\/2014\/12\/Navidad11.jpg?fit=528%2C360&ssl=1"}},"image_meta":{"aperture":0,"credit":"","camera":"","caption":"","created_timestamp":0,"copyright":"","focal_length":0,"iso":0,"shutter_speed":0,"title":"","orientation":0}},"post":54164,"source_url":"https:\/\/eltrabajo.cl\/portal\/wp-content\/uploads\/2014\/12\/Navidad11.jpg","_links":{"self":[{"href":"https:\/\/eltrabajo.cl\/portal\/wp-json\/wp\/v2\/media\/54166","targetHints":{"allow":["GET"]}}],"collection":[{"href":"https:\/\/eltrabajo.cl\/portal\/wp-json\/wp\/v2\/media"}],"about":[{"href":"https:\/\/eltrabajo.cl\/portal\/wp-json\/wp\/v2\/types\/attachment"}],"author":[{"embeddable":true,"href":"https:\/\/eltrabajo.cl\/portal\/wp-json\/wp\/v2\/users\/482"}],"replies":[{"embeddable":true,"href":"https:\/\/eltrabajo.cl\/portal\/wp-json\/wp\/v2\/comments?post=54166"}],"wp:attached-to":[{"embeddable":true,"post_type":"post","id":54164,"href":"https:\/\/eltrabajo.cl\/portal\/wp-json\/wp\/v2\/posts\/54164"}],"curies":[{"name":"wp","href":"https:\/\/api.w.org\/{rel}","templated":true}]}}

<p class="attachment"><a href="https://i0.wp.com/eltrabajo.cl/portal/wp-content/uploads/2014/12/Navidad11.jpg?ssl=1"><img loading="lazy" decoding="async" width="300" height="204" src="https://i0.wp.com/eltrabajo.cl/portal/wp-content/uploads/2014/12/Navidad11.jpg?fit=300%2C204&amp;ssl=1" class="attachment-medium size-medium" alt="Una fiesta familiar fue la que se vivió el viernes recién pasado, donde los protagonistas fueron los niños de la comuna, cuando la municipalidad inauguró la iluminación navideña en la Plaza de Armas de San Felipe." srcset="https://i0.wp.com/eltrabajo.cl/portal/wp-content/uploads/2014/12/Navidad11.jpg?w=528&amp;ssl=1 528w, https://i0.wp.com/eltrabajo.cl/portal/wp-content/uploads/2014/12/Navidad11.jpg?resize=200%2C136&amp;ssl=1 200w, https://i0.wp.com/eltrabajo.cl/portal/wp-content/uploads/2014/12/Navidad11.jpg?resize=300%2C204&amp;ssl=1 300w, https://i0.wp.com/eltrabajo.cl/portal/wp-content/uploads/2014/12/Navidad11.jpg?resize=150%2C102&amp;ssl=1 150w, https://i0.wp.com/eltrabajo.cl/portal/wp-content/uploads/2014/12/Navidad11.jpg?resize=400%2C272&amp;ssl=1 400w" sizes="auto, (max-width: 300px) 100vw, 300px" /></a></p>
<p>Una fiesta familiar fue la que se vivió el viernes recién pasado, donde los protagonistas fueron los niños de la comuna, cuando la municipalidad inauguró la iluminación navideña en la Plaza de Armas de San Felipe.</p>

<p>Una fiesta familiar fue la que se vivió el viernes recién pasado, donde los protagonistas fueron los niños de la comuna, cuando la municipalidad inauguró la iluminación navideña en la Plaza de Armas de San Felipe.</p>

Una fiesta familiar fue la que se vivió el viernes recién pasado, donde los protagonistas fueron los niños de la comuna, cuando la municipalidad inauguró la iluminación navideña en la Plaza de Armas de San Felipe.
