{"id":54168,"date":"2014-12-15T09:59:49","date_gmt":"2014-12-15T12:59:49","guid":{"rendered":"http:\/\/www.eltrabajo.cl\/portal\/wp-content\/uploads\/2014\/12\/Navidad4.jpg"},"modified":"2014-12-15T10:00:18","modified_gmt":"2014-12-15T13:00:18","slug":"navidad4","status":"inherit","type":"attachment","link":"https:\/\/eltrabajo.cl\/portal\/miles-de-vecinos-disfrutaron-iluminacion-navidena-en-la-plaza-de-armas\/navidad4\/","title":{"rendered":"Navidad4"},"author":482,"featured_media":0,"comment_status":"open","ping_status":"closed","template":"","meta":{"advanced_seo_description":"","jetpack_seo_html_title":"","jetpack_seo_noindex":false},"class_list":["post-54168","attachment","type-attachment","status-inherit","hentry"],"jetpack_sharing_enabled":true,"jetpack_likes_enabled":true,"description":{"rendered":"<p class=\"attachment\"><a href=\"https:\/\/i0.wp.com\/eltrabajo.cl\/portal\/wp-content\/uploads\/2014\/12\/Navidad4.jpg?ssl=1\"><img loading=\"lazy\" decoding=\"async\" width=\"300\" height=\"227\" src=\"https:\/\/i0.wp.com\/eltrabajo.cl\/portal\/wp-content\/uploads\/2014\/12\/Navidad4.jpg?fit=300%2C227&amp;ssl=1\" class=\"attachment-medium size-medium\" alt=\"Alrededor de 10.000 vecinos llegaron ese d\u00eda a disfrutar de las distintas actividades que el municipio, a trav\u00e9s del Departamento de Cultura ten\u00eda preparadas para los m\u00e1s peque\u00f1os de la casa.\" srcset=\"https:\/\/i0.wp.com\/eltrabajo.cl\/portal\/wp-content\/uploads\/2014\/12\/Navidad4.jpg?w=528&amp;ssl=1 528w, https:\/\/i0.wp.com\/eltrabajo.cl\/portal\/wp-content\/uploads\/2014\/12\/Navidad4.jpg?resize=197%2C150&amp;ssl=1 197w, https:\/\/i0.wp.com\/eltrabajo.cl\/portal\/wp-content\/uploads\/2014\/12\/Navidad4.jpg?resize=300%2C227&amp;ssl=1 300w, https:\/\/i0.wp.com\/eltrabajo.cl\/portal\/wp-content\/uploads\/2014\/12\/Navidad4.jpg?resize=150%2C113&amp;ssl=1 150w, https:\/\/i0.wp.com\/eltrabajo.cl\/portal\/wp-content\/uploads\/2014\/12\/Navidad4.jpg?resize=400%2C303&amp;ssl=1 400w\" sizes=\"auto, (max-width: 300px) 100vw, 300px\" \/><\/a><\/p>\n<p>Alrededor de 10.000 vecinos llegaron ese d\u00eda a disfrutar de las distintas actividades que el municipio, a trav\u00e9s del Departamento de Cultura ten\u00eda preparadas para los m\u00e1s peque\u00f1os de la casa.<\/p>\n"},"caption":{"rendered":"<p>Alrededor de 10.000 vecinos llegaron ese d\u00eda a disfrutar de las distintas actividades que el municipio, a trav\u00e9s del Departamento de Cultura ten\u00eda preparadas para los m\u00e1s peque\u00f1os de la casa.<\/p>\n"},"alt_text":"Alrededor de 10.000 vecinos llegaron ese d\u00eda a disfrutar de las distintas actividades que el municipio, a trav\u00e9s del Departamento de Cultura ten\u00eda preparadas para los m\u00e1s peque\u00f1os de la casa.","media_type":"image","mime_type":"image\/jpeg","media_details":{"width":528,"height":401,"file":"2014\/12\/Navidad4.jpg","sizes":{"thumbnail":{"file":"Navidad4-197x150.jpg","width":197,"height":150,"mime_type":"image\/jpeg","source_url":"https:\/\/i0.wp.com\/eltrabajo.cl\/portal\/wp-content\/uploads\/2014\/12\/Navidad4.jpg?fit=197%2C150&ssl=1"},"medium":{"file":"Navidad4-300x227.jpg","width":300,"height":227,"mime_type":"image\/jpeg","source_url":"https:\/\/i0.wp.com\/eltrabajo.cl\/portal\/wp-content\/uploads\/2014\/12\/Navidad4.jpg?fit=300%2C227&ssl=1"},"post-thumbnail":{"file":"Navidad4-150x113.jpg","width":150,"height":113,"mime_type":"image\/jpeg","source_url":"https:\/\/i0.wp.com\/eltrabajo.cl\/portal\/wp-content\/uploads\/2014\/12\/Navidad4.jpg?fit=150%2C113&ssl=1"},"single-post-thumbnail":{"file":"Navidad4-400x303.jpg","width":400,"height":303,"mime_type":"image\/jpeg","source_url":"https:\/\/eltrabajo.cl\/portal\/wp-content\/uploads\/2014\/12\/Navidad4-400x303.jpg"},"full":{"file":"Navidad4.jpg?fit=528%2C401&ssl=1","width":528,"height":401,"mime_type":"image\/jpeg","source_url":"https:\/\/i0.wp.com\/eltrabajo.cl\/portal\/wp-content\/uploads\/2014\/12\/Navidad4.jpg?fit=528%2C401&ssl=1"}},"image_meta":{"aperture":0,"credit":"","camera":"","caption":"","created_timestamp":0,"copyright":"","focal_length":0,"iso":0,"shutter_speed":0,"title":"","orientation":0}},"post":54164,"source_url":"https:\/\/eltrabajo.cl\/portal\/wp-content\/uploads\/2014\/12\/Navidad4.jpg","_links":{"self":[{"href":"https:\/\/eltrabajo.cl\/portal\/wp-json\/wp\/v2\/media\/54168","targetHints":{"allow":["GET"]}}],"collection":[{"href":"https:\/\/eltrabajo.cl\/portal\/wp-json\/wp\/v2\/media"}],"about":[{"href":"https:\/\/eltrabajo.cl\/portal\/wp-json\/wp\/v2\/types\/attachment"}],"author":[{"embeddable":true,"href":"https:\/\/eltrabajo.cl\/portal\/wp-json\/wp\/v2\/users\/482"}],"replies":[{"embeddable":true,"href":"https:\/\/eltrabajo.cl\/portal\/wp-json\/wp\/v2\/comments?post=54168"}],"wp:attached-to":[{"embeddable":true,"post_type":"post","id":54164,"href":"https:\/\/eltrabajo.cl\/portal\/wp-json\/wp\/v2\/posts\/54164"}],"curies":[{"name":"wp","href":"https:\/\/api.w.org\/{rel}","templated":true}]}}

<p class="attachment"><a href="https://i0.wp.com/eltrabajo.cl/portal/wp-content/uploads/2014/12/Navidad4.jpg?ssl=1"><img loading="lazy" decoding="async" width="300" height="227" src="https://i0.wp.com/eltrabajo.cl/portal/wp-content/uploads/2014/12/Navidad4.jpg?fit=300%2C227&amp;ssl=1" class="attachment-medium size-medium" alt="Alrededor de 10.000 vecinos llegaron ese día a disfrutar de las distintas actividades que el municipio, a través del Departamento de Cultura tenía preparadas para los más pequeños de la casa." srcset="https://i0.wp.com/eltrabajo.cl/portal/wp-content/uploads/2014/12/Navidad4.jpg?w=528&amp;ssl=1 528w, https://i0.wp.com/eltrabajo.cl/portal/wp-content/uploads/2014/12/Navidad4.jpg?resize=197%2C150&amp;ssl=1 197w, https://i0.wp.com/eltrabajo.cl/portal/wp-content/uploads/2014/12/Navidad4.jpg?resize=300%2C227&amp;ssl=1 300w, https://i0.wp.com/eltrabajo.cl/portal/wp-content/uploads/2014/12/Navidad4.jpg?resize=150%2C113&amp;ssl=1 150w, https://i0.wp.com/eltrabajo.cl/portal/wp-content/uploads/2014/12/Navidad4.jpg?resize=400%2C303&amp;ssl=1 400w" sizes="auto, (max-width: 300px) 100vw, 300px" /></a></p>
<p>Alrededor de 10.000 vecinos llegaron ese día a disfrutar de las distintas actividades que el municipio, a través del Departamento de Cultura tenía preparadas para los más pequeños de la casa.</p>

<p>Alrededor de 10.000 vecinos llegaron ese día a disfrutar de las distintas actividades que el municipio, a través del Departamento de Cultura tenía preparadas para los más pequeños de la casa.</p>

Alrededor de 10.000 vecinos llegaron ese día a disfrutar de las distintas actividades que el municipio, a través del Departamento de Cultura tenía preparadas para los más pequeños de la casa.
