{"id":55881,"date":"2015-02-09T10:10:26","date_gmt":"2015-02-09T13:10:26","guid":{"rendered":"http:\/\/www.eltrabajo.cl\/portal\/wp-content\/uploads\/2015\/02\/malos-olores-1.jpg"},"modified":"2015-02-09T10:11:29","modified_gmt":"2015-02-09T13:11:29","slug":"malos-olores-1","status":"inherit","type":"attachment","link":"https:\/\/eltrabajo.cl\/portal\/vecinos-angustiados-por-insoportables-olores-emanados-por-pentzke\/malos-olores-1\/","title":{"rendered":"malos olores (1)"},"author":1,"featured_media":0,"comment_status":"open","ping_status":"closed","template":"","meta":{"advanced_seo_description":"","jetpack_seo_html_title":"","jetpack_seo_noindex":false},"class_list":["post-55881","attachment","type-attachment","status-inherit","hentry"],"jetpack_sharing_enabled":true,"jetpack_likes_enabled":true,"description":{"rendered":"<p class=\"attachment\"><a href=\"https:\/\/i0.wp.com\/eltrabajo.cl\/portal\/wp-content\/uploads\/2015\/02\/malos-olores-1.jpg?ssl=1\"><img loading=\"lazy\" decoding=\"async\" width=\"300\" height=\"186\" src=\"https:\/\/i0.wp.com\/eltrabajo.cl\/portal\/wp-content\/uploads\/2015\/02\/malos-olores-1.jpg?fit=300%2C186&amp;ssl=1\" class=\"attachment-medium size-medium\" alt=\"Los vecinos tuvieron oportunidad de compartir su malestar con Patricio Pentzke, quien tambi\u00e9n asisti\u00f3 a la manifestaci\u00f3n.\" srcset=\"https:\/\/i0.wp.com\/eltrabajo.cl\/portal\/wp-content\/uploads\/2015\/02\/malos-olores-1.jpg?w=528&amp;ssl=1 528w, https:\/\/i0.wp.com\/eltrabajo.cl\/portal\/wp-content\/uploads\/2015\/02\/malos-olores-1.jpg?resize=200%2C124&amp;ssl=1 200w, https:\/\/i0.wp.com\/eltrabajo.cl\/portal\/wp-content\/uploads\/2015\/02\/malos-olores-1.jpg?resize=300%2C186&amp;ssl=1 300w, https:\/\/i0.wp.com\/eltrabajo.cl\/portal\/wp-content\/uploads\/2015\/02\/malos-olores-1.jpg?resize=150%2C93&amp;ssl=1 150w, https:\/\/i0.wp.com\/eltrabajo.cl\/portal\/wp-content\/uploads\/2015\/02\/malos-olores-1.jpg?resize=400%2C248&amp;ssl=1 400w\" sizes=\"auto, (max-width: 300px) 100vw, 300px\" \/><\/a><\/p>\n<p>Los vecinos tuvieron oportunidad de compartir su malestar con Patricio Pentzke, quien tambi\u00e9n asisti\u00f3 a la manifestaci\u00f3n.<\/p>\n"},"caption":{"rendered":"<p>Los vecinos tuvieron oportunidad de compartir su malestar con Patricio Pentzke, quien tambi\u00e9n asisti\u00f3 a la manifestaci\u00f3n.<\/p>\n"},"alt_text":"Los vecinos tuvieron oportunidad de compartir su malestar con Patricio Pentzke, quien tambi\u00e9n asisti\u00f3 a la manifestaci\u00f3n.","media_type":"image","mime_type":"image\/jpeg","media_details":{"width":528,"height":327,"file":"2015\/02\/malos-olores-1.jpg","sizes":{"thumbnail":{"file":"malos-olores-1-200x124.jpg","width":200,"height":124,"mime_type":"image\/jpeg","source_url":"https:\/\/i0.wp.com\/eltrabajo.cl\/portal\/wp-content\/uploads\/2015\/02\/malos-olores-1.jpg?fit=200%2C124&ssl=1"},"medium":{"file":"malos-olores-1-300x186.jpg","width":300,"height":186,"mime_type":"image\/jpeg","source_url":"https:\/\/i0.wp.com\/eltrabajo.cl\/portal\/wp-content\/uploads\/2015\/02\/malos-olores-1.jpg?fit=300%2C186&ssl=1"},"post-thumbnail":{"file":"malos-olores-1-150x93.jpg","width":150,"height":93,"mime_type":"image\/jpeg","source_url":"https:\/\/i0.wp.com\/eltrabajo.cl\/portal\/wp-content\/uploads\/2015\/02\/malos-olores-1.jpg?fit=150%2C93&ssl=1"},"single-post-thumbnail":{"file":"malos-olores-1-400x248.jpg","width":400,"height":248,"mime_type":"image\/jpeg","source_url":"https:\/\/eltrabajo.cl\/portal\/wp-content\/uploads\/2015\/02\/malos-olores-1-400x248.jpg"},"wptouch-new-thumbnail":{"file":"malos-olores-1-144x144.jpg","width":144,"height":144,"mime_type":"image\/jpeg","source_url":"https:\/\/eltrabajo.cl\/portal\/wp-content\/uploads\/2015\/02\/malos-olores-1-144x144.jpg"},"full":{"file":"malos-olores-1.jpg?fit=528%2C327&ssl=1","width":528,"height":327,"mime_type":"image\/jpeg","source_url":"https:\/\/i0.wp.com\/eltrabajo.cl\/portal\/wp-content\/uploads\/2015\/02\/malos-olores-1.jpg?fit=528%2C327&ssl=1"}},"image_meta":{"aperture":0,"credit":"","camera":"","caption":"","created_timestamp":0,"copyright":"","focal_length":0,"iso":0,"shutter_speed":0,"title":"","orientation":0}},"post":55879,"source_url":"https:\/\/eltrabajo.cl\/portal\/wp-content\/uploads\/2015\/02\/malos-olores-1.jpg","_links":{"self":[{"href":"https:\/\/eltrabajo.cl\/portal\/wp-json\/wp\/v2\/media\/55881","targetHints":{"allow":["GET"]}}],"collection":[{"href":"https:\/\/eltrabajo.cl\/portal\/wp-json\/wp\/v2\/media"}],"about":[{"href":"https:\/\/eltrabajo.cl\/portal\/wp-json\/wp\/v2\/types\/attachment"}],"author":[{"embeddable":true,"href":"https:\/\/eltrabajo.cl\/portal\/wp-json\/wp\/v2\/users\/1"}],"replies":[{"embeddable":true,"href":"https:\/\/eltrabajo.cl\/portal\/wp-json\/wp\/v2\/comments?post=55881"}],"wp:attached-to":[{"embeddable":true,"post_type":"post","id":55879,"href":"https:\/\/eltrabajo.cl\/portal\/wp-json\/wp\/v2\/posts\/55879"}],"curies":[{"name":"wp","href":"https:\/\/api.w.org\/{rel}","templated":true}]}}

<p class="attachment"><a href="https://i0.wp.com/eltrabajo.cl/portal/wp-content/uploads/2015/02/malos-olores-1.jpg?ssl=1"><img loading="lazy" decoding="async" width="300" height="186" src="https://i0.wp.com/eltrabajo.cl/portal/wp-content/uploads/2015/02/malos-olores-1.jpg?fit=300%2C186&amp;ssl=1" class="attachment-medium size-medium" alt="Los vecinos tuvieron oportunidad de compartir su malestar con Patricio Pentzke, quien también asistió a la manifestación." srcset="https://i0.wp.com/eltrabajo.cl/portal/wp-content/uploads/2015/02/malos-olores-1.jpg?w=528&amp;ssl=1 528w, https://i0.wp.com/eltrabajo.cl/portal/wp-content/uploads/2015/02/malos-olores-1.jpg?resize=200%2C124&amp;ssl=1 200w, https://i0.wp.com/eltrabajo.cl/portal/wp-content/uploads/2015/02/malos-olores-1.jpg?resize=300%2C186&amp;ssl=1 300w, https://i0.wp.com/eltrabajo.cl/portal/wp-content/uploads/2015/02/malos-olores-1.jpg?resize=150%2C93&amp;ssl=1 150w, https://i0.wp.com/eltrabajo.cl/portal/wp-content/uploads/2015/02/malos-olores-1.jpg?resize=400%2C248&amp;ssl=1 400w" sizes="auto, (max-width: 300px) 100vw, 300px" /></a></p>
<p>Los vecinos tuvieron oportunidad de compartir su malestar con Patricio Pentzke, quien también asistió a la manifestación.</p>

<p>Los vecinos tuvieron oportunidad de compartir su malestar con Patricio Pentzke, quien también asistió a la manifestación.</p>

Los vecinos tuvieron oportunidad de compartir su malestar con Patricio Pentzke, quien también asistió a la manifestación.
