{"id":56177,"date":"2015-02-17T08:55:17","date_gmt":"2015-02-17T11:55:17","guid":{"rendered":"http:\/\/www.eltrabajo.cl\/portal\/wp-content\/uploads\/2015\/02\/zumba-2.jpg"},"modified":"2015-02-17T08:55:33","modified_gmt":"2015-02-17T11:55:33","slug":"zumba-2","status":"inherit","type":"attachment","link":"https:\/\/eltrabajo.cl\/portal\/polemica-por-mail-que-califica-la-zumba-como-sexualizada-para-mujeres\/zumba-2\/","title":{"rendered":"zumba 2"},"author":1,"featured_media":0,"comment_status":"open","ping_status":"open","template":"","meta":{"advanced_seo_description":"","jetpack_seo_html_title":"","jetpack_seo_noindex":false},"class_list":["post-56177","attachment","type-attachment","status-inherit","hentry"],"jetpack_sharing_enabled":true,"jetpack_likes_enabled":true,"description":{"rendered":"<p class=\"attachment\"><a href=\"https:\/\/i0.wp.com\/eltrabajo.cl\/portal\/wp-content\/uploads\/2015\/02\/zumba-2.jpg?ssl=1\"><img loading=\"lazy\" decoding=\"async\" width=\"300\" height=\"197\" src=\"https:\/\/i0.wp.com\/eltrabajo.cl\/portal\/wp-content\/uploads\/2015\/02\/zumba-2.jpg?fit=300%2C197&amp;ssl=1\" class=\"attachment-medium size-medium\" alt=\"La zumba es una actividad que cada d\u00eda gana m\u00e1s adeptos, por lo cual Pablo Osorio consider\u00f3 inadecuado el calificativo de &quot;sexualizada&quot; que se le habr\u00eda entregado por parte de funcionarios del Sernam.\" srcset=\"https:\/\/i0.wp.com\/eltrabajo.cl\/portal\/wp-content\/uploads\/2015\/02\/zumba-2.jpg?w=530&amp;ssl=1 530w, https:\/\/i0.wp.com\/eltrabajo.cl\/portal\/wp-content\/uploads\/2015\/02\/zumba-2.jpg?resize=200%2C131&amp;ssl=1 200w, https:\/\/i0.wp.com\/eltrabajo.cl\/portal\/wp-content\/uploads\/2015\/02\/zumba-2.jpg?resize=300%2C197&amp;ssl=1 300w, https:\/\/i0.wp.com\/eltrabajo.cl\/portal\/wp-content\/uploads\/2015\/02\/zumba-2.jpg?resize=150%2C98&amp;ssl=1 150w, https:\/\/i0.wp.com\/eltrabajo.cl\/portal\/wp-content\/uploads\/2015\/02\/zumba-2.jpg?resize=400%2C263&amp;ssl=1 400w\" sizes=\"auto, (max-width: 300px) 100vw, 300px\" \/><\/a><\/p>\n<p>La zumba es una actividad que cada d\u00eda gana m\u00e1s adeptos, por lo cual Pablo Osorio consider\u00f3 inadecuado el calificativo de \u00absexualizada\u00bb que se le habr\u00eda entregado por parte de funcionarios del Sernam.<\/p>\n"},"caption":{"rendered":"<p>La zumba es una actividad que cada d\u00eda gana m\u00e1s adeptos, por lo cual Pablo Osorio consider\u00f3 inadecuado el calificativo de \u00absexualizada\u00bb que se le habr\u00eda entregado por parte de funcionarios del Sernam.<\/p>\n"},"alt_text":"La zumba es una actividad que cada d\u00eda gana m\u00e1s adeptos, por lo cual Pablo Osorio consider\u00f3 inadecuado el calificativo de \"sexualizada\" que se le habr\u00eda entregado por parte de funcionarios del Sernam.","media_type":"image","mime_type":"image\/jpeg","media_details":{"width":530,"height":348,"file":"2015\/02\/zumba-2.jpg","sizes":{"thumbnail":{"file":"zumba-2-200x131.jpg","width":200,"height":131,"mime_type":"image\/jpeg","source_url":"https:\/\/i0.wp.com\/eltrabajo.cl\/portal\/wp-content\/uploads\/2015\/02\/zumba-2.jpg?fit=200%2C131&ssl=1"},"medium":{"file":"zumba-2-300x197.jpg","width":300,"height":197,"mime_type":"image\/jpeg","source_url":"https:\/\/i0.wp.com\/eltrabajo.cl\/portal\/wp-content\/uploads\/2015\/02\/zumba-2.jpg?fit=300%2C197&ssl=1"},"post-thumbnail":{"file":"zumba-2-150x98.jpg","width":150,"height":98,"mime_type":"image\/jpeg","source_url":"https:\/\/i0.wp.com\/eltrabajo.cl\/portal\/wp-content\/uploads\/2015\/02\/zumba-2.jpg?fit=150%2C98&ssl=1"},"single-post-thumbnail":{"file":"zumba-2-400x263.jpg","width":400,"height":263,"mime_type":"image\/jpeg","source_url":"https:\/\/eltrabajo.cl\/portal\/wp-content\/uploads\/2015\/02\/zumba-2-400x263.jpg"},"wptouch-new-thumbnail":{"file":"zumba-2-144x144.jpg","width":144,"height":144,"mime_type":"image\/jpeg","source_url":"https:\/\/eltrabajo.cl\/portal\/wp-content\/uploads\/2015\/02\/zumba-2-144x144.jpg"},"full":{"file":"zumba-2.jpg?fit=530%2C348&ssl=1","width":530,"height":348,"mime_type":"image\/jpeg","source_url":"https:\/\/i0.wp.com\/eltrabajo.cl\/portal\/wp-content\/uploads\/2015\/02\/zumba-2.jpg?fit=530%2C348&ssl=1"}},"image_meta":{"aperture":0,"credit":"JOHANS CELEDON","camera":"","caption":"","created_timestamp":0,"copyright":"Jo Hans Fotografia","focal_length":0,"iso":0,"shutter_speed":0,"title":"","orientation":0}},"post":56174,"source_url":"https:\/\/eltrabajo.cl\/portal\/wp-content\/uploads\/2015\/02\/zumba-2.jpg","_links":{"self":[{"href":"https:\/\/eltrabajo.cl\/portal\/wp-json\/wp\/v2\/media\/56177","targetHints":{"allow":["GET"]}}],"collection":[{"href":"https:\/\/eltrabajo.cl\/portal\/wp-json\/wp\/v2\/media"}],"about":[{"href":"https:\/\/eltrabajo.cl\/portal\/wp-json\/wp\/v2\/types\/attachment"}],"author":[{"embeddable":true,"href":"https:\/\/eltrabajo.cl\/portal\/wp-json\/wp\/v2\/users\/1"}],"replies":[{"embeddable":true,"href":"https:\/\/eltrabajo.cl\/portal\/wp-json\/wp\/v2\/comments?post=56177"}],"wp:attached-to":[{"embeddable":true,"post_type":"post","id":56174,"href":"https:\/\/eltrabajo.cl\/portal\/wp-json\/wp\/v2\/posts\/56174"}],"curies":[{"name":"wp","href":"https:\/\/api.w.org\/{rel}","templated":true}]}}

<p class="attachment"><a href="https://i0.wp.com/eltrabajo.cl/portal/wp-content/uploads/2015/02/zumba-2.jpg?ssl=1"><img loading="lazy" decoding="async" width="300" height="197" src="https://i0.wp.com/eltrabajo.cl/portal/wp-content/uploads/2015/02/zumba-2.jpg?fit=300%2C197&amp;ssl=1" class="attachment-medium size-medium" alt="La zumba es una actividad que cada día gana más adeptos, por lo cual Pablo Osorio consideró inadecuado el calificativo de &quot;sexualizada&quot; que se le habría entregado por parte de funcionarios del Sernam." srcset="https://i0.wp.com/eltrabajo.cl/portal/wp-content/uploads/2015/02/zumba-2.jpg?w=530&amp;ssl=1 530w, https://i0.wp.com/eltrabajo.cl/portal/wp-content/uploads/2015/02/zumba-2.jpg?resize=200%2C131&amp;ssl=1 200w, https://i0.wp.com/eltrabajo.cl/portal/wp-content/uploads/2015/02/zumba-2.jpg?resize=300%2C197&amp;ssl=1 300w, https://i0.wp.com/eltrabajo.cl/portal/wp-content/uploads/2015/02/zumba-2.jpg?resize=150%2C98&amp;ssl=1 150w, https://i0.wp.com/eltrabajo.cl/portal/wp-content/uploads/2015/02/zumba-2.jpg?resize=400%2C263&amp;ssl=1 400w" sizes="auto, (max-width: 300px) 100vw, 300px" /></a></p>
<p>La zumba es una actividad que cada día gana más adeptos, por lo cual Pablo Osorio consideró inadecuado el calificativo de «sexualizada» que se le habría entregado por parte de funcionarios del Sernam.</p>

<p>La zumba es una actividad que cada día gana más adeptos, por lo cual Pablo Osorio consideró inadecuado el calificativo de «sexualizada» que se le habría entregado por parte de funcionarios del Sernam.</p>

La zumba es una actividad que cada día gana más adeptos, por lo cual Pablo Osorio consideró inadecuado el calificativo de "sexualizada" que se le habría entregado por parte de funcionarios del Sernam.
