{"id":56588,"date":"2015-03-06T09:31:39","date_gmt":"2015-03-06T12:31:39","guid":{"rendered":"http:\/\/www.eltrabajo.cl\/portal\/wp-content\/uploads\/2015\/03\/Ivonne-Donoso.jpg"},"modified":"2015-03-06T09:34:49","modified_gmt":"2015-03-06T12:34:49","slug":"dcim105gopro","status":"inherit","type":"attachment","link":"https:\/\/eltrabajo.cl\/portal\/tres-sanfelipenos-establecen-nueva-ruta-para-subir-torres-del-paine\/dcim105gopro\/","title":{"rendered":"DCIM105GOPRO"},"author":482,"featured_media":0,"comment_status":"open","ping_status":"open","template":"","meta":{"advanced_seo_description":"","jetpack_seo_html_title":"","jetpack_seo_noindex":false},"class_list":["post-56588","attachment","type-attachment","status-inherit","hentry"],"jetpack_sharing_enabled":true,"jetpack_likes_enabled":true,"description":{"rendered":"<p class=\"attachment\"><a href=\"https:\/\/i0.wp.com\/eltrabajo.cl\/portal\/wp-content\/uploads\/2015\/03\/Ivonne-Donoso.jpg?ssl=1\"><img loading=\"lazy\" decoding=\"async\" width=\"300\" height=\"198\" src=\"https:\/\/i0.wp.com\/eltrabajo.cl\/portal\/wp-content\/uploads\/2015\/03\/Ivonne-Donoso.jpg?fit=300%2C198&amp;ssl=1\" class=\"attachment-medium size-medium\" alt=\"EN LO M\u00c1S ALTO.- La intr\u00e9pida Ivonne Donoso nunca se rindi\u00f3, luego de sufrir seriamente las bajas temperaturas, pudo llegar al lugar m\u00e1s alto de Chile.\" srcset=\"https:\/\/i0.wp.com\/eltrabajo.cl\/portal\/wp-content\/uploads\/2015\/03\/Ivonne-Donoso.jpg?w=530&amp;ssl=1 530w, https:\/\/i0.wp.com\/eltrabajo.cl\/portal\/wp-content\/uploads\/2015\/03\/Ivonne-Donoso.jpg?resize=200%2C132&amp;ssl=1 200w, https:\/\/i0.wp.com\/eltrabajo.cl\/portal\/wp-content\/uploads\/2015\/03\/Ivonne-Donoso.jpg?resize=300%2C198&amp;ssl=1 300w, https:\/\/i0.wp.com\/eltrabajo.cl\/portal\/wp-content\/uploads\/2015\/03\/Ivonne-Donoso.jpg?resize=150%2C99&amp;ssl=1 150w, https:\/\/i0.wp.com\/eltrabajo.cl\/portal\/wp-content\/uploads\/2015\/03\/Ivonne-Donoso.jpg?resize=400%2C263&amp;ssl=1 400w\" sizes=\"auto, (max-width: 300px) 100vw, 300px\" \/><\/a><\/p>\n<p>EN LO M\u00c1S ALTO.- La intr\u00e9pida Ivonne Donoso nunca se rindi\u00f3, luego de sufrir seriamente las bajas temperaturas, pudo llegar al lugar m\u00e1s alto de Chile.<\/p>\n"},"caption":{"rendered":"<p>EN LO M\u00c1S ALTO.- La intr\u00e9pida Ivonne Donoso nunca se rindi\u00f3, luego de sufrir seriamente las bajas temperaturas, pudo llegar al lugar m\u00e1s alto de Chile.<\/p>\n"},"alt_text":"EN LO M\u00c1S ALTO.- La intr\u00e9pida Ivonne Donoso nunca se rindi\u00f3, luego de sufrir seriamente las bajas temperaturas, pudo llegar al lugar m\u00e1s alto de Chile.","media_type":"image","mime_type":"image\/jpeg","media_details":{"width":530,"height":349,"file":"2015\/03\/Ivonne-Donoso.jpg","sizes":{"thumbnail":{"file":"Ivonne-Donoso-200x132.jpg","width":200,"height":132,"mime_type":"image\/jpeg","source_url":"https:\/\/i0.wp.com\/eltrabajo.cl\/portal\/wp-content\/uploads\/2015\/03\/Ivonne-Donoso.jpg?fit=200%2C132&ssl=1"},"medium":{"file":"Ivonne-Donoso-300x198.jpg","width":300,"height":198,"mime_type":"image\/jpeg","source_url":"https:\/\/i0.wp.com\/eltrabajo.cl\/portal\/wp-content\/uploads\/2015\/03\/Ivonne-Donoso.jpg?fit=300%2C198&ssl=1"},"post-thumbnail":{"file":"Ivonne-Donoso-150x99.jpg","width":150,"height":99,"mime_type":"image\/jpeg","source_url":"https:\/\/i0.wp.com\/eltrabajo.cl\/portal\/wp-content\/uploads\/2015\/03\/Ivonne-Donoso.jpg?fit=150%2C99&ssl=1"},"single-post-thumbnail":{"file":"Ivonne-Donoso-400x263.jpg","width":400,"height":263,"mime_type":"image\/jpeg","source_url":"https:\/\/eltrabajo.cl\/portal\/wp-content\/uploads\/2015\/03\/Ivonne-Donoso-400x263.jpg"},"wptouch-new-thumbnail":{"file":"Ivonne-Donoso-144x144.jpg","width":144,"height":144,"mime_type":"image\/jpeg","source_url":"https:\/\/eltrabajo.cl\/portal\/wp-content\/uploads\/2015\/03\/Ivonne-Donoso-144x144.jpg"},"full":{"file":"Ivonne-Donoso.jpg?fit=530%2C349&ssl=1","width":530,"height":349,"mime_type":"image\/jpeg","source_url":"https:\/\/i0.wp.com\/eltrabajo.cl\/portal\/wp-content\/uploads\/2015\/03\/Ivonne-Donoso.jpg?fit=530%2C349&ssl=1"}},"image_meta":{"aperture":0,"credit":"","camera":"","caption":"","created_timestamp":0,"copyright":"","focal_length":0,"iso":0,"shutter_speed":0,"title":"DCIM105GOPRO","orientation":0}},"post":56586,"source_url":"https:\/\/eltrabajo.cl\/portal\/wp-content\/uploads\/2015\/03\/Ivonne-Donoso.jpg","_links":{"self":[{"href":"https:\/\/eltrabajo.cl\/portal\/wp-json\/wp\/v2\/media\/56588","targetHints":{"allow":["GET"]}}],"collection":[{"href":"https:\/\/eltrabajo.cl\/portal\/wp-json\/wp\/v2\/media"}],"about":[{"href":"https:\/\/eltrabajo.cl\/portal\/wp-json\/wp\/v2\/types\/attachment"}],"author":[{"embeddable":true,"href":"https:\/\/eltrabajo.cl\/portal\/wp-json\/wp\/v2\/users\/482"}],"replies":[{"embeddable":true,"href":"https:\/\/eltrabajo.cl\/portal\/wp-json\/wp\/v2\/comments?post=56588"}],"wp:attached-to":[{"embeddable":true,"post_type":"post","id":56586,"href":"https:\/\/eltrabajo.cl\/portal\/wp-json\/wp\/v2\/posts\/56586"}],"curies":[{"name":"wp","href":"https:\/\/api.w.org\/{rel}","templated":true}]}}

<p class="attachment"><a href="https://i0.wp.com/eltrabajo.cl/portal/wp-content/uploads/2015/03/Ivonne-Donoso.jpg?ssl=1"><img loading="lazy" decoding="async" width="300" height="198" src="https://i0.wp.com/eltrabajo.cl/portal/wp-content/uploads/2015/03/Ivonne-Donoso.jpg?fit=300%2C198&amp;ssl=1" class="attachment-medium size-medium" alt="EN LO MÁS ALTO.- La intrépida Ivonne Donoso nunca se rindió, luego de sufrir seriamente las bajas temperaturas, pudo llegar al lugar más alto de Chile." srcset="https://i0.wp.com/eltrabajo.cl/portal/wp-content/uploads/2015/03/Ivonne-Donoso.jpg?w=530&amp;ssl=1 530w, https://i0.wp.com/eltrabajo.cl/portal/wp-content/uploads/2015/03/Ivonne-Donoso.jpg?resize=200%2C132&amp;ssl=1 200w, https://i0.wp.com/eltrabajo.cl/portal/wp-content/uploads/2015/03/Ivonne-Donoso.jpg?resize=300%2C198&amp;ssl=1 300w, https://i0.wp.com/eltrabajo.cl/portal/wp-content/uploads/2015/03/Ivonne-Donoso.jpg?resize=150%2C99&amp;ssl=1 150w, https://i0.wp.com/eltrabajo.cl/portal/wp-content/uploads/2015/03/Ivonne-Donoso.jpg?resize=400%2C263&amp;ssl=1 400w" sizes="auto, (max-width: 300px) 100vw, 300px" /></a></p>
<p>EN LO MÁS ALTO.- La intrépida Ivonne Donoso nunca se rindió, luego de sufrir seriamente las bajas temperaturas, pudo llegar al lugar más alto de Chile.</p>

<p>EN LO MÁS ALTO.- La intrépida Ivonne Donoso nunca se rindió, luego de sufrir seriamente las bajas temperaturas, pudo llegar al lugar más alto de Chile.</p>

EN LO MÁS ALTO.- La intrépida Ivonne Donoso nunca se rindió, luego de sufrir seriamente las bajas temperaturas, pudo llegar al lugar más alto de Chile.
