{"id":56589,"date":"2015-03-06T09:31:41","date_gmt":"2015-03-06T12:31:41","guid":{"rendered":"http:\/\/www.eltrabajo.cl\/portal\/wp-content\/uploads\/2015\/03\/porta-Abraham-y-Pablo.jpg"},"modified":"2015-03-06T09:36:05","modified_gmt":"2015-03-06T12:36:05","slug":"dcim104media-2","status":"inherit","type":"attachment","link":"https:\/\/eltrabajo.cl\/portal\/tres-sanfelipenos-establecen-nueva-ruta-para-subir-torres-del-paine\/dcim104media-2\/","title":{"rendered":"DCIM104MEDIA"},"author":482,"featured_media":0,"comment_status":"open","ping_status":"open","template":"","meta":{"advanced_seo_description":"","jetpack_seo_html_title":"","jetpack_seo_noindex":false},"class_list":["post-56589","attachment","type-attachment","status-inherit","hentry"],"jetpack_sharing_enabled":true,"jetpack_likes_enabled":true,"description":{"rendered":"<p class=\"attachment\"><a href=\"https:\/\/i0.wp.com\/eltrabajo.cl\/portal\/wp-content\/uploads\/2015\/03\/porta-Abraham-y-Pablo.jpg?ssl=1\"><img loading=\"lazy\" decoding=\"async\" width=\"300\" height=\"198\" src=\"https:\/\/i0.wp.com\/eltrabajo.cl\/portal\/wp-content\/uploads\/2015\/03\/porta-Abraham-y-Pablo.jpg?fit=300%2C198&amp;ssl=1\" class=\"attachment-medium size-medium\" alt=\"S\u00cd SE PUDO.- Abraham Navia y Pablo Ormaz\u00e1bal finalmente lograron llegar a la cima. Ivonne les tom\u00f3 esta foto, ella tambi\u00e9n lo logr\u00f3.\" srcset=\"https:\/\/i0.wp.com\/eltrabajo.cl\/portal\/wp-content\/uploads\/2015\/03\/porta-Abraham-y-Pablo.jpg?w=530&amp;ssl=1 530w, https:\/\/i0.wp.com\/eltrabajo.cl\/portal\/wp-content\/uploads\/2015\/03\/porta-Abraham-y-Pablo.jpg?resize=200%2C132&amp;ssl=1 200w, https:\/\/i0.wp.com\/eltrabajo.cl\/portal\/wp-content\/uploads\/2015\/03\/porta-Abraham-y-Pablo.jpg?resize=300%2C198&amp;ssl=1 300w, https:\/\/i0.wp.com\/eltrabajo.cl\/portal\/wp-content\/uploads\/2015\/03\/porta-Abraham-y-Pablo.jpg?resize=150%2C99&amp;ssl=1 150w, https:\/\/i0.wp.com\/eltrabajo.cl\/portal\/wp-content\/uploads\/2015\/03\/porta-Abraham-y-Pablo.jpg?resize=400%2C264&amp;ssl=1 400w\" sizes=\"auto, (max-width: 300px) 100vw, 300px\" \/><\/a><\/p>\n<p>S\u00cd SE PUDO.- Abraham Navia y Pablo Ormaz\u00e1bal finalmente lograron llegar a la cima. Ivonne les tom\u00f3 esta foto, ella tambi\u00e9n lo logr\u00f3.<\/p>\n"},"caption":{"rendered":"<p>S\u00cd SE PUDO.- Abraham Navia y Pablo Ormaz\u00e1bal finalmente lograron llegar a la cima. Ivonne les tom\u00f3 esta foto, ella tambi\u00e9n lo logr\u00f3.<\/p>\n"},"alt_text":"S\u00cd SE PUDO.- Abraham Navia y Pablo Ormaz\u00e1bal finalmente lograron llegar a la cima. Ivonne les tom\u00f3 esta foto, ella tambi\u00e9n lo logr\u00f3.","media_type":"image","mime_type":"image\/jpeg","media_details":{"width":530,"height":350,"file":"2015\/03\/porta-Abraham-y-Pablo.jpg","sizes":{"thumbnail":{"file":"porta-Abraham-y-Pablo-200x132.jpg","width":200,"height":132,"mime_type":"image\/jpeg","source_url":"https:\/\/i0.wp.com\/eltrabajo.cl\/portal\/wp-content\/uploads\/2015\/03\/porta-Abraham-y-Pablo.jpg?fit=200%2C132&ssl=1"},"medium":{"file":"porta-Abraham-y-Pablo-300x198.jpg","width":300,"height":198,"mime_type":"image\/jpeg","source_url":"https:\/\/i0.wp.com\/eltrabajo.cl\/portal\/wp-content\/uploads\/2015\/03\/porta-Abraham-y-Pablo.jpg?fit=300%2C198&ssl=1"},"post-thumbnail":{"file":"porta-Abraham-y-Pablo-150x99.jpg","width":150,"height":99,"mime_type":"image\/jpeg","source_url":"https:\/\/i0.wp.com\/eltrabajo.cl\/portal\/wp-content\/uploads\/2015\/03\/porta-Abraham-y-Pablo.jpg?fit=150%2C99&ssl=1"},"single-post-thumbnail":{"file":"porta-Abraham-y-Pablo-400x264.jpg","width":400,"height":264,"mime_type":"image\/jpeg","source_url":"https:\/\/eltrabajo.cl\/portal\/wp-content\/uploads\/2015\/03\/porta-Abraham-y-Pablo-400x264.jpg"},"wptouch-new-thumbnail":{"file":"porta-Abraham-y-Pablo-144x144.jpg","width":144,"height":144,"mime_type":"image\/jpeg","source_url":"https:\/\/eltrabajo.cl\/portal\/wp-content\/uploads\/2015\/03\/porta-Abraham-y-Pablo-144x144.jpg"},"full":{"file":"porta-Abraham-y-Pablo.jpg?fit=530%2C350&ssl=1","width":530,"height":350,"mime_type":"image\/jpeg","source_url":"https:\/\/i0.wp.com\/eltrabajo.cl\/portal\/wp-content\/uploads\/2015\/03\/porta-Abraham-y-Pablo.jpg?fit=530%2C350&ssl=1"}},"image_meta":{"aperture":0,"credit":"","camera":"","caption":"","created_timestamp":0,"copyright":"","focal_length":0,"iso":0,"shutter_speed":0,"title":"DCIM104MEDIA","orientation":0}},"post":56586,"source_url":"https:\/\/eltrabajo.cl\/portal\/wp-content\/uploads\/2015\/03\/porta-Abraham-y-Pablo.jpg","_links":{"self":[{"href":"https:\/\/eltrabajo.cl\/portal\/wp-json\/wp\/v2\/media\/56589","targetHints":{"allow":["GET"]}}],"collection":[{"href":"https:\/\/eltrabajo.cl\/portal\/wp-json\/wp\/v2\/media"}],"about":[{"href":"https:\/\/eltrabajo.cl\/portal\/wp-json\/wp\/v2\/types\/attachment"}],"author":[{"embeddable":true,"href":"https:\/\/eltrabajo.cl\/portal\/wp-json\/wp\/v2\/users\/482"}],"replies":[{"embeddable":true,"href":"https:\/\/eltrabajo.cl\/portal\/wp-json\/wp\/v2\/comments?post=56589"}],"wp:attached-to":[{"embeddable":true,"post_type":"post","id":56586,"href":"https:\/\/eltrabajo.cl\/portal\/wp-json\/wp\/v2\/posts\/56586"}],"curies":[{"name":"wp","href":"https:\/\/api.w.org\/{rel}","templated":true}]}}

<p class="attachment"><a href="https://i0.wp.com/eltrabajo.cl/portal/wp-content/uploads/2015/03/porta-Abraham-y-Pablo.jpg?ssl=1"><img loading="lazy" decoding="async" width="300" height="198" src="https://i0.wp.com/eltrabajo.cl/portal/wp-content/uploads/2015/03/porta-Abraham-y-Pablo.jpg?fit=300%2C198&amp;ssl=1" class="attachment-medium size-medium" alt="SÍ SE PUDO.- Abraham Navia y Pablo Ormazábal finalmente lograron llegar a la cima. Ivonne les tomó esta foto, ella también lo logró." srcset="https://i0.wp.com/eltrabajo.cl/portal/wp-content/uploads/2015/03/porta-Abraham-y-Pablo.jpg?w=530&amp;ssl=1 530w, https://i0.wp.com/eltrabajo.cl/portal/wp-content/uploads/2015/03/porta-Abraham-y-Pablo.jpg?resize=200%2C132&amp;ssl=1 200w, https://i0.wp.com/eltrabajo.cl/portal/wp-content/uploads/2015/03/porta-Abraham-y-Pablo.jpg?resize=300%2C198&amp;ssl=1 300w, https://i0.wp.com/eltrabajo.cl/portal/wp-content/uploads/2015/03/porta-Abraham-y-Pablo.jpg?resize=150%2C99&amp;ssl=1 150w, https://i0.wp.com/eltrabajo.cl/portal/wp-content/uploads/2015/03/porta-Abraham-y-Pablo.jpg?resize=400%2C264&amp;ssl=1 400w" sizes="auto, (max-width: 300px) 100vw, 300px" /></a></p>
<p>SÍ SE PUDO.- Abraham Navia y Pablo Ormazábal finalmente lograron llegar a la cima. Ivonne les tomó esta foto, ella también lo logró.</p>

<p>SÍ SE PUDO.- Abraham Navia y Pablo Ormazábal finalmente lograron llegar a la cima. Ivonne les tomó esta foto, ella también lo logró.</p>

SÍ SE PUDO.- Abraham Navia y Pablo Ormazábal finalmente lograron llegar a la cima. Ivonne les tomó esta foto, ella también lo logró.
