{"id":56640,"date":"2015-03-11T09:08:55","date_gmt":"2015-03-11T12:08:55","guid":{"rendered":"http:\/\/www.eltrabajo.cl\/portal\/wp-content\/uploads\/2015\/03\/Eduardo-Herrera.jpg"},"modified":"2015-03-11T09:09:35","modified_gmt":"2015-03-11T12:09:35","slug":"eduardo-herrera-2","status":"inherit","type":"attachment","link":"https:\/\/eltrabajo.cl\/portal\/en-una-sola-semana-se-agotaron-cupos-en-el-nuevo-jardin-el-peneca\/eduardo-herrera-2\/","title":{"rendered":"Eduardo Herrera"},"author":482,"featured_media":0,"comment_status":"open","ping_status":"open","template":"","meta":{"advanced_seo_description":"","jetpack_seo_html_title":"","jetpack_seo_noindex":false},"class_list":["post-56640","attachment","type-attachment","status-inherit","hentry"],"jetpack_sharing_enabled":true,"jetpack_likes_enabled":true,"description":{"rendered":"<p class=\"attachment\"><a href=\"https:\/\/i0.wp.com\/eltrabajo.cl\/portal\/wp-content\/uploads\/2015\/03\/Eduardo-Herrera.jpg?ssl=1\"><img loading=\"lazy\" decoding=\"async\" width=\"300\" height=\"198\" src=\"https:\/\/i0.wp.com\/eltrabajo.cl\/portal\/wp-content\/uploads\/2015\/03\/Eduardo-Herrera.jpg?fit=300%2C198&amp;ssl=1\" class=\"attachment-medium size-medium\" alt=\"Don Eduardo Herrera, apoderado: \u00abEstoy m\u00e1s que satisfecho con la atenci\u00f3n que mi nieto recibe en este jard\u00edn\u00bb.\" srcset=\"https:\/\/i0.wp.com\/eltrabajo.cl\/portal\/wp-content\/uploads\/2015\/03\/Eduardo-Herrera.jpg?w=530&amp;ssl=1 530w, https:\/\/i0.wp.com\/eltrabajo.cl\/portal\/wp-content\/uploads\/2015\/03\/Eduardo-Herrera.jpg?resize=200%2C132&amp;ssl=1 200w, https:\/\/i0.wp.com\/eltrabajo.cl\/portal\/wp-content\/uploads\/2015\/03\/Eduardo-Herrera.jpg?resize=300%2C198&amp;ssl=1 300w, https:\/\/i0.wp.com\/eltrabajo.cl\/portal\/wp-content\/uploads\/2015\/03\/Eduardo-Herrera.jpg?resize=150%2C99&amp;ssl=1 150w, https:\/\/i0.wp.com\/eltrabajo.cl\/portal\/wp-content\/uploads\/2015\/03\/Eduardo-Herrera.jpg?resize=400%2C264&amp;ssl=1 400w\" sizes=\"auto, (max-width: 300px) 100vw, 300px\" \/><\/a><\/p>\n<p>Don Eduardo Herrera, apoderado: \u00abEstoy m\u00e1s que satisfecho con la atenci\u00f3n que mi nieto recibe en este jard\u00edn\u00bb.<\/p>\n"},"caption":{"rendered":"<p>Don Eduardo Herrera, apoderado: \u00abEstoy m\u00e1s que satisfecho con la atenci\u00f3n que mi nieto recibe en este jard\u00edn\u00bb.<\/p>\n"},"alt_text":"Don Eduardo Herrera, apoderado: \u00abEstoy m\u00e1s que satisfecho con la atenci\u00f3n que mi nieto recibe en este jard\u00edn\u00bb.","media_type":"image","mime_type":"image\/jpeg","media_details":{"width":530,"height":350,"file":"2015\/03\/Eduardo-Herrera.jpg","sizes":{"thumbnail":{"file":"Eduardo-Herrera-200x132.jpg","width":200,"height":132,"mime_type":"image\/jpeg","source_url":"https:\/\/i0.wp.com\/eltrabajo.cl\/portal\/wp-content\/uploads\/2015\/03\/Eduardo-Herrera.jpg?fit=200%2C132&ssl=1"},"medium":{"file":"Eduardo-Herrera-300x198.jpg","width":300,"height":198,"mime_type":"image\/jpeg","source_url":"https:\/\/i0.wp.com\/eltrabajo.cl\/portal\/wp-content\/uploads\/2015\/03\/Eduardo-Herrera.jpg?fit=300%2C198&ssl=1"},"post-thumbnail":{"file":"Eduardo-Herrera-150x99.jpg","width":150,"height":99,"mime_type":"image\/jpeg","source_url":"https:\/\/i0.wp.com\/eltrabajo.cl\/portal\/wp-content\/uploads\/2015\/03\/Eduardo-Herrera.jpg?fit=150%2C99&ssl=1"},"single-post-thumbnail":{"file":"Eduardo-Herrera-400x264.jpg","width":400,"height":264,"mime_type":"image\/jpeg","source_url":"https:\/\/eltrabajo.cl\/portal\/wp-content\/uploads\/2015\/03\/Eduardo-Herrera-400x264.jpg"},"wptouch-new-thumbnail":{"file":"Eduardo-Herrera-144x144.jpg","width":144,"height":144,"mime_type":"image\/jpeg","source_url":"https:\/\/eltrabajo.cl\/portal\/wp-content\/uploads\/2015\/03\/Eduardo-Herrera-144x144.jpg"},"full":{"file":"Eduardo-Herrera.jpg?fit=530%2C350&ssl=1","width":530,"height":350,"mime_type":"image\/jpeg","source_url":"https:\/\/i0.wp.com\/eltrabajo.cl\/portal\/wp-content\/uploads\/2015\/03\/Eduardo-Herrera.jpg?fit=530%2C350&ssl=1"}},"image_meta":{"aperture":0,"credit":"","camera":"","caption":"","created_timestamp":0,"copyright":"","focal_length":0,"iso":0,"shutter_speed":0,"title":"","orientation":0}},"post":56637,"source_url":"https:\/\/eltrabajo.cl\/portal\/wp-content\/uploads\/2015\/03\/Eduardo-Herrera.jpg","_links":{"self":[{"href":"https:\/\/eltrabajo.cl\/portal\/wp-json\/wp\/v2\/media\/56640","targetHints":{"allow":["GET"]}}],"collection":[{"href":"https:\/\/eltrabajo.cl\/portal\/wp-json\/wp\/v2\/media"}],"about":[{"href":"https:\/\/eltrabajo.cl\/portal\/wp-json\/wp\/v2\/types\/attachment"}],"author":[{"embeddable":true,"href":"https:\/\/eltrabajo.cl\/portal\/wp-json\/wp\/v2\/users\/482"}],"replies":[{"embeddable":true,"href":"https:\/\/eltrabajo.cl\/portal\/wp-json\/wp\/v2\/comments?post=56640"}],"wp:attached-to":[{"embeddable":true,"post_type":"post","id":56637,"href":"https:\/\/eltrabajo.cl\/portal\/wp-json\/wp\/v2\/posts\/56637"}],"curies":[{"name":"wp","href":"https:\/\/api.w.org\/{rel}","templated":true}]}}

<p class="attachment"><a href="https://i0.wp.com/eltrabajo.cl/portal/wp-content/uploads/2015/03/Eduardo-Herrera.jpg?ssl=1"><img loading="lazy" decoding="async" width="300" height="198" src="https://i0.wp.com/eltrabajo.cl/portal/wp-content/uploads/2015/03/Eduardo-Herrera.jpg?fit=300%2C198&amp;ssl=1" class="attachment-medium size-medium" alt="Don Eduardo Herrera, apoderado: «Estoy más que satisfecho con la atención que mi nieto recibe en este jardín»." srcset="https://i0.wp.com/eltrabajo.cl/portal/wp-content/uploads/2015/03/Eduardo-Herrera.jpg?w=530&amp;ssl=1 530w, https://i0.wp.com/eltrabajo.cl/portal/wp-content/uploads/2015/03/Eduardo-Herrera.jpg?resize=200%2C132&amp;ssl=1 200w, https://i0.wp.com/eltrabajo.cl/portal/wp-content/uploads/2015/03/Eduardo-Herrera.jpg?resize=300%2C198&amp;ssl=1 300w, https://i0.wp.com/eltrabajo.cl/portal/wp-content/uploads/2015/03/Eduardo-Herrera.jpg?resize=150%2C99&amp;ssl=1 150w, https://i0.wp.com/eltrabajo.cl/portal/wp-content/uploads/2015/03/Eduardo-Herrera.jpg?resize=400%2C264&amp;ssl=1 400w" sizes="auto, (max-width: 300px) 100vw, 300px" /></a></p>
<p>Don Eduardo Herrera, apoderado: «Estoy más que satisfecho con la atención que mi nieto recibe en este jardín».</p>

<p>Don Eduardo Herrera, apoderado: «Estoy más que satisfecho con la atención que mi nieto recibe en este jardín».</p>

Don Eduardo Herrera, apoderado: «Estoy más que satisfecho con la atención que mi nieto recibe en este jardín».
