{"id":56698,"date":"2015-03-12T09:33:23","date_gmt":"2015-03-12T12:33:23","guid":{"rendered":"http:\/\/www.eltrabajo.cl\/portal\/wp-content\/uploads\/2015\/03\/ALERTA-UV-INDEX-SCALE.jpg"},"modified":"2015-03-12T09:33:40","modified_gmt":"2015-03-12T12:33:40","slug":"alerta-uv-index-scale","status":"inherit","type":"attachment","link":"https:\/\/eltrabajo.cl\/portal\/la-temperatura-mas-alta-del-ano-se-registro-ayer-en-san-felipe\/alerta-uv-index-scale\/","title":{"rendered":"ALERTA UV INDEX SCALE"},"author":482,"featured_media":0,"comment_status":"open","ping_status":"open","template":"","meta":{"advanced_seo_description":"","jetpack_seo_html_title":"","jetpack_seo_noindex":false},"class_list":["post-56698","attachment","type-attachment","status-inherit","hentry"],"jetpack_sharing_enabled":true,"jetpack_likes_enabled":true,"description":{"rendered":"<p class=\"attachment\"><a href=\"https:\/\/i0.wp.com\/eltrabajo.cl\/portal\/wp-content\/uploads\/2015\/03\/ALERTA-UV-INDEX-SCALE.jpg?ssl=1\"><img loading=\"lazy\" decoding=\"async\" width=\"291\" height=\"300\" src=\"https:\/\/i0.wp.com\/eltrabajo.cl\/portal\/wp-content\/uploads\/2015\/03\/ALERTA-UV-INDEX-SCALE.jpg?fit=291%2C300&amp;ssl=1\" class=\"attachment-medium size-medium\" alt=\"RECOMENDACIONES.- Estas son las indicaciones que recomienda el Solm\u00e1foro de la Plaza de Armas, el \u00fanico de la V Regi\u00f3n.\" srcset=\"https:\/\/i0.wp.com\/eltrabajo.cl\/portal\/wp-content\/uploads\/2015\/03\/ALERTA-UV-INDEX-SCALE.jpg?w=529&amp;ssl=1 529w, https:\/\/i0.wp.com\/eltrabajo.cl\/portal\/wp-content\/uploads\/2015\/03\/ALERTA-UV-INDEX-SCALE.jpg?resize=145%2C150&amp;ssl=1 145w, https:\/\/i0.wp.com\/eltrabajo.cl\/portal\/wp-content\/uploads\/2015\/03\/ALERTA-UV-INDEX-SCALE.jpg?resize=291%2C300&amp;ssl=1 291w, https:\/\/i0.wp.com\/eltrabajo.cl\/portal\/wp-content\/uploads\/2015\/03\/ALERTA-UV-INDEX-SCALE.jpg?resize=400%2C413&amp;ssl=1 400w\" sizes=\"auto, (max-width: 291px) 100vw, 291px\" \/><\/a><\/p>\n<p>RECOMENDACIONES.- Estas son las indicaciones que recomienda el Solm\u00e1foro de la Plaza de Armas, el \u00fanico de la V Regi\u00f3n.<\/p>\n"},"caption":{"rendered":"<p>RECOMENDACIONES.- Estas son las indicaciones que recomienda el Solm\u00e1foro de la Plaza de Armas, el \u00fanico de la V Regi\u00f3n.<\/p>\n"},"alt_text":"RECOMENDACIONES.- Estas son las indicaciones que recomienda el Solm\u00e1foro de la Plaza de Armas, el \u00fanico de la V Regi\u00f3n.","media_type":"image","mime_type":"image\/jpeg","media_details":{"width":529,"height":546,"file":"2015\/03\/ALERTA-UV-INDEX-SCALE.jpg","sizes":{"thumbnail":{"file":"ALERTA-UV-INDEX-SCALE-145x150.jpg","width":145,"height":150,"mime_type":"image\/jpeg","source_url":"https:\/\/i0.wp.com\/eltrabajo.cl\/portal\/wp-content\/uploads\/2015\/03\/ALERTA-UV-INDEX-SCALE.jpg?fit=145%2C150&ssl=1"},"medium":{"file":"ALERTA-UV-INDEX-SCALE-291x300.jpg","width":291,"height":300,"mime_type":"image\/jpeg","source_url":"https:\/\/i0.wp.com\/eltrabajo.cl\/portal\/wp-content\/uploads\/2015\/03\/ALERTA-UV-INDEX-SCALE.jpg?fit=291%2C300&ssl=1"},"post-thumbnail":{"file":"ALERTA-UV-INDEX-SCALE-145x150.jpg","width":145,"height":150,"mime_type":"image\/jpeg","source_url":"https:\/\/i0.wp.com\/eltrabajo.cl\/portal\/wp-content\/uploads\/2015\/03\/ALERTA-UV-INDEX-SCALE.jpg?fit=145%2C150&ssl=1"},"single-post-thumbnail":{"file":"ALERTA-UV-INDEX-SCALE-400x413.jpg","width":400,"height":413,"mime_type":"image\/jpeg","source_url":"https:\/\/eltrabajo.cl\/portal\/wp-content\/uploads\/2015\/03\/ALERTA-UV-INDEX-SCALE-400x413.jpg"},"wptouch-new-thumbnail":{"file":"ALERTA-UV-INDEX-SCALE-144x144.jpg","width":144,"height":144,"mime_type":"image\/jpeg","source_url":"https:\/\/eltrabajo.cl\/portal\/wp-content\/uploads\/2015\/03\/ALERTA-UV-INDEX-SCALE-144x144.jpg"},"full":{"file":"ALERTA-UV-INDEX-SCALE.jpg?fit=529%2C546&ssl=1","width":529,"height":546,"mime_type":"image\/jpeg","source_url":"https:\/\/i0.wp.com\/eltrabajo.cl\/portal\/wp-content\/uploads\/2015\/03\/ALERTA-UV-INDEX-SCALE.jpg?fit=529%2C546&ssl=1"}},"image_meta":{"aperture":0,"credit":"","camera":"","caption":"","created_timestamp":0,"copyright":"","focal_length":0,"iso":0,"shutter_speed":0,"title":"","orientation":0}},"post":56690,"source_url":"https:\/\/eltrabajo.cl\/portal\/wp-content\/uploads\/2015\/03\/ALERTA-UV-INDEX-SCALE.jpg","_links":{"self":[{"href":"https:\/\/eltrabajo.cl\/portal\/wp-json\/wp\/v2\/media\/56698","targetHints":{"allow":["GET"]}}],"collection":[{"href":"https:\/\/eltrabajo.cl\/portal\/wp-json\/wp\/v2\/media"}],"about":[{"href":"https:\/\/eltrabajo.cl\/portal\/wp-json\/wp\/v2\/types\/attachment"}],"author":[{"embeddable":true,"href":"https:\/\/eltrabajo.cl\/portal\/wp-json\/wp\/v2\/users\/482"}],"replies":[{"embeddable":true,"href":"https:\/\/eltrabajo.cl\/portal\/wp-json\/wp\/v2\/comments?post=56698"}],"wp:attached-to":[{"embeddable":true,"post_type":"post","id":56690,"href":"https:\/\/eltrabajo.cl\/portal\/wp-json\/wp\/v2\/posts\/56690"}],"curies":[{"name":"wp","href":"https:\/\/api.w.org\/{rel}","templated":true}]}}

<p class="attachment"><a href="https://i0.wp.com/eltrabajo.cl/portal/wp-content/uploads/2015/03/ALERTA-UV-INDEX-SCALE.jpg?ssl=1"><img loading="lazy" decoding="async" width="291" height="300" src="https://i0.wp.com/eltrabajo.cl/portal/wp-content/uploads/2015/03/ALERTA-UV-INDEX-SCALE.jpg?fit=291%2C300&amp;ssl=1" class="attachment-medium size-medium" alt="RECOMENDACIONES.- Estas son las indicaciones que recomienda el Solmáforo de la Plaza de Armas, el único de la V Región." srcset="https://i0.wp.com/eltrabajo.cl/portal/wp-content/uploads/2015/03/ALERTA-UV-INDEX-SCALE.jpg?w=529&amp;ssl=1 529w, https://i0.wp.com/eltrabajo.cl/portal/wp-content/uploads/2015/03/ALERTA-UV-INDEX-SCALE.jpg?resize=145%2C150&amp;ssl=1 145w, https://i0.wp.com/eltrabajo.cl/portal/wp-content/uploads/2015/03/ALERTA-UV-INDEX-SCALE.jpg?resize=291%2C300&amp;ssl=1 291w, https://i0.wp.com/eltrabajo.cl/portal/wp-content/uploads/2015/03/ALERTA-UV-INDEX-SCALE.jpg?resize=400%2C413&amp;ssl=1 400w" sizes="auto, (max-width: 291px) 100vw, 291px" /></a></p>
<p>RECOMENDACIONES.- Estas son las indicaciones que recomienda el Solmáforo de la Plaza de Armas, el único de la V Región.</p>

<p>RECOMENDACIONES.- Estas son las indicaciones que recomienda el Solmáforo de la Plaza de Armas, el único de la V Región.</p>

RECOMENDACIONES.- Estas son las indicaciones que recomienda el Solmáforo de la Plaza de Armas, el único de la V Región.
