{"id":56699,"date":"2015-03-12T09:33:25","date_gmt":"2015-03-12T12:33:25","guid":{"rendered":"http:\/\/www.eltrabajo.cl\/portal\/wp-content\/uploads\/2015\/03\/ASolmaforo1.jpg"},"modified":"2015-03-12T09:34:10","modified_gmt":"2015-03-12T12:34:10","slug":"asolmaforo1","status":"inherit","type":"attachment","link":"https:\/\/eltrabajo.cl\/portal\/la-temperatura-mas-alta-del-ano-se-registro-ayer-en-san-felipe\/asolmaforo1\/","title":{"rendered":"ASolmaforo1"},"author":482,"featured_media":0,"comment_status":"open","ping_status":"open","template":"","meta":{"advanced_seo_description":"","jetpack_seo_html_title":"","jetpack_seo_noindex":false},"class_list":["post-56699","attachment","type-attachment","status-inherit","hentry"],"jetpack_sharing_enabled":true,"jetpack_likes_enabled":true,"description":{"rendered":"<p class=\"attachment\"><a href=\"https:\/\/i0.wp.com\/eltrabajo.cl\/portal\/wp-content\/uploads\/2015\/03\/ASolmaforo1.jpg?ssl=1\"><img loading=\"lazy\" decoding=\"async\" width=\"229\" height=\"300\" src=\"https:\/\/i0.wp.com\/eltrabajo.cl\/portal\/wp-content\/uploads\/2015\/03\/ASolmaforo1.jpg?fit=229%2C300&amp;ssl=1\" class=\"attachment-medium size-medium\" alt=\"SOLM\u00c1FORO.- Este dispositivo mide de manera aut\u00f3noma la cantidad de Rayos UV del sol. Ofrece algunas recomendaciones para evitar posibles accidentes y da\u00f1os directos en la piel. Ayer, marcaba Alto el impacto de Rayos UV.\" srcset=\"https:\/\/i0.wp.com\/eltrabajo.cl\/portal\/wp-content\/uploads\/2015\/03\/ASolmaforo1.jpg?w=529&amp;ssl=1 529w, https:\/\/i0.wp.com\/eltrabajo.cl\/portal\/wp-content\/uploads\/2015\/03\/ASolmaforo1.jpg?resize=115%2C150&amp;ssl=1 115w, https:\/\/i0.wp.com\/eltrabajo.cl\/portal\/wp-content\/uploads\/2015\/03\/ASolmaforo1.jpg?resize=229%2C300&amp;ssl=1 229w, https:\/\/i0.wp.com\/eltrabajo.cl\/portal\/wp-content\/uploads\/2015\/03\/ASolmaforo1.jpg?resize=400%2C523&amp;ssl=1 400w\" sizes=\"auto, (max-width: 229px) 100vw, 229px\" \/><\/a><\/p>\n<p>SOLM\u00c1FORO.- Este dispositivo mide de manera aut\u00f3noma la cantidad de Rayos UV del sol. Ofrece algunas recomendaciones para evitar posibles accidentes y da\u00f1os directos en la piel. Ayer, marcaba Alto el impacto de Rayos UV.<\/p>\n"},"caption":{"rendered":"<p>SOLM\u00c1FORO.- Este dispositivo mide de manera aut\u00f3noma la cantidad de Rayos UV del sol. Ofrece algunas recomendaciones para evitar posibles accidentes y da\u00f1os directos en la piel. Ayer, marcaba Alto el impacto de Rayos UV.<\/p>\n"},"alt_text":"SOLM\u00c1FORO.- Este dispositivo mide de manera aut\u00f3noma la cantidad de Rayos UV del sol. Ofrece algunas recomendaciones para evitar posibles accidentes y da\u00f1os directos en la piel. Ayer, marcaba Alto el impacto de Rayos UV.","media_type":"image","mime_type":"image\/jpeg","media_details":{"width":529,"height":692,"file":"2015\/03\/ASolmaforo1.jpg","sizes":{"thumbnail":{"file":"ASolmaforo1-115x150.jpg","width":115,"height":150,"mime_type":"image\/jpeg","source_url":"https:\/\/i0.wp.com\/eltrabajo.cl\/portal\/wp-content\/uploads\/2015\/03\/ASolmaforo1.jpg?fit=115%2C150&ssl=1"},"medium":{"file":"ASolmaforo1-229x300.jpg","width":229,"height":300,"mime_type":"image\/jpeg","source_url":"https:\/\/i0.wp.com\/eltrabajo.cl\/portal\/wp-content\/uploads\/2015\/03\/ASolmaforo1.jpg?fit=229%2C300&ssl=1"},"post-thumbnail":{"file":"ASolmaforo1-115x150.jpg","width":115,"height":150,"mime_type":"image\/jpeg","source_url":"https:\/\/i0.wp.com\/eltrabajo.cl\/portal\/wp-content\/uploads\/2015\/03\/ASolmaforo1.jpg?fit=115%2C150&ssl=1"},"single-post-thumbnail":{"file":"ASolmaforo1-400x523.jpg","width":400,"height":523,"mime_type":"image\/jpeg","source_url":"https:\/\/eltrabajo.cl\/portal\/wp-content\/uploads\/2015\/03\/ASolmaforo1-400x523.jpg"},"wptouch-new-thumbnail":{"file":"ASolmaforo1-144x144.jpg","width":144,"height":144,"mime_type":"image\/jpeg","source_url":"https:\/\/eltrabajo.cl\/portal\/wp-content\/uploads\/2015\/03\/ASolmaforo1-144x144.jpg"},"full":{"file":"ASolmaforo1.jpg?fit=529%2C692&ssl=1","width":529,"height":692,"mime_type":"image\/jpeg","source_url":"https:\/\/i0.wp.com\/eltrabajo.cl\/portal\/wp-content\/uploads\/2015\/03\/ASolmaforo1.jpg?fit=529%2C692&ssl=1"}},"image_meta":{"aperture":0,"credit":"","camera":"","caption":"","created_timestamp":0,"copyright":"","focal_length":0,"iso":0,"shutter_speed":0,"title":"","orientation":0}},"post":56690,"source_url":"https:\/\/eltrabajo.cl\/portal\/wp-content\/uploads\/2015\/03\/ASolmaforo1.jpg","_links":{"self":[{"href":"https:\/\/eltrabajo.cl\/portal\/wp-json\/wp\/v2\/media\/56699","targetHints":{"allow":["GET"]}}],"collection":[{"href":"https:\/\/eltrabajo.cl\/portal\/wp-json\/wp\/v2\/media"}],"about":[{"href":"https:\/\/eltrabajo.cl\/portal\/wp-json\/wp\/v2\/types\/attachment"}],"author":[{"embeddable":true,"href":"https:\/\/eltrabajo.cl\/portal\/wp-json\/wp\/v2\/users\/482"}],"replies":[{"embeddable":true,"href":"https:\/\/eltrabajo.cl\/portal\/wp-json\/wp\/v2\/comments?post=56699"}],"wp:attached-to":[{"embeddable":true,"post_type":"post","id":56690,"href":"https:\/\/eltrabajo.cl\/portal\/wp-json\/wp\/v2\/posts\/56690"}],"curies":[{"name":"wp","href":"https:\/\/api.w.org\/{rel}","templated":true}]}}

<p class="attachment"><a href="https://i0.wp.com/eltrabajo.cl/portal/wp-content/uploads/2015/03/ASolmaforo1.jpg?ssl=1"><img loading="lazy" decoding="async" width="229" height="300" src="https://i0.wp.com/eltrabajo.cl/portal/wp-content/uploads/2015/03/ASolmaforo1.jpg?fit=229%2C300&amp;ssl=1" class="attachment-medium size-medium" alt="SOLMÁFORO.- Este dispositivo mide de manera autónoma la cantidad de Rayos UV del sol. Ofrece algunas recomendaciones para evitar posibles accidentes y daños directos en la piel. Ayer, marcaba Alto el impacto de Rayos UV." srcset="https://i0.wp.com/eltrabajo.cl/portal/wp-content/uploads/2015/03/ASolmaforo1.jpg?w=529&amp;ssl=1 529w, https://i0.wp.com/eltrabajo.cl/portal/wp-content/uploads/2015/03/ASolmaforo1.jpg?resize=115%2C150&amp;ssl=1 115w, https://i0.wp.com/eltrabajo.cl/portal/wp-content/uploads/2015/03/ASolmaforo1.jpg?resize=229%2C300&amp;ssl=1 229w, https://i0.wp.com/eltrabajo.cl/portal/wp-content/uploads/2015/03/ASolmaforo1.jpg?resize=400%2C523&amp;ssl=1 400w" sizes="auto, (max-width: 229px) 100vw, 229px" /></a></p>
<p>SOLMÁFORO.- Este dispositivo mide de manera autónoma la cantidad de Rayos UV del sol. Ofrece algunas recomendaciones para evitar posibles accidentes y daños directos en la piel. Ayer, marcaba Alto el impacto de Rayos UV.</p>

<p>SOLMÁFORO.- Este dispositivo mide de manera autónoma la cantidad de Rayos UV del sol. Ofrece algunas recomendaciones para evitar posibles accidentes y daños directos en la piel. Ayer, marcaba Alto el impacto de Rayos UV.</p>

SOLMÁFORO.- Este dispositivo mide de manera autónoma la cantidad de Rayos UV del sol. Ofrece algunas recomendaciones para evitar posibles accidentes y daños directos en la piel. Ayer, marcaba Alto el impacto de Rayos UV.
